{"id":92898,"date":"2026-05-08T09:19:03","date_gmt":"2026-05-08T07:19:03","guid":{"rendered":"https:\/\/www.iskreni.net\/trgovina\/?post_type=product&#038;p=92898"},"modified":"2026-05-08T09:25:51","modified_gmt":"2026-05-08T07:25:51","slug":"vse-se-uglasi-in-izpolni-dopolnjena-izdaja","status":"publish","type":"product","link":"https:\/\/www.iskreni.net\/trgovina\/product\/vse-se-uglasi-in-izpolni-dopolnjena-izdaja\/","title":{"rendered":"Vse se uglasi in izpolni &#8211; dopolnjena izdaja"},"content":{"rendered":"<h4>O knjigi:<\/h4>\n<div>\n<p>Smiselno \u2013 do zadnjega diha<\/p>\n<p>\u010ce ne prej, se v starosti oziramo na \u017eivljenje, ki je za nami, in delamo obra\u010dun. Kje je vonj zrelega klasja? Kje je ostala \u017eetev? \u010clovek je nagnjen k temu, da pri minulih stvareh vidi le, da jih ni ve\u010d; ne vidi pa, v katerem skednju so spravljene. Elisabeth Lukas, najbolj znana u\u010denka Viktorja E. Frankla, nam nazorno in prepri\u010dljivo razkriva razli\u010dne mo\u017enosti, kako lahko v svojem \u2013 tudi \u017ee preteklem \u2013 \u017eivljenju odkrijemo smisel. Vabi nas k ustvarjalnemu odnosu do lastne zgodovine in ob slikovitih primerih in prispodobah poka\u017ee, kako pomembno je, da se znamo spravljeno ozreti nazaj ter se veseliti osebne \u017eivljenjske b\u00e9re.<\/p>\n<p>Avtorica prispeva svoj vidik k re\u0161evanju ene najte\u017ejih nalog \u010dlove\u0161tva danes in jutri: kako poskrbeti za kakovostno staranje in so\u017eitje generacij. Spodbuja nas, da bi tudi v tem \u017eivljenjskem obdobju prepoznavali posebne \u017eivljenjske mo\u017enosti in naloge, ki jih prina\u0161a, ter ga v polnosti in smiselno pre\u017eiveli. Med drugim spregovori o \u00bbustvarjalnem pristopu do \u017eivljenjske zgodovine\u00ab. Sleherni \u010dlovek namre\u010d v \u017eivljenju do\u017eivi kaj hudega: nesre\u010de zaradi vi\u0161je sile, usodne lastne zmote, ki se jih sproti ni zavedal, krivde zaradi svojih napak in krivi\u010dnosti drugih ljudi. Pri ustvarjalnem obra\u010dunu ob svoji \u017eivljenjski zgodbi lahko do\u017eivljajsko zapolni te vrzeli, da ga v starosti ne razjedajo. Tako najde njihov smisel v kontekstu celote svojega \u017eivljenja.<br \/>\nTokratna izdaja knjige Vse se uglasi in izpolni, ki je pri Mohorjevi prvi\u010d iz\u0161la leta 2002 in nato leta 2017, je v tretji izdaji dopolnjena z novim poglavjem Ali sta starost in izguba mo\u017eganskega tkiva \u00bbprepreka na poti k smislu\u00ab?<\/p>\n<\/div>\n<p>&nbsp;<\/p>\n<p><strong>Odlomek iz knjige:<\/strong><\/p>\n<p>\u010clovek je \u00bbnagnjen k temu, da pri minulih stvareh vidi le, da jih ni ve\u010d; ne vidi pa, v katerem skednju so spravljene. In potem re\u010de: Minile so, ker so minljive. Moral pa bi re\u010di: Minile so, kajti \u010dim so enkrat bile, za vedno obstajajo\u00ab.<br \/>\n(Viktor E. Frankl, str. 39)<\/p>\n<p>\u00bb\u017divljenjske \u017eetve \u2013 \u0161e posebej vsega, kar nam je v \u017eivljenju uspelo, se nam posre\u010dilo, kar smo dobrega naredili, pozitivnih mo\u017enosti sveta, ki so se nam ali so se po nas zgodile \u2013 smrt ne more uni\u010diti. Lahko, da je smrt \u203akosec\u2039, \u203agospodar strni\u0161\u010da\u2039, vendar v ka\u0161\u010do, v kateri je spravljena \u017eetev na\u0161ega \u017eivljenja, nima vstopa. Ne more je pokvariti, spremeniti, izbrisati, pridelanega \u017eita tudi smrt ne more ve\u010d vrniti na polje, da bi tam zgnilo.\u00ab<br \/>\n(Stran 40)<\/p>\n<p>\u00bbVsako opravljeno dejanje je svoj spomenik in vsako opu\u0161\u010deno dejanje prav tako.\u00ab<br \/>\n(Stran 38)<\/p>\n<p>\u00bbKar smo naredili, pre\u017eiveli in pretrpeli med \u203adogorevanjem\u2039 na\u0161ega \u017eivljenja, gre v resni\u010dnost, kjer je varno spravljeno pred vsakim popa\u010denjem in uni\u010denjem. Celo takrat, ko se na\u0161e telo postara in oslabi, ostane s pomo\u010djo tega, kar je na nas delovalo in na kar smo delovali mi, ve\u010dno \u203amlado\u2039, kajti resnica, v katero se izteka \u010das, je brez\u010dasna, brez za\u010detka in brez konca.\u00ab \/\u2026\/ \u017divljenjska mo\u010d postaja \u017eivljenjski smisel. Pojemajo\u010da \u017eivljenjska sila postaja vedno bolj izpolnjen smisel \u017eivljenja, \u010de tudi mi k temu prispevamo svoje.<br \/>\n(Stran 78)<\/p>\n<p>\u00bb\u010cetudi bi ves svet gledal pro\u010d od na\u0161ih dobrih dejanj, jih to ne bi moglo izni\u010diti.\u00ab<br \/>\n(Stran 82)<\/p>\n<div>\n<p><strong>O avtorici:<\/strong><\/p>\n<p>Prof. dr. Elisabeth Lukas (1942) je u\u010denka prof. dr. Viktorja E. Frankla. Kot klini\u010dna psihologinja in psihoterapevtka se je specializirala za prakti\u010dno uporabo logoterapije, ki jo je tudi metodolo\u0161ko nadgradila. Po 13 letih dela na podro\u010dju vzgojnega, dru\u017einskega in \u017eivljenjskega svetovanja je leta 1986 za 17 let prevzela strokovno vodenje Ju\u017enonem\u0161kega in\u0161tituta za logoterapijo, ki sta ga v M\u00fcnchnu ustanovila skupaj z mo\u017eem. Po vrnitvi v domovino je pet let delovala kot visoko\u0161olska predavateljica, nato pa pou\u010devala terapevte v okviru avstrijskega in\u0161tituta za logoterapevtsko izobra\u017eevanje ABILE. S predavanji na ve\u010d kot 50 univerzah po vsem svetu in s prevodi svojih \u0161tevilnih del v 22 jezikov je postala prepoznavna v mednarodnem prostoru. Za svoje delo je prejela \u010dastno odlikovanje univerze Santa Clara v\u00a0 Kaliforniji in veliko nagrado sklada Viktorja Frankla mesta Dunaj.<\/p>\n<\/div>\n","protected":false},"excerpt":{"rendered":"<p><strong>Leto izdaje<\/strong>: 2026<br \/>\n<strong>\u0160tevilo strani: <\/strong>124<br \/>\n<strong>Format:<\/strong> 140 x 210 mm<\/p>\n<p>&nbsp;<\/p>\n","protected":false},"featured_media":92900,"comment_status":"open","ping_status":"closed","template":"","meta":[],"product_brand":[],"product_cat":[2327,63],"product_tag":[],"avtor":[3253],"zalozba":[2337],"vezava":[2307],"class_list":{"0":"post-92898","1":"product","2":"type-product","3":"status-publish","4":"has-post-thumbnail","6":"product_cat-prirocniki-in-vodniki","7":"product_cat-knjige","8":"avtor-dr-elisabeth-lukas","9":"zalozba-celjska-mohorjeva-druzba","10":"vezava-mehka","12":"first","13":"onbackorder","14":"taxable","15":"shipping-taxable","16":"purchasable","17":"product-type-simple"},"yoast_head":"<!-- This site is optimized with the Yoast SEO plugin v26.3 - https:\/\/yoast.com\/wordpress\/plugins\/seo\/ -->\n<title>Vse se uglasi in izpolni - dopolnjena izdaja<\/title>\n<meta name=\"description\" content=\"Logoterapija v poznej\u0161em \u017eivljenjskem obdobju.\" \/>\n<meta name=\"robots\" content=\"index, follow, max-snippet:-1, max-image-preview:large, max-video-preview:-1\" \/>\n<link rel=\"canonical\" href=\"https:\/\/www.iskreni.net\/trgovina\/product\/vse-se-uglasi-in-izpolni-dopolnjena-izdaja\/\" \/>\n<meta property=\"og:locale\" content=\"sl_SI\" \/>\n<meta property=\"og:type\" content=\"article\" \/>\n<meta property=\"og:title\" content=\"Vse se uglasi in izpolni - dopolnjena izdaja\" \/>\n<meta property=\"og:description\" content=\"Logoterapija v poznej\u0161em \u017eivljenjskem obdobju.\" \/>\n<meta property=\"og:url\" content=\"https:\/\/www.iskreni.net\/trgovina\/product\/vse-se-uglasi-in-izpolni-dopolnjena-izdaja\/\" \/>\n<meta property=\"og:site_name\" content=\"Zavod Iskreni\" \/>\n<meta property=\"article:modified_time\" content=\"2026-05-08T07:25:51+00:00\" \/>\n<meta property=\"og:image\" content=\"https:\/\/www.iskreni.net\/trgovina\/wp-content\/uploads\/2026\/05\/Slike-za-v-spletno-trgovino-2026-05-08T091857.237.jpg\" \/>\n\t<meta property=\"og:image:width\" content=\"600\" \/>\n\t<meta property=\"og:image:height\" content=\"600\" \/>\n\t<meta property=\"og:image:type\" content=\"image\/jpeg\" \/>\n<meta name=\"twitter:card\" content=\"summary_large_image\" \/>\n<meta name=\"twitter:label1\" content=\"Est. reading time\" \/>\n\t<meta name=\"twitter:data1\" content=\"4 minute\" \/>\n<script type=\"application\/ld+json\" class=\"yoast-schema-graph\">{\"@context\":\"https:\/\/schema.org\",\"@graph\":[{\"@type\":\"WebPage\",\"@id\":\"https:\/\/www.iskreni.net\/trgovina\/product\/vse-se-uglasi-in-izpolni-dopolnjena-izdaja\/\",\"url\":\"https:\/\/www.iskreni.net\/trgovina\/product\/vse-se-uglasi-in-izpolni-dopolnjena-izdaja\/\",\"name\":\"Vse se uglasi in izpolni - dopolnjena izdaja\",\"isPartOf\":{\"@id\":\"https:\/\/www.iskreni.net\/trgovina\/#website\"},\"primaryImageOfPage\":{\"@id\":\"https:\/\/www.iskreni.net\/trgovina\/product\/vse-se-uglasi-in-izpolni-dopolnjena-izdaja\/#primaryimage\"},\"image\":{\"@id\":\"https:\/\/www.iskreni.net\/trgovina\/product\/vse-se-uglasi-in-izpolni-dopolnjena-izdaja\/#primaryimage\"},\"thumbnailUrl\":\"https:\/\/www.iskreni.net\/trgovina\/wp-content\/uploads\/2026\/05\/Slike-za-v-spletno-trgovino-2026-05-08T091857.237.jpg\",\"datePublished\":\"2026-05-08T07:19:03+00:00\",\"dateModified\":\"2026-05-08T07:25:51+00:00\",\"description\":\"Logoterapija v poznej\u0161em \u017eivljenjskem obdobju.\",\"breadcrumb\":{\"@id\":\"https:\/\/www.iskreni.net\/trgovina\/product\/vse-se-uglasi-in-izpolni-dopolnjena-izdaja\/#breadcrumb\"},\"inLanguage\":\"sl-SI\",\"potentialAction\":[{\"@type\":\"ReadAction\",\"target\":[\"https:\/\/www.iskreni.net\/trgovina\/product\/vse-se-uglasi-in-izpolni-dopolnjena-izdaja\/\"]}]},{\"@type\":\"ImageObject\",\"inLanguage\":\"sl-SI\",\"@id\":\"https:\/\/www.iskreni.net\/trgovina\/product\/vse-se-uglasi-in-izpolni-dopolnjena-izdaja\/#primaryimage\",\"url\":\"https:\/\/www.iskreni.net\/trgovina\/wp-content\/uploads\/2026\/05\/Slike-za-v-spletno-trgovino-2026-05-08T091857.237.jpg\",\"contentUrl\":\"https:\/\/www.iskreni.net\/trgovina\/wp-content\/uploads\/2026\/05\/Slike-za-v-spletno-trgovino-2026-05-08T091857.237.jpg\",\"width\":600,\"height\":600},{\"@type\":\"BreadcrumbList\",\"@id\":\"https:\/\/www.iskreni.net\/trgovina\/product\/vse-se-uglasi-in-izpolni-dopolnjena-izdaja\/#breadcrumb\",\"itemListElement\":[{\"@type\":\"ListItem\",\"position\":1,\"name\":\"Home\",\"item\":\"https:\/\/www.iskreni.net\/trgovina\/\"},{\"@type\":\"ListItem\",\"position\":2,\"name\":\"Trgovina\",\"item\":\"https:\/\/www.iskreni.net\/trgovina\/trgovina\/\"},{\"@type\":\"ListItem\",\"position\":3,\"name\":\"Vse se uglasi in izpolni &#8211; dopolnjena izdaja\"}]},{\"@type\":\"WebSite\",\"@id\":\"https:\/\/www.iskreni.net\/trgovina\/#website\",\"url\":\"https:\/\/www.iskreni.net\/trgovina\/\",\"name\":\"Zavod Iskreni\",\"description\":\"trgovina\",\"potentialAction\":[{\"@type\":\"SearchAction\",\"target\":{\"@type\":\"EntryPoint\",\"urlTemplate\":\"https:\/\/www.iskreni.net\/trgovina\/?s={search_term_string}\"},\"query-input\":{\"@type\":\"PropertyValueSpecification\",\"valueRequired\":true,\"valueName\":\"search_term_string\"}}],\"inLanguage\":\"sl-SI\"}]}<\/script>\n<!-- \/ Yoast SEO plugin. -->","yoast_head_json":{"title":"Vse se uglasi in izpolni - dopolnjena izdaja","description":"Logoterapija v poznej\u0161em \u017eivljenjskem obdobju.","robots":{"index":"index","follow":"follow","max-snippet":"max-snippet:-1","max-image-preview":"max-image-preview:large","max-video-preview":"max-video-preview:-1"},"canonical":"https:\/\/www.iskreni.net\/trgovina\/product\/vse-se-uglasi-in-izpolni-dopolnjena-izdaja\/","og_locale":"sl_SI","og_type":"article","og_title":"Vse se uglasi in izpolni - dopolnjena izdaja","og_description":"Logoterapija v poznej\u0161em \u017eivljenjskem obdobju.","og_url":"https:\/\/www.iskreni.net\/trgovina\/product\/vse-se-uglasi-in-izpolni-dopolnjena-izdaja\/","og_site_name":"Zavod Iskreni","article_modified_time":"2026-05-08T07:25:51+00:00","og_image":[{"width":600,"height":600,"url":"https:\/\/www.iskreni.net\/trgovina\/wp-content\/uploads\/2026\/05\/Slike-za-v-spletno-trgovino-2026-05-08T091857.237.jpg","type":"image\/jpeg"}],"twitter_card":"summary_large_image","twitter_misc":{"Est. reading time":"4 minute"},"schema":{"@context":"https:\/\/schema.org","@graph":[{"@type":"WebPage","@id":"https:\/\/www.iskreni.net\/trgovina\/product\/vse-se-uglasi-in-izpolni-dopolnjena-izdaja\/","url":"https:\/\/www.iskreni.net\/trgovina\/product\/vse-se-uglasi-in-izpolni-dopolnjena-izdaja\/","name":"Vse se uglasi in izpolni - dopolnjena izdaja","isPartOf":{"@id":"https:\/\/www.iskreni.net\/trgovina\/#website"},"primaryImageOfPage":{"@id":"https:\/\/www.iskreni.net\/trgovina\/product\/vse-se-uglasi-in-izpolni-dopolnjena-izdaja\/#primaryimage"},"image":{"@id":"https:\/\/www.iskreni.net\/trgovina\/product\/vse-se-uglasi-in-izpolni-dopolnjena-izdaja\/#primaryimage"},"thumbnailUrl":"https:\/\/www.iskreni.net\/trgovina\/wp-content\/uploads\/2026\/05\/Slike-za-v-spletno-trgovino-2026-05-08T091857.237.jpg","datePublished":"2026-05-08T07:19:03+00:00","dateModified":"2026-05-08T07:25:51+00:00","description":"Logoterapija v poznej\u0161em \u017eivljenjskem obdobju.","breadcrumb":{"@id":"https:\/\/www.iskreni.net\/trgovina\/product\/vse-se-uglasi-in-izpolni-dopolnjena-izdaja\/#breadcrumb"},"inLanguage":"sl-SI","potentialAction":[{"@type":"ReadAction","target":["https:\/\/www.iskreni.net\/trgovina\/product\/vse-se-uglasi-in-izpolni-dopolnjena-izdaja\/"]}]},{"@type":"ImageObject","inLanguage":"sl-SI","@id":"https:\/\/www.iskreni.net\/trgovina\/product\/vse-se-uglasi-in-izpolni-dopolnjena-izdaja\/#primaryimage","url":"https:\/\/www.iskreni.net\/trgovina\/wp-content\/uploads\/2026\/05\/Slike-za-v-spletno-trgovino-2026-05-08T091857.237.jpg","contentUrl":"https:\/\/www.iskreni.net\/trgovina\/wp-content\/uploads\/2026\/05\/Slike-za-v-spletno-trgovino-2026-05-08T091857.237.jpg","width":600,"height":600},{"@type":"BreadcrumbList","@id":"https:\/\/www.iskreni.net\/trgovina\/product\/vse-se-uglasi-in-izpolni-dopolnjena-izdaja\/#breadcrumb","itemListElement":[{"@type":"ListItem","position":1,"name":"Home","item":"https:\/\/www.iskreni.net\/trgovina\/"},{"@type":"ListItem","position":2,"name":"Trgovina","item":"https:\/\/www.iskreni.net\/trgovina\/trgovina\/"},{"@type":"ListItem","position":3,"name":"Vse se uglasi in izpolni &#8211; dopolnjena izdaja"}]},{"@type":"WebSite","@id":"https:\/\/www.iskreni.net\/trgovina\/#website","url":"https:\/\/www.iskreni.net\/trgovina\/","name":"Zavod Iskreni","description":"trgovina","potentialAction":[{"@type":"SearchAction","target":{"@type":"EntryPoint","urlTemplate":"https:\/\/www.iskreni.net\/trgovina\/?s={search_term_string}"},"query-input":{"@type":"PropertyValueSpecification","valueRequired":true,"valueName":"search_term_string"}}],"inLanguage":"sl-SI"}]}},"_links":{"self":[{"href":"https:\/\/www.iskreni.net\/trgovina\/wp-json\/wp\/v2\/product\/92898","targetHints":{"allow":["GET"]}}],"collection":[{"href":"https:\/\/www.iskreni.net\/trgovina\/wp-json\/wp\/v2\/product"}],"about":[{"href":"https:\/\/www.iskreni.net\/trgovina\/wp-json\/wp\/v2\/types\/product"}],"replies":[{"embeddable":true,"href":"https:\/\/www.iskreni.net\/trgovina\/wp-json\/wp\/v2\/comments?post=92898"}],"version-history":[{"count":2,"href":"https:\/\/www.iskreni.net\/trgovina\/wp-json\/wp\/v2\/product\/92898\/revisions"}],"predecessor-version":[{"id":92901,"href":"https:\/\/www.iskreni.net\/trgovina\/wp-json\/wp\/v2\/product\/92898\/revisions\/92901"}],"wp:featuredmedia":[{"embeddable":true,"href":"https:\/\/www.iskreni.net\/trgovina\/wp-json\/wp\/v2\/media\/92900"}],"wp:attachment":[{"href":"https:\/\/www.iskreni.net\/trgovina\/wp-json\/wp\/v2\/media?parent=92898"}],"wp:term":[{"taxonomy":"product_brand","embeddable":true,"href":"https:\/\/www.iskreni.net\/trgovina\/wp-json\/wp\/v2\/product_brand?post=92898"},{"taxonomy":"product_cat","embeddable":true,"href":"https:\/\/www.iskreni.net\/trgovina\/wp-json\/wp\/v2\/product_cat?post=92898"},{"taxonomy":"product_tag","embeddable":true,"href":"https:\/\/www.iskreni.net\/trgovina\/wp-json\/wp\/v2\/product_tag?post=92898"},{"taxonomy":"avtor","embeddable":true,"href":"https:\/\/www.iskreni.net\/trgovina\/wp-json\/wp\/v2\/avtor?post=92898"},{"taxonomy":"zalozba","embeddable":true,"href":"https:\/\/www.iskreni.net\/trgovina\/wp-json\/wp\/v2\/zalozba?post=92898"},{"taxonomy":"vezava","embeddable":true,"href":"https:\/\/www.iskreni.net\/trgovina\/wp-json\/wp\/v2\/vezava?post=92898"}],"curies":[{"name":"wp","href":"https:\/\/api.w.org\/{rel}","templated":true}]}}