{"id":92028,"date":"2026-02-27T14:45:14","date_gmt":"2026-02-27T13:45:14","guid":{"rendered":"https:\/\/www.iskreni.net\/trgovina\/?post_type=product&#038;p=92028"},"modified":"2026-04-14T11:58:42","modified_gmt":"2026-04-14T09:58:42","slug":"dogodivscine-malih-romarjev","status":"publish","type":"product","link":"https:\/\/www.iskreni.net\/trgovina\/product\/dogodivscine-malih-romarjev\/","title":{"rendered":"Dogodiv\u0161\u010dine malih romarjev"},"content":{"rendered":"<h4>O knjigi:<\/h4>\n<p>Brez\u010dasna zgodba, povedana na otrokom dostopen na\u010din in obogatena s \u010dudovitimi ilustracijami.<\/p>\n<p>Vse od prvega izida Bo\u017ejepotnikovega napredovanja (The Pilgrim&#8217;s Progress) angle\u0161kega pisatelja in pridigarja Johna Bunyana leta 1678 je ta poglobljena alegori\u010dna zgodba o kr\u0161\u010danskem \u017eivljenju priljubljeno branje med kristjani po vsem svetu. V 20. stoletju pa jo je pisateljica Helen Taylor priredila za mlade bralce, da bi njen zaklad modrosti pribli\u017eala otro\u0161kim srcem in razumevanju.<\/p>\n<p>Joe Sutphin je priznan ilustrator, \u010digar umetnost v veliki meri zaznamuje ljubezen do narave oz. do vseh \u017eivih bitij po poljih in gozdovih, ki obkro\u017eajo njegov dom. Njegove so med drugim tudi ilustracije v knji\u017eni seriji za mlade Saga o rodbini Wingfeather, ki v slovenskem jeziku izhaja pri zalo\u017ebi Dru\u017eina.<\/p>\n<p>Povabite torej otroke, naj tudi sami krenejo na Kraljevo cesto v dru\u017ebi malega Kristjan\u010dka in Kristjan\u010dice. V tej zgodbi \u010dlovekovega iskanja Nebe\u0161kega mesta namre\u010d nastopamo prav vsi \u2026<\/p>\n<p>&nbsp;<\/p>\n<p><strong>Odlomek iz knjige:<\/strong><\/p>\n<p>&#8220;Ko sta se mala romarja pribli\u017eala mestnim vratom, jima je po pobo\u010dju navzdol pri\u0161la naproti mno\u017eica Kraljevih slu\u017eabnikov. Ble\u0161\u010de\u010da sta ju slovesno predstavila: \u00bbTo sta Kraljeva romarja, Kristjan\u010dek in Zaupljiv\u010dek, ki sva ju pripeljala domov v Nebe\u0161ko.\u00ab Kristjan\u010dek je v mno\u017eici zagledal obraz, ki se mu je zdel svetlej\u0161i od vseh drugih. Vzkliknil je: \u00bbAli je to moja ljuba mama?\u00ab Tudi zajklja je komaj verjela svojim o\u010dem: \u00bbJe to moj ljubi Kristjan\u010dek?\u00ab V trenutku sta se prepoznala in si stekla v objem. \u00bbTukaj sem, ljuba mama! Kralj me je varno pripeljal k tebi! In nekega dne bo pripeljal tudi mojega o\u010deta.\u00ab Mama ga je \u010dvrsto stisnila k sebi in rekla: \u00bbNikoli ve\u010d se ne bova lo\u010dila! Kralj je neskon\u010dno dober! Pojdi z menoj v njegovo mesto, da se mu skupaj zahvaliva!\u00ab Kristjan\u010dek je kar \u017earel od sre\u010de, ko je dr\u017eal mamo za roko in vedel, da je nikoli ve\u010d ne bo izgubil! Tudi Zaupljiv\u010dek je bil sre\u010den. \u010ceprav ga tam ni pri\u010dakal noben prijatelj, ker so vsi ostali v Uni\u010denem, so Ble\u0161\u010de\u010di poskrbeli, da se ni po\u010dutil osamljenega. Kristjan\u010dek je svoj oklep in oro\u017eje pustil na drugi strani reke, ker je vedel, da se mu nikoli ve\u010d ne bo treba bojevati. Malo pa je bil zaskrbljen zaradi svojih obla\u010dil, ki so se med dolgim potovanjem umazala, \u010deprav je nanje zelo pazil. Tak\u0161en ni \u017eelel stopiti pred Kralja. Ko pa jih je ponovno pogledal, je presene\u010den ugotovil, da je re\u010dna voda z njih izprala vso umazanijo in made\u017ee. Enako se je zgodilo z Zaupljiv\u010dkovimi obla\u010dili, ki so se med bivanjem v Ne\u010dimrnem umazala, zdaj pa so bila videti nova, \u010dista in zlikana, kakor tistega dne, ko jih je prejel. Pred vrati Nebe\u0161kega je stal orkester s srebrnimi trobentami v rokah. Ko sta se Kristjan\u010dek in Zaupljiv\u010dek pribli\u017eala vratom, je z glasnim trobljenjem vsem Nebe\u0161\u010danom naznanil prihod novih romarjev v mesto.&#8221;<\/p>\n<p>&nbsp;<\/p>\n","protected":false},"excerpt":{"rendered":"<p><strong>Leto izdaje:<\/strong> 2026<br \/>\n<strong>\u0160tevilo strani:\u00a0<\/strong>312<br \/>\n<strong>Format:<\/strong> 220 mm x 270 mm<\/p>\n<p><a href=\"https:\/\/www.iskreni.net\/trgovina\/wp-content\/uploads\/2026\/02\/dogodivscine-malih-romarjev-internet.pdf\">Predogled knjige<\/a><\/p>\n","protected":false},"featured_media":92030,"comment_status":"open","ping_status":"closed","template":"","meta":[],"product_brand":[],"product_cat":[2350,63,135],"product_tag":[],"avtor":[3237],"zalozba":[2311],"vezava":[2306],"class_list":{"0":"post-92028","1":"product","2":"type-product","3":"status-publish","4":"has-post-thumbnail","6":"product_cat-za-mlade","7":"product_cat-knjige","8":"product_cat-za-otroke","9":"avtor-helen-l-taylor","10":"zalozba-druzina","11":"vezava-trda","13":"first","14":"onbackorder","15":"taxable","16":"shipping-taxable","17":"purchasable","18":"product-type-simple"},"yoast_head":"<!-- This site is optimized with the Yoast SEO plugin v26.3 - https:\/\/yoast.com\/wordpress\/plugins\/seo\/ -->\n<title>Dogodiv\u0161\u010dine malih romarjev<\/title>\n<meta name=\"description\" content=\"Pridru\u017ei se malima Kristjan\u010dku in Kristjan\u010dici na pustolov\u0161\u010dini odkrivanja poti do mesta velikega Kralja.\" \/>\n<meta name=\"robots\" content=\"index, follow, max-snippet:-1, max-image-preview:large, max-video-preview:-1\" \/>\n<link rel=\"canonical\" href=\"https:\/\/www.iskreni.net\/trgovina\/product\/dogodivscine-malih-romarjev\/\" \/>\n<meta property=\"og:locale\" content=\"sl_SI\" \/>\n<meta property=\"og:type\" content=\"article\" \/>\n<meta property=\"og:title\" content=\"Dogodiv\u0161\u010dine malih romarjev\" \/>\n<meta property=\"og:description\" content=\"Pridru\u017ei se malima Kristjan\u010dku in Kristjan\u010dici na pustolov\u0161\u010dini odkrivanja poti do mesta velikega Kralja.\" \/>\n<meta property=\"og:url\" content=\"https:\/\/www.iskreni.net\/trgovina\/product\/dogodivscine-malih-romarjev\/\" \/>\n<meta property=\"og:site_name\" content=\"Zavod Iskreni\" \/>\n<meta property=\"article:modified_time\" content=\"2026-04-14T09:58:42+00:00\" \/>\n<meta property=\"og:image\" content=\"https:\/\/www.iskreni.net\/trgovina\/wp-content\/uploads\/2026\/02\/Slike-za-v-spletno-trgovino-2026-02-27T144505.511.jpg\" \/>\n\t<meta property=\"og:image:width\" content=\"600\" \/>\n\t<meta property=\"og:image:height\" content=\"600\" \/>\n\t<meta property=\"og:image:type\" content=\"image\/jpeg\" \/>\n<meta name=\"twitter:card\" content=\"summary_large_image\" \/>\n<meta name=\"twitter:label1\" content=\"Est. reading time\" \/>\n\t<meta name=\"twitter:data1\" content=\"3 minute\" \/>\n<script type=\"application\/ld+json\" class=\"yoast-schema-graph\">{\"@context\":\"https:\/\/schema.org\",\"@graph\":[{\"@type\":\"WebPage\",\"@id\":\"https:\/\/www.iskreni.net\/trgovina\/product\/dogodivscine-malih-romarjev\/\",\"url\":\"https:\/\/www.iskreni.net\/trgovina\/product\/dogodivscine-malih-romarjev\/\",\"name\":\"Dogodiv\u0161\u010dine malih romarjev\",\"isPartOf\":{\"@id\":\"https:\/\/www.iskreni.net\/trgovina\/#website\"},\"primaryImageOfPage\":{\"@id\":\"https:\/\/www.iskreni.net\/trgovina\/product\/dogodivscine-malih-romarjev\/#primaryimage\"},\"image\":{\"@id\":\"https:\/\/www.iskreni.net\/trgovina\/product\/dogodivscine-malih-romarjev\/#primaryimage\"},\"thumbnailUrl\":\"https:\/\/www.iskreni.net\/trgovina\/wp-content\/uploads\/2026\/02\/Slike-za-v-spletno-trgovino-2026-02-27T144505.511.jpg\",\"datePublished\":\"2026-02-27T13:45:14+00:00\",\"dateModified\":\"2026-04-14T09:58:42+00:00\",\"description\":\"Pridru\u017ei se malima Kristjan\u010dku in Kristjan\u010dici na pustolov\u0161\u010dini odkrivanja poti do mesta velikega Kralja.\",\"breadcrumb\":{\"@id\":\"https:\/\/www.iskreni.net\/trgovina\/product\/dogodivscine-malih-romarjev\/#breadcrumb\"},\"inLanguage\":\"sl-SI\",\"potentialAction\":[{\"@type\":\"ReadAction\",\"target\":[\"https:\/\/www.iskreni.net\/trgovina\/product\/dogodivscine-malih-romarjev\/\"]}]},{\"@type\":\"ImageObject\",\"inLanguage\":\"sl-SI\",\"@id\":\"https:\/\/www.iskreni.net\/trgovina\/product\/dogodivscine-malih-romarjev\/#primaryimage\",\"url\":\"https:\/\/www.iskreni.net\/trgovina\/wp-content\/uploads\/2026\/02\/Slike-za-v-spletno-trgovino-2026-02-27T144505.511.jpg\",\"contentUrl\":\"https:\/\/www.iskreni.net\/trgovina\/wp-content\/uploads\/2026\/02\/Slike-za-v-spletno-trgovino-2026-02-27T144505.511.jpg\",\"width\":600,\"height\":600},{\"@type\":\"BreadcrumbList\",\"@id\":\"https:\/\/www.iskreni.net\/trgovina\/product\/dogodivscine-malih-romarjev\/#breadcrumb\",\"itemListElement\":[{\"@type\":\"ListItem\",\"position\":1,\"name\":\"Home\",\"item\":\"https:\/\/www.iskreni.net\/trgovina\/\"},{\"@type\":\"ListItem\",\"position\":2,\"name\":\"Trgovina\",\"item\":\"https:\/\/www.iskreni.net\/trgovina\/trgovina\/\"},{\"@type\":\"ListItem\",\"position\":3,\"name\":\"Dogodiv\u0161\u010dine malih romarjev\"}]},{\"@type\":\"WebSite\",\"@id\":\"https:\/\/www.iskreni.net\/trgovina\/#website\",\"url\":\"https:\/\/www.iskreni.net\/trgovina\/\",\"name\":\"Zavod Iskreni\",\"description\":\"trgovina\",\"potentialAction\":[{\"@type\":\"SearchAction\",\"target\":{\"@type\":\"EntryPoint\",\"urlTemplate\":\"https:\/\/www.iskreni.net\/trgovina\/?s={search_term_string}\"},\"query-input\":{\"@type\":\"PropertyValueSpecification\",\"valueRequired\":true,\"valueName\":\"search_term_string\"}}],\"inLanguage\":\"sl-SI\"}]}<\/script>\n<!-- \/ Yoast SEO plugin. -->","yoast_head_json":{"title":"Dogodiv\u0161\u010dine malih romarjev","description":"Pridru\u017ei se malima Kristjan\u010dku in Kristjan\u010dici na pustolov\u0161\u010dini odkrivanja poti do mesta velikega Kralja.","robots":{"index":"index","follow":"follow","max-snippet":"max-snippet:-1","max-image-preview":"max-image-preview:large","max-video-preview":"max-video-preview:-1"},"canonical":"https:\/\/www.iskreni.net\/trgovina\/product\/dogodivscine-malih-romarjev\/","og_locale":"sl_SI","og_type":"article","og_title":"Dogodiv\u0161\u010dine malih romarjev","og_description":"Pridru\u017ei se malima Kristjan\u010dku in Kristjan\u010dici na pustolov\u0161\u010dini odkrivanja poti do mesta velikega Kralja.","og_url":"https:\/\/www.iskreni.net\/trgovina\/product\/dogodivscine-malih-romarjev\/","og_site_name":"Zavod Iskreni","article_modified_time":"2026-04-14T09:58:42+00:00","og_image":[{"width":600,"height":600,"url":"https:\/\/www.iskreni.net\/trgovina\/wp-content\/uploads\/2026\/02\/Slike-za-v-spletno-trgovino-2026-02-27T144505.511.jpg","type":"image\/jpeg"}],"twitter_card":"summary_large_image","twitter_misc":{"Est. reading time":"3 minute"},"schema":{"@context":"https:\/\/schema.org","@graph":[{"@type":"WebPage","@id":"https:\/\/www.iskreni.net\/trgovina\/product\/dogodivscine-malih-romarjev\/","url":"https:\/\/www.iskreni.net\/trgovina\/product\/dogodivscine-malih-romarjev\/","name":"Dogodiv\u0161\u010dine malih romarjev","isPartOf":{"@id":"https:\/\/www.iskreni.net\/trgovina\/#website"},"primaryImageOfPage":{"@id":"https:\/\/www.iskreni.net\/trgovina\/product\/dogodivscine-malih-romarjev\/#primaryimage"},"image":{"@id":"https:\/\/www.iskreni.net\/trgovina\/product\/dogodivscine-malih-romarjev\/#primaryimage"},"thumbnailUrl":"https:\/\/www.iskreni.net\/trgovina\/wp-content\/uploads\/2026\/02\/Slike-za-v-spletno-trgovino-2026-02-27T144505.511.jpg","datePublished":"2026-02-27T13:45:14+00:00","dateModified":"2026-04-14T09:58:42+00:00","description":"Pridru\u017ei se malima Kristjan\u010dku in Kristjan\u010dici na pustolov\u0161\u010dini odkrivanja poti do mesta velikega Kralja.","breadcrumb":{"@id":"https:\/\/www.iskreni.net\/trgovina\/product\/dogodivscine-malih-romarjev\/#breadcrumb"},"inLanguage":"sl-SI","potentialAction":[{"@type":"ReadAction","target":["https:\/\/www.iskreni.net\/trgovina\/product\/dogodivscine-malih-romarjev\/"]}]},{"@type":"ImageObject","inLanguage":"sl-SI","@id":"https:\/\/www.iskreni.net\/trgovina\/product\/dogodivscine-malih-romarjev\/#primaryimage","url":"https:\/\/www.iskreni.net\/trgovina\/wp-content\/uploads\/2026\/02\/Slike-za-v-spletno-trgovino-2026-02-27T144505.511.jpg","contentUrl":"https:\/\/www.iskreni.net\/trgovina\/wp-content\/uploads\/2026\/02\/Slike-za-v-spletno-trgovino-2026-02-27T144505.511.jpg","width":600,"height":600},{"@type":"BreadcrumbList","@id":"https:\/\/www.iskreni.net\/trgovina\/product\/dogodivscine-malih-romarjev\/#breadcrumb","itemListElement":[{"@type":"ListItem","position":1,"name":"Home","item":"https:\/\/www.iskreni.net\/trgovina\/"},{"@type":"ListItem","position":2,"name":"Trgovina","item":"https:\/\/www.iskreni.net\/trgovina\/trgovina\/"},{"@type":"ListItem","position":3,"name":"Dogodiv\u0161\u010dine malih romarjev"}]},{"@type":"WebSite","@id":"https:\/\/www.iskreni.net\/trgovina\/#website","url":"https:\/\/www.iskreni.net\/trgovina\/","name":"Zavod Iskreni","description":"trgovina","potentialAction":[{"@type":"SearchAction","target":{"@type":"EntryPoint","urlTemplate":"https:\/\/www.iskreni.net\/trgovina\/?s={search_term_string}"},"query-input":{"@type":"PropertyValueSpecification","valueRequired":true,"valueName":"search_term_string"}}],"inLanguage":"sl-SI"}]}},"_links":{"self":[{"href":"https:\/\/www.iskreni.net\/trgovina\/wp-json\/wp\/v2\/product\/92028","targetHints":{"allow":["GET"]}}],"collection":[{"href":"https:\/\/www.iskreni.net\/trgovina\/wp-json\/wp\/v2\/product"}],"about":[{"href":"https:\/\/www.iskreni.net\/trgovina\/wp-json\/wp\/v2\/types\/product"}],"replies":[{"embeddable":true,"href":"https:\/\/www.iskreni.net\/trgovina\/wp-json\/wp\/v2\/comments?post=92028"}],"version-history":[{"count":3,"href":"https:\/\/www.iskreni.net\/trgovina\/wp-json\/wp\/v2\/product\/92028\/revisions"}],"predecessor-version":[{"id":92033,"href":"https:\/\/www.iskreni.net\/trgovina\/wp-json\/wp\/v2\/product\/92028\/revisions\/92033"}],"wp:featuredmedia":[{"embeddable":true,"href":"https:\/\/www.iskreni.net\/trgovina\/wp-json\/wp\/v2\/media\/92030"}],"wp:attachment":[{"href":"https:\/\/www.iskreni.net\/trgovina\/wp-json\/wp\/v2\/media?parent=92028"}],"wp:term":[{"taxonomy":"product_brand","embeddable":true,"href":"https:\/\/www.iskreni.net\/trgovina\/wp-json\/wp\/v2\/product_brand?post=92028"},{"taxonomy":"product_cat","embeddable":true,"href":"https:\/\/www.iskreni.net\/trgovina\/wp-json\/wp\/v2\/product_cat?post=92028"},{"taxonomy":"product_tag","embeddable":true,"href":"https:\/\/www.iskreni.net\/trgovina\/wp-json\/wp\/v2\/product_tag?post=92028"},{"taxonomy":"avtor","embeddable":true,"href":"https:\/\/www.iskreni.net\/trgovina\/wp-json\/wp\/v2\/avtor?post=92028"},{"taxonomy":"zalozba","embeddable":true,"href":"https:\/\/www.iskreni.net\/trgovina\/wp-json\/wp\/v2\/zalozba?post=92028"},{"taxonomy":"vezava","embeddable":true,"href":"https:\/\/www.iskreni.net\/trgovina\/wp-json\/wp\/v2\/vezava?post=92028"}],"curies":[{"name":"wp","href":"https:\/\/api.w.org\/{rel}","templated":true}]}}