{"id":92006,"date":"2026-02-27T09:59:27","date_gmt":"2026-02-27T08:59:27","guid":{"rendered":"https:\/\/www.iskreni.net\/trgovina\/?post_type=product&#038;p=92006"},"modified":"2026-03-04T13:16:52","modified_gmt":"2026-03-04T12:16:52","slug":"v-meni-je-hrepenenje-pornografija-in-najstniki","status":"publish","type":"product","link":"https:\/\/www.iskreni.net\/trgovina\/product\/v-meni-je-hrepenenje-pornografija-in-najstniki\/","title":{"rendered":"V meni je hrepenenje &#8211; pornografija in najstniki"},"content":{"rendered":"<p>Priro\u010dnik za voditelje ter navodila za 8 sre\u010danj z najstniki od 12. do 15. leta s prilo\u017eenimi gradivi.<\/p>\n<p><strong>O knjigi:<\/strong><\/p>\n<p>V MENI JE HREPENENJE je priro\u010dnik, namenjen vsem, ki delujejo z najstniki pri verouku, v birmanskih skupinah ali drugih mladinskih skupinah. Nastal je kot podpora voditeljem, ki \u017eelijo mladim pomagati odpirati pomembna, v\u010dasih tudi zahtevna \u017eivljenjska vpra\u0161anja, ter z njimi soustvarjati varen prostor za iskren in spo\u0161tljiv pogovor.<\/p>\n<p>Ne gre za klasi\u010dno knjigo, temve\u010d za mapo z bogatim in prakti\u010dno zasnovanim gradivom.<\/p>\n<p>Ob odprtju mape uporabnika najprej pri\u010daka pregledna knji\u017eica z navodili za voditelje. V njej je zbrano vse potrebno za pripravo in izvedbo sre\u010danj. Uvodni del prina\u0161a kraj\u0161i teoreti\u010dni okvir, ki osvetli \u0161ir\u0161e ozadje in pojasni, zakaj je pomembno, da se z mladimi odpira tudi teme, kot je pornografija, o kateri se dru\u017eba pogosto te\u017eko ali premalo pogovarja.<\/p>\n<p>Sledijo jasne in konkretne smernice za izvedbo sre\u010danj. Gradivo samo po sebi ne ustvarja kakovostne skupinske dinamike \u2013 to vedno soustvarjajo voditelji skupaj z mladimi. Zato so smernice oblikovane tako, da pomagajo razmi\u0161ljati o skupinski dinamiki, na\u010dinu vodenja ter oblikovanju spodbudnega in varnega okolja.<\/p>\n<p>Osrednji del mape predstavlja osem tematsko zasnovanih sre\u010danj, vsako predvideno za pribli\u017eno eno uro dela. Za vsako sre\u010danje so pripravljeni konkretni predlogi dejavnosti in metod, med drugim:<\/p>\n<ul>\n<li>kvizi,<\/li>\n<li>igra na igralni plo\u0161\u010di,<\/li>\n<li>\u00a0delo s karticami,<\/li>\n<li>vaje in osebni premisleki,<\/li>\n<li>soo\u010danje in zagovarjanje razli\u010dnih stali\u0161\u010d,<\/li>\n<li>interaktivne metode in igre.<\/li>\n<\/ul>\n<p>Raznolikost pristopov omogo\u010da, da vsak najstnik najde na\u010din sodelovanja, ki mu je blizu.<\/p>\n<p>V mapi so prilo\u017eeni vsi potrebni pripomo\u010dki \u2013 kartice, plakati in drugo gradivo \u2013 zato dodatno tiskanje ali priprava nista potrebna. Ob vsakem sre\u010danju sta na voljo tudi dve QR kodi: ena vodi do predlogov za ledomilce, druga pa do kratkih prakti\u010dnih navodil za izvedbo sre\u010danja.<\/p>\n<p>Priro\u010dnik je zasnovan kot podpora voditeljem: olaj\u0161a pripravo, ponuja ideje in nudi konkretna orodja. Kon\u010dna izvedba sre\u010danja pa vedno ostaja v rokah voditelja in je prilagojena njegovi skupini ter na\u010dinu dela.<\/p>\n<p>V meni je hrepenenje je podpora vsem, ki prepoznavajo, da se mladi danes soo\u010dajo z resnimi izzivi, in jim \u017eelijo stati ob strani. Je povabilo k skupnemu odpiranju pomembnih tem ter k spremljanju mladih na poti v odgovorne in pogumne osebnosti.<\/p>\n<p>&nbsp;<\/p>\n","protected":false},"excerpt":{"rendered":"<p><strong>Leto izdaje:<\/strong> 2026<\/p>\n","protected":false},"featured_media":92008,"comment_status":"open","ping_status":"closed","template":"","meta":[],"product_brand":[],"product_cat":[2327,2350,63],"product_tag":[],"avtor":[3235],"zalozba":[2367,2336],"vezava":[],"class_list":{"0":"post-92006","1":"product","2":"type-product","3":"status-publish","4":"has-post-thumbnail","6":"product_cat-prirocniki-in-vodniki","7":"product_cat-za-mlade","8":"product_cat-knjige","9":"avtor-mojca-lesnik","10":"zalozba-institut-integrum","11":"zalozba-salve","13":"first","14":"instock","15":"taxable","16":"shipping-taxable","17":"purchasable","18":"product-type-simple"},"yoast_head":"<!-- This site is optimized with the Yoast SEO plugin v26.3 - https:\/\/yoast.com\/wordpress\/plugins\/seo\/ -->\n<title>V meni je hrepenenje - pornografija in najstniki - Zavod Iskreni<\/title>\n<meta name=\"description\" content=\"Priro\u010dnik za voditelje ter navodila za 8 sre\u010danj z najstniki od 12. do 15. leta s prilo\u017eenimi gradivi na temo pornografije.\" \/>\n<meta name=\"robots\" content=\"index, follow, max-snippet:-1, max-image-preview:large, max-video-preview:-1\" \/>\n<link rel=\"canonical\" href=\"https:\/\/www.iskreni.net\/trgovina\/product\/v-meni-je-hrepenenje-pornografija-in-najstniki\/\" \/>\n<meta property=\"og:locale\" content=\"sl_SI\" \/>\n<meta property=\"og:type\" content=\"article\" \/>\n<meta property=\"og:title\" content=\"V meni je hrepenenje\" \/>\n<meta property=\"og:description\" content=\"Priro\u010dnik za voditelje ter navodila za 8 sre\u010danj z najstniki od 12. do 15. leta s prilo\u017eenimi gradivi na temo pornografije.\" \/>\n<meta property=\"og:url\" content=\"https:\/\/www.iskreni.net\/trgovina\/product\/v-meni-je-hrepenenje-pornografija-in-najstniki\/\" \/>\n<meta property=\"og:site_name\" content=\"Zavod Iskreni\" \/>\n<meta property=\"article:modified_time\" content=\"2026-03-04T12:16:52+00:00\" \/>\n<meta property=\"og:image\" content=\"https:\/\/www.iskreni.net\/trgovina\/wp-content\/uploads\/2026\/02\/Slike-za-v-spletno-trgovino-2026-02-27T095555.914.jpg\" \/>\n\t<meta property=\"og:image:width\" content=\"600\" \/>\n\t<meta property=\"og:image:height\" content=\"600\" \/>\n\t<meta property=\"og:image:type\" content=\"image\/jpeg\" \/>\n<meta name=\"twitter:card\" content=\"summary_large_image\" \/>\n<meta name=\"twitter:label1\" content=\"Est. reading time\" \/>\n\t<meta name=\"twitter:data1\" content=\"3 minute\" \/>\n<script type=\"application\/ld+json\" class=\"yoast-schema-graph\">{\"@context\":\"https:\/\/schema.org\",\"@graph\":[{\"@type\":\"WebPage\",\"@id\":\"https:\/\/www.iskreni.net\/trgovina\/product\/v-meni-je-hrepenenje-pornografija-in-najstniki\/\",\"url\":\"https:\/\/www.iskreni.net\/trgovina\/product\/v-meni-je-hrepenenje-pornografija-in-najstniki\/\",\"name\":\"V meni je hrepenenje - pornografija in najstniki - Zavod Iskreni\",\"isPartOf\":{\"@id\":\"https:\/\/www.iskreni.net\/trgovina\/#website\"},\"primaryImageOfPage\":{\"@id\":\"https:\/\/www.iskreni.net\/trgovina\/product\/v-meni-je-hrepenenje-pornografija-in-najstniki\/#primaryimage\"},\"image\":{\"@id\":\"https:\/\/www.iskreni.net\/trgovina\/product\/v-meni-je-hrepenenje-pornografija-in-najstniki\/#primaryimage\"},\"thumbnailUrl\":\"https:\/\/www.iskreni.net\/trgovina\/wp-content\/uploads\/2026\/02\/Slike-za-v-spletno-trgovino-2026-02-27T095555.914.jpg\",\"datePublished\":\"2026-02-27T08:59:27+00:00\",\"dateModified\":\"2026-03-04T12:16:52+00:00\",\"description\":\"Priro\u010dnik za voditelje ter navodila za 8 sre\u010danj z najstniki od 12. do 15. leta s prilo\u017eenimi gradivi na temo pornografije.\",\"breadcrumb\":{\"@id\":\"https:\/\/www.iskreni.net\/trgovina\/product\/v-meni-je-hrepenenje-pornografija-in-najstniki\/#breadcrumb\"},\"inLanguage\":\"sl-SI\",\"potentialAction\":[{\"@type\":\"ReadAction\",\"target\":[\"https:\/\/www.iskreni.net\/trgovina\/product\/v-meni-je-hrepenenje-pornografija-in-najstniki\/\"]}]},{\"@type\":\"ImageObject\",\"inLanguage\":\"sl-SI\",\"@id\":\"https:\/\/www.iskreni.net\/trgovina\/product\/v-meni-je-hrepenenje-pornografija-in-najstniki\/#primaryimage\",\"url\":\"https:\/\/www.iskreni.net\/trgovina\/wp-content\/uploads\/2026\/02\/Slike-za-v-spletno-trgovino-2026-02-27T095555.914.jpg\",\"contentUrl\":\"https:\/\/www.iskreni.net\/trgovina\/wp-content\/uploads\/2026\/02\/Slike-za-v-spletno-trgovino-2026-02-27T095555.914.jpg\",\"width\":600,\"height\":600},{\"@type\":\"BreadcrumbList\",\"@id\":\"https:\/\/www.iskreni.net\/trgovina\/product\/v-meni-je-hrepenenje-pornografija-in-najstniki\/#breadcrumb\",\"itemListElement\":[{\"@type\":\"ListItem\",\"position\":1,\"name\":\"Home\",\"item\":\"https:\/\/www.iskreni.net\/trgovina\/\"},{\"@type\":\"ListItem\",\"position\":2,\"name\":\"Trgovina\",\"item\":\"https:\/\/www.iskreni.net\/trgovina\/trgovina\/\"},{\"@type\":\"ListItem\",\"position\":3,\"name\":\"V meni je hrepenenje &#8211; pornografija in najstniki\"}]},{\"@type\":\"WebSite\",\"@id\":\"https:\/\/www.iskreni.net\/trgovina\/#website\",\"url\":\"https:\/\/www.iskreni.net\/trgovina\/\",\"name\":\"Zavod Iskreni\",\"description\":\"trgovina\",\"potentialAction\":[{\"@type\":\"SearchAction\",\"target\":{\"@type\":\"EntryPoint\",\"urlTemplate\":\"https:\/\/www.iskreni.net\/trgovina\/?s={search_term_string}\"},\"query-input\":{\"@type\":\"PropertyValueSpecification\",\"valueRequired\":true,\"valueName\":\"search_term_string\"}}],\"inLanguage\":\"sl-SI\"}]}<\/script>\n<!-- \/ Yoast SEO plugin. -->","yoast_head_json":{"title":"V meni je hrepenenje - pornografija in najstniki - Zavod Iskreni","description":"Priro\u010dnik za voditelje ter navodila za 8 sre\u010danj z najstniki od 12. do 15. leta s prilo\u017eenimi gradivi na temo pornografije.","robots":{"index":"index","follow":"follow","max-snippet":"max-snippet:-1","max-image-preview":"max-image-preview:large","max-video-preview":"max-video-preview:-1"},"canonical":"https:\/\/www.iskreni.net\/trgovina\/product\/v-meni-je-hrepenenje-pornografija-in-najstniki\/","og_locale":"sl_SI","og_type":"article","og_title":"V meni je hrepenenje","og_description":"Priro\u010dnik za voditelje ter navodila za 8 sre\u010danj z najstniki od 12. do 15. leta s prilo\u017eenimi gradivi na temo pornografije.","og_url":"https:\/\/www.iskreni.net\/trgovina\/product\/v-meni-je-hrepenenje-pornografija-in-najstniki\/","og_site_name":"Zavod Iskreni","article_modified_time":"2026-03-04T12:16:52+00:00","og_image":[{"width":600,"height":600,"url":"https:\/\/www.iskreni.net\/trgovina\/wp-content\/uploads\/2026\/02\/Slike-za-v-spletno-trgovino-2026-02-27T095555.914.jpg","type":"image\/jpeg"}],"twitter_card":"summary_large_image","twitter_misc":{"Est. reading time":"3 minute"},"schema":{"@context":"https:\/\/schema.org","@graph":[{"@type":"WebPage","@id":"https:\/\/www.iskreni.net\/trgovina\/product\/v-meni-je-hrepenenje-pornografija-in-najstniki\/","url":"https:\/\/www.iskreni.net\/trgovina\/product\/v-meni-je-hrepenenje-pornografija-in-najstniki\/","name":"V meni je hrepenenje - pornografija in najstniki - Zavod Iskreni","isPartOf":{"@id":"https:\/\/www.iskreni.net\/trgovina\/#website"},"primaryImageOfPage":{"@id":"https:\/\/www.iskreni.net\/trgovina\/product\/v-meni-je-hrepenenje-pornografija-in-najstniki\/#primaryimage"},"image":{"@id":"https:\/\/www.iskreni.net\/trgovina\/product\/v-meni-je-hrepenenje-pornografija-in-najstniki\/#primaryimage"},"thumbnailUrl":"https:\/\/www.iskreni.net\/trgovina\/wp-content\/uploads\/2026\/02\/Slike-za-v-spletno-trgovino-2026-02-27T095555.914.jpg","datePublished":"2026-02-27T08:59:27+00:00","dateModified":"2026-03-04T12:16:52+00:00","description":"Priro\u010dnik za voditelje ter navodila za 8 sre\u010danj z najstniki od 12. do 15. leta s prilo\u017eenimi gradivi na temo pornografije.","breadcrumb":{"@id":"https:\/\/www.iskreni.net\/trgovina\/product\/v-meni-je-hrepenenje-pornografija-in-najstniki\/#breadcrumb"},"inLanguage":"sl-SI","potentialAction":[{"@type":"ReadAction","target":["https:\/\/www.iskreni.net\/trgovina\/product\/v-meni-je-hrepenenje-pornografija-in-najstniki\/"]}]},{"@type":"ImageObject","inLanguage":"sl-SI","@id":"https:\/\/www.iskreni.net\/trgovina\/product\/v-meni-je-hrepenenje-pornografija-in-najstniki\/#primaryimage","url":"https:\/\/www.iskreni.net\/trgovina\/wp-content\/uploads\/2026\/02\/Slike-za-v-spletno-trgovino-2026-02-27T095555.914.jpg","contentUrl":"https:\/\/www.iskreni.net\/trgovina\/wp-content\/uploads\/2026\/02\/Slike-za-v-spletno-trgovino-2026-02-27T095555.914.jpg","width":600,"height":600},{"@type":"BreadcrumbList","@id":"https:\/\/www.iskreni.net\/trgovina\/product\/v-meni-je-hrepenenje-pornografija-in-najstniki\/#breadcrumb","itemListElement":[{"@type":"ListItem","position":1,"name":"Home","item":"https:\/\/www.iskreni.net\/trgovina\/"},{"@type":"ListItem","position":2,"name":"Trgovina","item":"https:\/\/www.iskreni.net\/trgovina\/trgovina\/"},{"@type":"ListItem","position":3,"name":"V meni je hrepenenje &#8211; pornografija in najstniki"}]},{"@type":"WebSite","@id":"https:\/\/www.iskreni.net\/trgovina\/#website","url":"https:\/\/www.iskreni.net\/trgovina\/","name":"Zavod Iskreni","description":"trgovina","potentialAction":[{"@type":"SearchAction","target":{"@type":"EntryPoint","urlTemplate":"https:\/\/www.iskreni.net\/trgovina\/?s={search_term_string}"},"query-input":{"@type":"PropertyValueSpecification","valueRequired":true,"valueName":"search_term_string"}}],"inLanguage":"sl-SI"}]}},"_links":{"self":[{"href":"https:\/\/www.iskreni.net\/trgovina\/wp-json\/wp\/v2\/product\/92006","targetHints":{"allow":["GET"]}}],"collection":[{"href":"https:\/\/www.iskreni.net\/trgovina\/wp-json\/wp\/v2\/product"}],"about":[{"href":"https:\/\/www.iskreni.net\/trgovina\/wp-json\/wp\/v2\/types\/product"}],"replies":[{"embeddable":true,"href":"https:\/\/www.iskreni.net\/trgovina\/wp-json\/wp\/v2\/comments?post=92006"}],"version-history":[{"count":4,"href":"https:\/\/www.iskreni.net\/trgovina\/wp-json\/wp\/v2\/product\/92006\/revisions"}],"predecessor-version":[{"id":92013,"href":"https:\/\/www.iskreni.net\/trgovina\/wp-json\/wp\/v2\/product\/92006\/revisions\/92013"}],"wp:featuredmedia":[{"embeddable":true,"href":"https:\/\/www.iskreni.net\/trgovina\/wp-json\/wp\/v2\/media\/92008"}],"wp:attachment":[{"href":"https:\/\/www.iskreni.net\/trgovina\/wp-json\/wp\/v2\/media?parent=92006"}],"wp:term":[{"taxonomy":"product_brand","embeddable":true,"href":"https:\/\/www.iskreni.net\/trgovina\/wp-json\/wp\/v2\/product_brand?post=92006"},{"taxonomy":"product_cat","embeddable":true,"href":"https:\/\/www.iskreni.net\/trgovina\/wp-json\/wp\/v2\/product_cat?post=92006"},{"taxonomy":"product_tag","embeddable":true,"href":"https:\/\/www.iskreni.net\/trgovina\/wp-json\/wp\/v2\/product_tag?post=92006"},{"taxonomy":"avtor","embeddable":true,"href":"https:\/\/www.iskreni.net\/trgovina\/wp-json\/wp\/v2\/avtor?post=92006"},{"taxonomy":"zalozba","embeddable":true,"href":"https:\/\/www.iskreni.net\/trgovina\/wp-json\/wp\/v2\/zalozba?post=92006"},{"taxonomy":"vezava","embeddable":true,"href":"https:\/\/www.iskreni.net\/trgovina\/wp-json\/wp\/v2\/vezava?post=92006"}],"curies":[{"name":"wp","href":"https:\/\/api.w.org\/{rel}","templated":true}]}}