{"id":91485,"date":"2026-01-26T13:21:28","date_gmt":"2026-01-26T12:21:28","guid":{"rendered":"https:\/\/www.iskreni.net\/trgovina\/?post_type=product&#038;p=91485"},"modified":"2026-03-04T13:18:24","modified_gmt":"2026-03-04T12:18:24","slug":"kako-si-lepa","status":"publish","type":"product","link":"https:\/\/www.iskreni.net\/trgovina\/product\/kako-si-lepa\/","title":{"rendered":"Kako si lepa"},"content":{"rendered":"<h4>Razlaga Visoke pesmi<\/h4>\n<h4>O knjigi:<\/h4>\n<p>Knjiga je namre\u010d ciklus ljubezenskih pesmi, ki imajo v glavnem obliko dialoga med mo\u0161kim in \u017eensko in je ravno zato vzbujala \u0161tevilne dvome, ali sploh spada v sveto literaturo. Je poezija, ki govori sama po sebi, in sicer \u010dloveku, ki je \u010dlovek samo zaradi ljubezni \u2013 ali pa to ni. Skozi plejado raznovrstnih simbolov prek rastlin, \u017eivali, okusov, barv in vonjev nam \u017eeli govoriti o ljubezni kot neskon\u010dnem \u010dlovekovem hrepenenju in njegovi edini mogo\u010di izpolnitvi.<\/p>\n<p><strong>O avtorju:<\/strong><\/p>\n<p>Marko Rijavec (1982) je duhovnik, pesnik, magister bibli\u010dne teologije in avtor ve\u010d knji\u017enih izdaj. V duhovnika je bil posve\u010den leta 2007 v Novi Gorici; po kaplanskem delu v Novi Gorici in Idriji ter sodelovanju v dija\u0161kem domu \u0160kofijske gimnazije Vipava je med leti 2015-2018 \u0161tudiral bibli\u010dno teologijo na Univerzi Gregoriana v Rimu. Od leta 2018 vodi \u017eupnijo v Idriji. Svoja duhovna in literarna iskanja je doslej ubesedil v pesni\u0161ki zbirki Dimenzije maja (2011), v romarskih razmi\u0161ljanjih Camino, pot, ki se za\u010dne na koncu (2021), v bibli\u010dnem premi\u0161ljevanju Veselite se v Gospodu: razlaga Pisma Filipljanom (2023) ter v zbirki nagovorov \u0160pranje do svetlobe (2024), kjer skozi \u0161pranje besede proseva lu\u010d evangelija.<\/p>\n<p><strong>Odlomek iz knjige:<\/strong><\/p>\n<p>&#8220;Tako namre\u010d hvalnica, ki opeva \u010dlove\u0161ko ljubezen,<\/p>\n<p>postane hkrati tudi simbol oz. ve\u010d kot simbol, uresni\u010ditev,<\/p>\n<p>aplikacija ljubezni Boga v \u010dlove\u0161ke odnose. Saj<\/p>\n<p>je vendar \u010dlovek najbolj \u010dlovek, ko ljubi; in je najbolj<\/p>\n<p>podoben Bogu, ko je v polnosti \u010dlovek, torej ko ljubi.<\/p>\n<p>Ne zgolj na duhovni ali du\u0161evni, temve\u010d tudi na<\/p>\n<p>telesni ravni. V ljubezni, tudi v strastni ljubezni, se<\/p>\n<p>namre\u010d v \u010dloveku vzbuja hrepenenje biti tak, kot je do<\/p>\n<p>\u010dloveka Bog: darovati vse, tudi svoje telo, za drugega.&#8221;<\/p>\n<p>&nbsp;<\/p>\n","protected":false},"excerpt":{"rendered":"<p><strong>Leto izdaje:<\/strong> 2025<br \/>\n<strong>\u0160tevilo strani:\u00a0<\/strong>224<br \/>\n<strong>Format:<\/strong> 120 mm x 217 mm<\/p>\n","protected":false},"featured_media":91487,"comment_status":"open","ping_status":"closed","template":"","meta":[],"product_brand":[],"product_cat":[2324,63],"product_tag":[3211],"avtor":[2660],"zalozba":[2311],"vezava":[2635],"class_list":{"0":"post-91485","1":"product","2":"type-product","3":"status-publish","4":"has-post-thumbnail","6":"product_cat-duhovnost-in-osebna-rast","7":"product_cat-knjige","8":"product_tag-darilo","9":"avtor-marko-rijavec","10":"zalozba-druzina","11":"vezava-mehka-z-zavihki","13":"first","14":"instock","15":"taxable","16":"shipping-taxable","17":"purchasable","18":"product-type-simple"},"yoast_head":"<!-- This site is optimized with the Yoast SEO plugin v26.3 - https:\/\/yoast.com\/wordpress\/plugins\/seo\/ -->\n<title>Kako si lepa<\/title>\n<meta name=\"description\" content=\"Knjiga je ciklus ljubezenskih pesmi, ki imajo obliko dialoga med mo\u0161kim in \u017eensko. Je poezija, ki govori sama po sebi, o ljubezni kot neskon\u010dnem \u010dlovekovem hrepenenju in njegovi edini mogo\u010di izpolnitvi.\" \/>\n<meta name=\"robots\" content=\"index, follow, max-snippet:-1, max-image-preview:large, max-video-preview:-1\" \/>\n<link rel=\"canonical\" href=\"https:\/\/www.iskreni.net\/trgovina\/product\/kako-si-lepa\/\" \/>\n<meta property=\"og:locale\" content=\"sl_SI\" \/>\n<meta property=\"og:type\" content=\"article\" \/>\n<meta property=\"og:title\" content=\"Kako si lepa\" \/>\n<meta property=\"og:description\" content=\"Knjiga je ciklus ljubezenskih pesmi, ki imajo obliko dialoga med mo\u0161kim in \u017eensko. Je poezija, ki govori sama po sebi, o ljubezni kot neskon\u010dnem \u010dlovekovem hrepenenju in njegovi edini mogo\u010di izpolnitvi.\" \/>\n<meta property=\"og:url\" content=\"https:\/\/www.iskreni.net\/trgovina\/product\/kako-si-lepa\/\" \/>\n<meta property=\"og:site_name\" content=\"Zavod Iskreni\" \/>\n<meta property=\"article:modified_time\" content=\"2026-03-04T12:18:24+00:00\" \/>\n<meta property=\"og:image\" content=\"https:\/\/www.iskreni.net\/trgovina\/wp-content\/uploads\/2026\/01\/Slike-za-v-spletno-trgovino-2026-01-26T132108.658.jpg\" \/>\n\t<meta property=\"og:image:width\" content=\"600\" \/>\n\t<meta property=\"og:image:height\" content=\"600\" \/>\n\t<meta property=\"og:image:type\" content=\"image\/jpeg\" \/>\n<meta name=\"twitter:card\" content=\"summary_large_image\" \/>\n<meta name=\"twitter:label1\" content=\"Est. reading time\" \/>\n\t<meta name=\"twitter:data1\" content=\"2 minuti\" \/>\n<script type=\"application\/ld+json\" class=\"yoast-schema-graph\">{\"@context\":\"https:\/\/schema.org\",\"@graph\":[{\"@type\":\"WebPage\",\"@id\":\"https:\/\/www.iskreni.net\/trgovina\/product\/kako-si-lepa\/\",\"url\":\"https:\/\/www.iskreni.net\/trgovina\/product\/kako-si-lepa\/\",\"name\":\"Kako si lepa\",\"isPartOf\":{\"@id\":\"https:\/\/www.iskreni.net\/trgovina\/#website\"},\"primaryImageOfPage\":{\"@id\":\"https:\/\/www.iskreni.net\/trgovina\/product\/kako-si-lepa\/#primaryimage\"},\"image\":{\"@id\":\"https:\/\/www.iskreni.net\/trgovina\/product\/kako-si-lepa\/#primaryimage\"},\"thumbnailUrl\":\"https:\/\/www.iskreni.net\/trgovina\/wp-content\/uploads\/2026\/01\/Slike-za-v-spletno-trgovino-2026-01-26T132108.658.jpg\",\"datePublished\":\"2026-01-26T12:21:28+00:00\",\"dateModified\":\"2026-03-04T12:18:24+00:00\",\"description\":\"Knjiga je ciklus ljubezenskih pesmi, ki imajo obliko dialoga med mo\u0161kim in \u017eensko. Je poezija, ki govori sama po sebi, o ljubezni kot neskon\u010dnem \u010dlovekovem hrepenenju in njegovi edini mogo\u010di izpolnitvi.\",\"breadcrumb\":{\"@id\":\"https:\/\/www.iskreni.net\/trgovina\/product\/kako-si-lepa\/#breadcrumb\"},\"inLanguage\":\"sl-SI\",\"potentialAction\":[{\"@type\":\"ReadAction\",\"target\":[\"https:\/\/www.iskreni.net\/trgovina\/product\/kako-si-lepa\/\"]}]},{\"@type\":\"ImageObject\",\"inLanguage\":\"sl-SI\",\"@id\":\"https:\/\/www.iskreni.net\/trgovina\/product\/kako-si-lepa\/#primaryimage\",\"url\":\"https:\/\/www.iskreni.net\/trgovina\/wp-content\/uploads\/2026\/01\/Slike-za-v-spletno-trgovino-2026-01-26T132108.658.jpg\",\"contentUrl\":\"https:\/\/www.iskreni.net\/trgovina\/wp-content\/uploads\/2026\/01\/Slike-za-v-spletno-trgovino-2026-01-26T132108.658.jpg\",\"width\":600,\"height\":600},{\"@type\":\"BreadcrumbList\",\"@id\":\"https:\/\/www.iskreni.net\/trgovina\/product\/kako-si-lepa\/#breadcrumb\",\"itemListElement\":[{\"@type\":\"ListItem\",\"position\":1,\"name\":\"Home\",\"item\":\"https:\/\/www.iskreni.net\/trgovina\/\"},{\"@type\":\"ListItem\",\"position\":2,\"name\":\"Trgovina\",\"item\":\"https:\/\/www.iskreni.net\/trgovina\/trgovina\/\"},{\"@type\":\"ListItem\",\"position\":3,\"name\":\"Kako si lepa\"}]},{\"@type\":\"WebSite\",\"@id\":\"https:\/\/www.iskreni.net\/trgovina\/#website\",\"url\":\"https:\/\/www.iskreni.net\/trgovina\/\",\"name\":\"Zavod Iskreni\",\"description\":\"trgovina\",\"potentialAction\":[{\"@type\":\"SearchAction\",\"target\":{\"@type\":\"EntryPoint\",\"urlTemplate\":\"https:\/\/www.iskreni.net\/trgovina\/?s={search_term_string}\"},\"query-input\":{\"@type\":\"PropertyValueSpecification\",\"valueRequired\":true,\"valueName\":\"search_term_string\"}}],\"inLanguage\":\"sl-SI\"}]}<\/script>\n<!-- \/ Yoast SEO plugin. -->","yoast_head_json":{"title":"Kako si lepa","description":"Knjiga je ciklus ljubezenskih pesmi, ki imajo obliko dialoga med mo\u0161kim in \u017eensko. Je poezija, ki govori sama po sebi, o ljubezni kot neskon\u010dnem \u010dlovekovem hrepenenju in njegovi edini mogo\u010di izpolnitvi.","robots":{"index":"index","follow":"follow","max-snippet":"max-snippet:-1","max-image-preview":"max-image-preview:large","max-video-preview":"max-video-preview:-1"},"canonical":"https:\/\/www.iskreni.net\/trgovina\/product\/kako-si-lepa\/","og_locale":"sl_SI","og_type":"article","og_title":"Kako si lepa","og_description":"Knjiga je ciklus ljubezenskih pesmi, ki imajo obliko dialoga med mo\u0161kim in \u017eensko. Je poezija, ki govori sama po sebi, o ljubezni kot neskon\u010dnem \u010dlovekovem hrepenenju in njegovi edini mogo\u010di izpolnitvi.","og_url":"https:\/\/www.iskreni.net\/trgovina\/product\/kako-si-lepa\/","og_site_name":"Zavod Iskreni","article_modified_time":"2026-03-04T12:18:24+00:00","og_image":[{"width":600,"height":600,"url":"https:\/\/www.iskreni.net\/trgovina\/wp-content\/uploads\/2026\/01\/Slike-za-v-spletno-trgovino-2026-01-26T132108.658.jpg","type":"image\/jpeg"}],"twitter_card":"summary_large_image","twitter_misc":{"Est. reading time":"2 minuti"},"schema":{"@context":"https:\/\/schema.org","@graph":[{"@type":"WebPage","@id":"https:\/\/www.iskreni.net\/trgovina\/product\/kako-si-lepa\/","url":"https:\/\/www.iskreni.net\/trgovina\/product\/kako-si-lepa\/","name":"Kako si lepa","isPartOf":{"@id":"https:\/\/www.iskreni.net\/trgovina\/#website"},"primaryImageOfPage":{"@id":"https:\/\/www.iskreni.net\/trgovina\/product\/kako-si-lepa\/#primaryimage"},"image":{"@id":"https:\/\/www.iskreni.net\/trgovina\/product\/kako-si-lepa\/#primaryimage"},"thumbnailUrl":"https:\/\/www.iskreni.net\/trgovina\/wp-content\/uploads\/2026\/01\/Slike-za-v-spletno-trgovino-2026-01-26T132108.658.jpg","datePublished":"2026-01-26T12:21:28+00:00","dateModified":"2026-03-04T12:18:24+00:00","description":"Knjiga je ciklus ljubezenskih pesmi, ki imajo obliko dialoga med mo\u0161kim in \u017eensko. Je poezija, ki govori sama po sebi, o ljubezni kot neskon\u010dnem \u010dlovekovem hrepenenju in njegovi edini mogo\u010di izpolnitvi.","breadcrumb":{"@id":"https:\/\/www.iskreni.net\/trgovina\/product\/kako-si-lepa\/#breadcrumb"},"inLanguage":"sl-SI","potentialAction":[{"@type":"ReadAction","target":["https:\/\/www.iskreni.net\/trgovina\/product\/kako-si-lepa\/"]}]},{"@type":"ImageObject","inLanguage":"sl-SI","@id":"https:\/\/www.iskreni.net\/trgovina\/product\/kako-si-lepa\/#primaryimage","url":"https:\/\/www.iskreni.net\/trgovina\/wp-content\/uploads\/2026\/01\/Slike-za-v-spletno-trgovino-2026-01-26T132108.658.jpg","contentUrl":"https:\/\/www.iskreni.net\/trgovina\/wp-content\/uploads\/2026\/01\/Slike-za-v-spletno-trgovino-2026-01-26T132108.658.jpg","width":600,"height":600},{"@type":"BreadcrumbList","@id":"https:\/\/www.iskreni.net\/trgovina\/product\/kako-si-lepa\/#breadcrumb","itemListElement":[{"@type":"ListItem","position":1,"name":"Home","item":"https:\/\/www.iskreni.net\/trgovina\/"},{"@type":"ListItem","position":2,"name":"Trgovina","item":"https:\/\/www.iskreni.net\/trgovina\/trgovina\/"},{"@type":"ListItem","position":3,"name":"Kako si lepa"}]},{"@type":"WebSite","@id":"https:\/\/www.iskreni.net\/trgovina\/#website","url":"https:\/\/www.iskreni.net\/trgovina\/","name":"Zavod Iskreni","description":"trgovina","potentialAction":[{"@type":"SearchAction","target":{"@type":"EntryPoint","urlTemplate":"https:\/\/www.iskreni.net\/trgovina\/?s={search_term_string}"},"query-input":{"@type":"PropertyValueSpecification","valueRequired":true,"valueName":"search_term_string"}}],"inLanguage":"sl-SI"}]}},"_links":{"self":[{"href":"https:\/\/www.iskreni.net\/trgovina\/wp-json\/wp\/v2\/product\/91485","targetHints":{"allow":["GET"]}}],"collection":[{"href":"https:\/\/www.iskreni.net\/trgovina\/wp-json\/wp\/v2\/product"}],"about":[{"href":"https:\/\/www.iskreni.net\/trgovina\/wp-json\/wp\/v2\/types\/product"}],"replies":[{"embeddable":true,"href":"https:\/\/www.iskreni.net\/trgovina\/wp-json\/wp\/v2\/comments?post=91485"}],"version-history":[{"count":2,"href":"https:\/\/www.iskreni.net\/trgovina\/wp-json\/wp\/v2\/product\/91485\/revisions"}],"predecessor-version":[{"id":91488,"href":"https:\/\/www.iskreni.net\/trgovina\/wp-json\/wp\/v2\/product\/91485\/revisions\/91488"}],"wp:featuredmedia":[{"embeddable":true,"href":"https:\/\/www.iskreni.net\/trgovina\/wp-json\/wp\/v2\/media\/91487"}],"wp:attachment":[{"href":"https:\/\/www.iskreni.net\/trgovina\/wp-json\/wp\/v2\/media?parent=91485"}],"wp:term":[{"taxonomy":"product_brand","embeddable":true,"href":"https:\/\/www.iskreni.net\/trgovina\/wp-json\/wp\/v2\/product_brand?post=91485"},{"taxonomy":"product_cat","embeddable":true,"href":"https:\/\/www.iskreni.net\/trgovina\/wp-json\/wp\/v2\/product_cat?post=91485"},{"taxonomy":"product_tag","embeddable":true,"href":"https:\/\/www.iskreni.net\/trgovina\/wp-json\/wp\/v2\/product_tag?post=91485"},{"taxonomy":"avtor","embeddable":true,"href":"https:\/\/www.iskreni.net\/trgovina\/wp-json\/wp\/v2\/avtor?post=91485"},{"taxonomy":"zalozba","embeddable":true,"href":"https:\/\/www.iskreni.net\/trgovina\/wp-json\/wp\/v2\/zalozba?post=91485"},{"taxonomy":"vezava","embeddable":true,"href":"https:\/\/www.iskreni.net\/trgovina\/wp-json\/wp\/v2\/vezava?post=91485"}],"curies":[{"name":"wp","href":"https:\/\/api.w.org\/{rel}","templated":true}]}}