{"id":90263,"date":"2025-12-03T09:32:27","date_gmt":"2025-12-03T08:32:27","guid":{"rendered":"https:\/\/www.iskreni.net\/trgovina\/?post_type=product&#038;p=90263"},"modified":"2026-03-04T13:20:01","modified_gmt":"2026-03-04T12:20:01","slug":"izgubljeni-jagenjcek-2","status":"publish","type":"product","link":"https:\/\/www.iskreni.net\/trgovina\/product\/izgubljeni-jagenjcek-2\/","title":{"rendered":"Izgubljeni jagenj\u010dek"},"content":{"rendered":"<h4>O knjigi:<\/h4>\n<p>Ali je trava res bolj zelena na drugi strani ograde? \u0160ele ko ov\u010dici pretijo nevarnosti, spozna, da je doma najlep\u0161e in da ni bolj\u0161ega prijatelja, kot je Dobri pastir. Otroci bodo navdu\u0161eni nad \u017eivahno pripovedjo ene najbolj priljubljenih prilik iz evangelija, kot je predstavljena v slikanici Izgubljeni jagenj\u010dek.<\/p>\n","protected":false},"excerpt":{"rendered":"<p><strong>Leto izdaje:<\/strong> 2025<br \/>\n<strong>\u0160tevilo strani: <\/strong>40<br \/>\n<strong>Velikost:<\/strong> 192 x 218 mm<\/p>\n<p><a href=\"https:\/\/www.iskreni.net\/trgovina\/wp-content\/uploads\/2025\/12\/Izgubljeni-jagenjcek_predogled.pdf\">Predogled<\/a><\/p>\n","protected":false},"featured_media":90267,"comment_status":"open","ping_status":"closed","template":"","meta":[],"product_brand":[255],"product_cat":[63,135],"product_tag":[3211,2866,3228],"avtor":[3230],"zalozba":[2335],"vezava":[2306],"class_list":{"0":"post-90263","1":"product","2":"type-product","3":"status-publish","4":"has-post-thumbnail","6":"product_brand-zalozba-emanuel","7":"product_cat-knjige","8":"product_cat-za-otroke","9":"product_tag-darilo","10":"product_tag-miklavz","11":"product_tag-prvo-sveto-obhajilo","12":"avtor-geri-berger-haines","13":"zalozba-zalozba-emanuel","14":"vezava-trda","16":"first","17":"instock","18":"taxable","19":"shipping-taxable","20":"purchasable","21":"product-type-simple"},"yoast_head":"<!-- This site is optimized with the Yoast SEO plugin v26.3 - https:\/\/yoast.com\/wordpress\/plugins\/seo\/ -->\n<title>Izgubljeni jagenj\u010dek<\/title>\n<meta name=\"description\" content=\"\u010cudovite celostranske barvne ilustracije. Zgodba Izgubljeni jagenj\u010dek je primerna za otroke od tretjega do sedmega leta starosti.\" \/>\n<meta name=\"robots\" content=\"index, follow, max-snippet:-1, max-image-preview:large, max-video-preview:-1\" \/>\n<link rel=\"canonical\" href=\"https:\/\/www.iskreni.net\/trgovina\/product\/izgubljeni-jagenjcek-2\/\" \/>\n<meta property=\"og:locale\" content=\"sl_SI\" \/>\n<meta property=\"og:type\" content=\"article\" \/>\n<meta property=\"og:title\" content=\"Izgubljeni jagenj\u010dek\" \/>\n<meta property=\"og:description\" content=\"\u010cudovite celostranske barvne ilustracije.Zgodba Izgubljeni jagenj\u010dek je primerna za otroke od tretjega do sedmega leta starosti.\" \/>\n<meta property=\"og:url\" content=\"https:\/\/www.iskreni.net\/trgovina\/product\/izgubljeni-jagenjcek-2\/\" \/>\n<meta property=\"og:site_name\" content=\"Zavod Iskreni\" \/>\n<meta property=\"article:modified_time\" content=\"2026-03-04T12:20:01+00:00\" \/>\n<meta property=\"og:image\" content=\"https:\/\/www.iskreni.net\/trgovina\/wp-content\/uploads\/2025\/12\/Slike-za-v-spletno-trgovino-4.jpg\" \/>\n\t<meta property=\"og:image:width\" content=\"600\" \/>\n\t<meta property=\"og:image:height\" content=\"600\" \/>\n\t<meta property=\"og:image:type\" content=\"image\/jpeg\" \/>\n<meta name=\"twitter:card\" content=\"summary_large_image\" \/>\n<meta name=\"twitter:label1\" content=\"Est. reading time\" \/>\n\t<meta name=\"twitter:data1\" content=\"1 minuta\" \/>\n<script type=\"application\/ld+json\" class=\"yoast-schema-graph\">{\"@context\":\"https:\/\/schema.org\",\"@graph\":[{\"@type\":\"WebPage\",\"@id\":\"https:\/\/www.iskreni.net\/trgovina\/product\/izgubljeni-jagenjcek-2\/\",\"url\":\"https:\/\/www.iskreni.net\/trgovina\/product\/izgubljeni-jagenjcek-2\/\",\"name\":\"Izgubljeni jagenj\u010dek\",\"isPartOf\":{\"@id\":\"https:\/\/www.iskreni.net\/trgovina\/#website\"},\"primaryImageOfPage\":{\"@id\":\"https:\/\/www.iskreni.net\/trgovina\/product\/izgubljeni-jagenjcek-2\/#primaryimage\"},\"image\":{\"@id\":\"https:\/\/www.iskreni.net\/trgovina\/product\/izgubljeni-jagenjcek-2\/#primaryimage\"},\"thumbnailUrl\":\"https:\/\/www.iskreni.net\/trgovina\/wp-content\/uploads\/2025\/12\/Slike-za-v-spletno-trgovino-4.jpg\",\"datePublished\":\"2025-12-03T08:32:27+00:00\",\"dateModified\":\"2026-03-04T12:20:01+00:00\",\"description\":\"\u010cudovite celostranske barvne ilustracije. Zgodba Izgubljeni jagenj\u010dek je primerna za otroke od tretjega do sedmega leta starosti.\",\"breadcrumb\":{\"@id\":\"https:\/\/www.iskreni.net\/trgovina\/product\/izgubljeni-jagenjcek-2\/#breadcrumb\"},\"inLanguage\":\"sl-SI\",\"potentialAction\":[{\"@type\":\"ReadAction\",\"target\":[\"https:\/\/www.iskreni.net\/trgovina\/product\/izgubljeni-jagenjcek-2\/\"]}]},{\"@type\":\"ImageObject\",\"inLanguage\":\"sl-SI\",\"@id\":\"https:\/\/www.iskreni.net\/trgovina\/product\/izgubljeni-jagenjcek-2\/#primaryimage\",\"url\":\"https:\/\/www.iskreni.net\/trgovina\/wp-content\/uploads\/2025\/12\/Slike-za-v-spletno-trgovino-4.jpg\",\"contentUrl\":\"https:\/\/www.iskreni.net\/trgovina\/wp-content\/uploads\/2025\/12\/Slike-za-v-spletno-trgovino-4.jpg\",\"width\":600,\"height\":600},{\"@type\":\"BreadcrumbList\",\"@id\":\"https:\/\/www.iskreni.net\/trgovina\/product\/izgubljeni-jagenjcek-2\/#breadcrumb\",\"itemListElement\":[{\"@type\":\"ListItem\",\"position\":1,\"name\":\"Home\",\"item\":\"https:\/\/www.iskreni.net\/trgovina\/\"},{\"@type\":\"ListItem\",\"position\":2,\"name\":\"Trgovina\",\"item\":\"https:\/\/www.iskreni.net\/trgovina\/trgovina\/\"},{\"@type\":\"ListItem\",\"position\":3,\"name\":\"Izgubljeni jagenj\u010dek\"}]},{\"@type\":\"WebSite\",\"@id\":\"https:\/\/www.iskreni.net\/trgovina\/#website\",\"url\":\"https:\/\/www.iskreni.net\/trgovina\/\",\"name\":\"Zavod Iskreni\",\"description\":\"trgovina\",\"potentialAction\":[{\"@type\":\"SearchAction\",\"target\":{\"@type\":\"EntryPoint\",\"urlTemplate\":\"https:\/\/www.iskreni.net\/trgovina\/?s={search_term_string}\"},\"query-input\":{\"@type\":\"PropertyValueSpecification\",\"valueRequired\":true,\"valueName\":\"search_term_string\"}}],\"inLanguage\":\"sl-SI\"}]}<\/script>\n<!-- \/ Yoast SEO plugin. -->","yoast_head_json":{"title":"Izgubljeni jagenj\u010dek","description":"\u010cudovite celostranske barvne ilustracije. Zgodba Izgubljeni jagenj\u010dek je primerna za otroke od tretjega do sedmega leta starosti.","robots":{"index":"index","follow":"follow","max-snippet":"max-snippet:-1","max-image-preview":"max-image-preview:large","max-video-preview":"max-video-preview:-1"},"canonical":"https:\/\/www.iskreni.net\/trgovina\/product\/izgubljeni-jagenjcek-2\/","og_locale":"sl_SI","og_type":"article","og_title":"Izgubljeni jagenj\u010dek","og_description":"\u010cudovite celostranske barvne ilustracije.Zgodba Izgubljeni jagenj\u010dek je primerna za otroke od tretjega do sedmega leta starosti.","og_url":"https:\/\/www.iskreni.net\/trgovina\/product\/izgubljeni-jagenjcek-2\/","og_site_name":"Zavod Iskreni","article_modified_time":"2026-03-04T12:20:01+00:00","og_image":[{"width":600,"height":600,"url":"https:\/\/www.iskreni.net\/trgovina\/wp-content\/uploads\/2025\/12\/Slike-za-v-spletno-trgovino-4.jpg","type":"image\/jpeg"}],"twitter_card":"summary_large_image","twitter_misc":{"Est. reading time":"1 minuta"},"schema":{"@context":"https:\/\/schema.org","@graph":[{"@type":"WebPage","@id":"https:\/\/www.iskreni.net\/trgovina\/product\/izgubljeni-jagenjcek-2\/","url":"https:\/\/www.iskreni.net\/trgovina\/product\/izgubljeni-jagenjcek-2\/","name":"Izgubljeni jagenj\u010dek","isPartOf":{"@id":"https:\/\/www.iskreni.net\/trgovina\/#website"},"primaryImageOfPage":{"@id":"https:\/\/www.iskreni.net\/trgovina\/product\/izgubljeni-jagenjcek-2\/#primaryimage"},"image":{"@id":"https:\/\/www.iskreni.net\/trgovina\/product\/izgubljeni-jagenjcek-2\/#primaryimage"},"thumbnailUrl":"https:\/\/www.iskreni.net\/trgovina\/wp-content\/uploads\/2025\/12\/Slike-za-v-spletno-trgovino-4.jpg","datePublished":"2025-12-03T08:32:27+00:00","dateModified":"2026-03-04T12:20:01+00:00","description":"\u010cudovite celostranske barvne ilustracije. Zgodba Izgubljeni jagenj\u010dek je primerna za otroke od tretjega do sedmega leta starosti.","breadcrumb":{"@id":"https:\/\/www.iskreni.net\/trgovina\/product\/izgubljeni-jagenjcek-2\/#breadcrumb"},"inLanguage":"sl-SI","potentialAction":[{"@type":"ReadAction","target":["https:\/\/www.iskreni.net\/trgovina\/product\/izgubljeni-jagenjcek-2\/"]}]},{"@type":"ImageObject","inLanguage":"sl-SI","@id":"https:\/\/www.iskreni.net\/trgovina\/product\/izgubljeni-jagenjcek-2\/#primaryimage","url":"https:\/\/www.iskreni.net\/trgovina\/wp-content\/uploads\/2025\/12\/Slike-za-v-spletno-trgovino-4.jpg","contentUrl":"https:\/\/www.iskreni.net\/trgovina\/wp-content\/uploads\/2025\/12\/Slike-za-v-spletno-trgovino-4.jpg","width":600,"height":600},{"@type":"BreadcrumbList","@id":"https:\/\/www.iskreni.net\/trgovina\/product\/izgubljeni-jagenjcek-2\/#breadcrumb","itemListElement":[{"@type":"ListItem","position":1,"name":"Home","item":"https:\/\/www.iskreni.net\/trgovina\/"},{"@type":"ListItem","position":2,"name":"Trgovina","item":"https:\/\/www.iskreni.net\/trgovina\/trgovina\/"},{"@type":"ListItem","position":3,"name":"Izgubljeni jagenj\u010dek"}]},{"@type":"WebSite","@id":"https:\/\/www.iskreni.net\/trgovina\/#website","url":"https:\/\/www.iskreni.net\/trgovina\/","name":"Zavod Iskreni","description":"trgovina","potentialAction":[{"@type":"SearchAction","target":{"@type":"EntryPoint","urlTemplate":"https:\/\/www.iskreni.net\/trgovina\/?s={search_term_string}"},"query-input":{"@type":"PropertyValueSpecification","valueRequired":true,"valueName":"search_term_string"}}],"inLanguage":"sl-SI"}]}},"_links":{"self":[{"href":"https:\/\/www.iskreni.net\/trgovina\/wp-json\/wp\/v2\/product\/90263","targetHints":{"allow":["GET"]}}],"collection":[{"href":"https:\/\/www.iskreni.net\/trgovina\/wp-json\/wp\/v2\/product"}],"about":[{"href":"https:\/\/www.iskreni.net\/trgovina\/wp-json\/wp\/v2\/types\/product"}],"replies":[{"embeddable":true,"href":"https:\/\/www.iskreni.net\/trgovina\/wp-json\/wp\/v2\/comments?post=90263"}],"version-history":[{"count":3,"href":"https:\/\/www.iskreni.net\/trgovina\/wp-json\/wp\/v2\/product\/90263\/revisions"}],"predecessor-version":[{"id":90271,"href":"https:\/\/www.iskreni.net\/trgovina\/wp-json\/wp\/v2\/product\/90263\/revisions\/90271"}],"wp:featuredmedia":[{"embeddable":true,"href":"https:\/\/www.iskreni.net\/trgovina\/wp-json\/wp\/v2\/media\/90267"}],"wp:attachment":[{"href":"https:\/\/www.iskreni.net\/trgovina\/wp-json\/wp\/v2\/media?parent=90263"}],"wp:term":[{"taxonomy":"product_brand","embeddable":true,"href":"https:\/\/www.iskreni.net\/trgovina\/wp-json\/wp\/v2\/product_brand?post=90263"},{"taxonomy":"product_cat","embeddable":true,"href":"https:\/\/www.iskreni.net\/trgovina\/wp-json\/wp\/v2\/product_cat?post=90263"},{"taxonomy":"product_tag","embeddable":true,"href":"https:\/\/www.iskreni.net\/trgovina\/wp-json\/wp\/v2\/product_tag?post=90263"},{"taxonomy":"avtor","embeddable":true,"href":"https:\/\/www.iskreni.net\/trgovina\/wp-json\/wp\/v2\/avtor?post=90263"},{"taxonomy":"zalozba","embeddable":true,"href":"https:\/\/www.iskreni.net\/trgovina\/wp-json\/wp\/v2\/zalozba?post=90263"},{"taxonomy":"vezava","embeddable":true,"href":"https:\/\/www.iskreni.net\/trgovina\/wp-json\/wp\/v2\/vezava?post=90263"}],"curies":[{"name":"wp","href":"https:\/\/api.w.org\/{rel}","templated":true}]}}