{"id":8889,"date":"2020-05-26T14:13:53","date_gmt":"2020-05-26T12:13:53","guid":{"rendered":"https:\/\/www.iskreni.net\/trgovina\/?post_type=product&#038;p=8889"},"modified":"2024-09-05T08:47:05","modified_gmt":"2024-09-05T06:47:05","slug":"mocni-ocetje-mocne-hcere","status":"publish","type":"product","link":"https:\/\/www.iskreni.net\/trgovina\/product\/mocni-ocetje-mocne-hcere\/","title":{"rendered":"Mo\u010dni o\u010detje, mo\u010dne h\u010dere"},"content":{"rendered":"<h4><b>O knjigi:<\/b><\/h4>\n<p>Dr. Stanko Gerjolj je v spremni besedi na za\u010detku knjige napisal:\u00bbAvtorica postavi pred ogledalo ne le o\u010dete, marve\u010d celotno strukturo dru\u017ebe, ki o\u010deta in mo\u017ea trga iz dru\u017eine in odriva zlasti od njegovega vzgojnega poslanstva. Pri tem se sklicuje na primere iz lastne medicinske prakse in jih obravnava v kontekstu dru\u017einske in edukativne razse\u017enosti \u017eivljenja. Njeni \u017eivi in neponarejeni primeri so dragocen prispevek, kako se sre\u010devati s korekcijo sodobne dinamike dru\u017einskega \u017eivljenja. V bralcu prebudi sliko \u00b4serijskih ogledal\u00b4, ki poka\u017ee, kam nas pelje prihodnost, \u010de mo\u017eje in \u017eene oz. o\u010detje in matere vztrajajo pri svojem \u00b4fevdu\u00b4. Hkrati pa knjiga tudi naka\u017ee, da \u017ee majhen korak spremeni celotno vizijo \u017eivljenja in vzgoje v dru\u017eini. Knjiga se ne ustavlja pri vlogi o\u010deta v ranem otro\u0161tvu, temve\u010d njegovo poslanstvo razgrne na vsa obdobja odra\u0161\u010danja. \u010ceprav je namenjena najprej o\u010detom, bosta po branju oba, mo\u017e in \u017eena oz. o\u010de in mati, druga\u010dna, kot sta bila na za\u010detku.\u00ab<\/p>\n<h4><b>O avtorici:<\/b><\/h4>\n<p>Dr. Meg Meeker \u017ee dvajset let dela kot pediatrinja in zdravnica za mladostnike ter kot svetovalka za najstnike in star\u0161e. Je \u010dlanica Ameri\u0161ke akademije za pediatrijo in Nacionalne posvetovalne komisije pri Medicinskem in\u0161titutu.<\/p>\n<p>Je priljubljena predavateljica o najstni\u0161kih temah in pogosta gostja v radijskih in televizijskih oddajah, ki jih je mogo\u010de sprejemati po vseh Zdru\u017eenih dr\u017eavah. \u017divi in dela v Traverse Cityju v Michiganu, kjer ima zdravstveno ordinacijo skupaj s svojim mo\u017eem Walterjem Meekerjem. Imata \u0161tiri otroke.<\/p>\n","protected":false},"excerpt":{"rendered":"<p><strong>Avtor:<\/strong> Meg Meeker<br \/>\n<strong>Prevajalec:<\/strong> Leon Jagodic<br \/>\n<strong>Zalo\u017eba:<\/strong> Ognji\u0161\u010de<br \/>\n<strong>Leto izdaje:<\/strong> 2020<br \/>\n<strong>\u0160tevilo strani:<\/strong> 240<\/p>\n","protected":false},"featured_media":8892,"comment_status":"open","ping_status":"closed","template":"","meta":[],"product_brand":[],"product_cat":[2322,2324,2327,2323,63],"product_tag":[2386],"avtor":[],"zalozba":[],"vezava":[],"class_list":{"0":"post-8889","1":"product","2":"type-product","3":"status-publish","4":"has-post-thumbnail","6":"product_cat-druzina-in-odnosi","7":"product_cat-duhovnost-in-osebna-rast","8":"product_cat-prirocniki-in-vodniki","9":"product_cat-vzgoja","10":"product_cat-knjige","11":"product_tag-ocetovstvo","13":"first","14":"instock","15":"taxable","16":"shipping-taxable","17":"purchasable","18":"product-type-simple"},"yoast_head":"<!-- This site is optimized with the Yoast SEO plugin v26.3 - https:\/\/yoast.com\/wordpress\/plugins\/seo\/ -->\n<title>Meg Meeker: Mo\u010dni o\u010detje, mo\u010dne h\u010dere - Zavod Iskreni<\/title>\n<meta name=\"description\" content=\"Knjiga, ki postavi pred ogledalo celotno strukturo dru\u017ebe, ki o\u010deta in mo\u017ea trga iz dru\u017eine in odriva od njegovega vzgojnega poslanstva.\" \/>\n<meta name=\"robots\" content=\"index, follow, max-snippet:-1, max-image-preview:large, max-video-preview:-1\" \/>\n<link rel=\"canonical\" href=\"https:\/\/www.iskreni.net\/trgovina\/product\/mocni-ocetje-mocne-hcere\/\" \/>\n<meta property=\"og:locale\" content=\"sl_SI\" \/>\n<meta property=\"og:type\" content=\"article\" \/>\n<meta property=\"og:title\" content=\"Meg Meeker: Mo\u010dni o\u010detje, mo\u010dne h\u010dere - Zavod Iskreni\" \/>\n<meta property=\"og:description\" content=\"Knjiga, ki postavi pred ogledalo celotno strukturo dru\u017ebe, ki o\u010deta in mo\u017ea trga iz dru\u017eine in odriva od njegovega vzgojnega poslanstva.\" \/>\n<meta property=\"og:url\" content=\"https:\/\/www.iskreni.net\/trgovina\/product\/mocni-ocetje-mocne-hcere\/\" \/>\n<meta property=\"og:site_name\" content=\"Zavod Iskreni\" \/>\n<meta property=\"article:modified_time\" content=\"2024-09-05T06:47:05+00:00\" \/>\n<meta property=\"og:image\" content=\"https:\/\/www.iskreni.net\/trgovina\/wp-content\/uploads\/2020\/05\/MOMH1.jpg\" \/>\n\t<meta property=\"og:image:width\" content=\"612\" \/>\n\t<meta property=\"og:image:height\" content=\"612\" \/>\n\t<meta property=\"og:image:type\" content=\"image\/jpeg\" \/>\n<meta name=\"twitter:card\" content=\"summary_large_image\" \/>\n<meta name=\"twitter:label1\" content=\"Est. reading time\" \/>\n\t<meta name=\"twitter:data1\" content=\"2 minuti\" \/>\n<script type=\"application\/ld+json\" class=\"yoast-schema-graph\">{\"@context\":\"https:\/\/schema.org\",\"@graph\":[{\"@type\":\"WebPage\",\"@id\":\"https:\/\/www.iskreni.net\/trgovina\/product\/mocni-ocetje-mocne-hcere\/\",\"url\":\"https:\/\/www.iskreni.net\/trgovina\/product\/mocni-ocetje-mocne-hcere\/\",\"name\":\"Meg Meeker: Mo\u010dni o\u010detje, mo\u010dne h\u010dere - Zavod Iskreni\",\"isPartOf\":{\"@id\":\"https:\/\/www.iskreni.net\/trgovina\/#website\"},\"primaryImageOfPage\":{\"@id\":\"https:\/\/www.iskreni.net\/trgovina\/product\/mocni-ocetje-mocne-hcere\/#primaryimage\"},\"image\":{\"@id\":\"https:\/\/www.iskreni.net\/trgovina\/product\/mocni-ocetje-mocne-hcere\/#primaryimage\"},\"thumbnailUrl\":\"https:\/\/www.iskreni.net\/trgovina\/wp-content\/uploads\/2020\/05\/MOMH1.jpg\",\"datePublished\":\"2020-05-26T12:13:53+00:00\",\"dateModified\":\"2024-09-05T06:47:05+00:00\",\"description\":\"Knjiga, ki postavi pred ogledalo celotno strukturo dru\u017ebe, ki o\u010deta in mo\u017ea trga iz dru\u017eine in odriva od njegovega vzgojnega poslanstva.\",\"breadcrumb\":{\"@id\":\"https:\/\/www.iskreni.net\/trgovina\/product\/mocni-ocetje-mocne-hcere\/#breadcrumb\"},\"inLanguage\":\"sl-SI\",\"potentialAction\":[{\"@type\":\"ReadAction\",\"target\":[\"https:\/\/www.iskreni.net\/trgovina\/product\/mocni-ocetje-mocne-hcere\/\"]}]},{\"@type\":\"ImageObject\",\"inLanguage\":\"sl-SI\",\"@id\":\"https:\/\/www.iskreni.net\/trgovina\/product\/mocni-ocetje-mocne-hcere\/#primaryimage\",\"url\":\"https:\/\/www.iskreni.net\/trgovina\/wp-content\/uploads\/2020\/05\/MOMH1.jpg\",\"contentUrl\":\"https:\/\/www.iskreni.net\/trgovina\/wp-content\/uploads\/2020\/05\/MOMH1.jpg\",\"width\":612,\"height\":612},{\"@type\":\"BreadcrumbList\",\"@id\":\"https:\/\/www.iskreni.net\/trgovina\/product\/mocni-ocetje-mocne-hcere\/#breadcrumb\",\"itemListElement\":[{\"@type\":\"ListItem\",\"position\":1,\"name\":\"Home\",\"item\":\"https:\/\/www.iskreni.net\/trgovina\/\"},{\"@type\":\"ListItem\",\"position\":2,\"name\":\"Trgovina\",\"item\":\"https:\/\/www.iskreni.net\/trgovina\/trgovina\/\"},{\"@type\":\"ListItem\",\"position\":3,\"name\":\"Mo\u010dni o\u010detje, mo\u010dne h\u010dere\"}]},{\"@type\":\"WebSite\",\"@id\":\"https:\/\/www.iskreni.net\/trgovina\/#website\",\"url\":\"https:\/\/www.iskreni.net\/trgovina\/\",\"name\":\"Zavod Iskreni\",\"description\":\"trgovina\",\"potentialAction\":[{\"@type\":\"SearchAction\",\"target\":{\"@type\":\"EntryPoint\",\"urlTemplate\":\"https:\/\/www.iskreni.net\/trgovina\/?s={search_term_string}\"},\"query-input\":{\"@type\":\"PropertyValueSpecification\",\"valueRequired\":true,\"valueName\":\"search_term_string\"}}],\"inLanguage\":\"sl-SI\"}]}<\/script>\n<!-- \/ Yoast SEO plugin. -->","yoast_head_json":{"title":"Meg Meeker: Mo\u010dni o\u010detje, mo\u010dne h\u010dere - Zavod Iskreni","description":"Knjiga, ki postavi pred ogledalo celotno strukturo dru\u017ebe, ki o\u010deta in mo\u017ea trga iz dru\u017eine in odriva od njegovega vzgojnega poslanstva.","robots":{"index":"index","follow":"follow","max-snippet":"max-snippet:-1","max-image-preview":"max-image-preview:large","max-video-preview":"max-video-preview:-1"},"canonical":"https:\/\/www.iskreni.net\/trgovina\/product\/mocni-ocetje-mocne-hcere\/","og_locale":"sl_SI","og_type":"article","og_title":"Meg Meeker: Mo\u010dni o\u010detje, mo\u010dne h\u010dere - Zavod Iskreni","og_description":"Knjiga, ki postavi pred ogledalo celotno strukturo dru\u017ebe, ki o\u010deta in mo\u017ea trga iz dru\u017eine in odriva od njegovega vzgojnega poslanstva.","og_url":"https:\/\/www.iskreni.net\/trgovina\/product\/mocni-ocetje-mocne-hcere\/","og_site_name":"Zavod Iskreni","article_modified_time":"2024-09-05T06:47:05+00:00","og_image":[{"width":612,"height":612,"url":"https:\/\/www.iskreni.net\/trgovina\/wp-content\/uploads\/2020\/05\/MOMH1.jpg","type":"image\/jpeg"}],"twitter_card":"summary_large_image","twitter_misc":{"Est. reading time":"2 minuti"},"schema":{"@context":"https:\/\/schema.org","@graph":[{"@type":"WebPage","@id":"https:\/\/www.iskreni.net\/trgovina\/product\/mocni-ocetje-mocne-hcere\/","url":"https:\/\/www.iskreni.net\/trgovina\/product\/mocni-ocetje-mocne-hcere\/","name":"Meg Meeker: Mo\u010dni o\u010detje, mo\u010dne h\u010dere - Zavod Iskreni","isPartOf":{"@id":"https:\/\/www.iskreni.net\/trgovina\/#website"},"primaryImageOfPage":{"@id":"https:\/\/www.iskreni.net\/trgovina\/product\/mocni-ocetje-mocne-hcere\/#primaryimage"},"image":{"@id":"https:\/\/www.iskreni.net\/trgovina\/product\/mocni-ocetje-mocne-hcere\/#primaryimage"},"thumbnailUrl":"https:\/\/www.iskreni.net\/trgovina\/wp-content\/uploads\/2020\/05\/MOMH1.jpg","datePublished":"2020-05-26T12:13:53+00:00","dateModified":"2024-09-05T06:47:05+00:00","description":"Knjiga, ki postavi pred ogledalo celotno strukturo dru\u017ebe, ki o\u010deta in mo\u017ea trga iz dru\u017eine in odriva od njegovega vzgojnega poslanstva.","breadcrumb":{"@id":"https:\/\/www.iskreni.net\/trgovina\/product\/mocni-ocetje-mocne-hcere\/#breadcrumb"},"inLanguage":"sl-SI","potentialAction":[{"@type":"ReadAction","target":["https:\/\/www.iskreni.net\/trgovina\/product\/mocni-ocetje-mocne-hcere\/"]}]},{"@type":"ImageObject","inLanguage":"sl-SI","@id":"https:\/\/www.iskreni.net\/trgovina\/product\/mocni-ocetje-mocne-hcere\/#primaryimage","url":"https:\/\/www.iskreni.net\/trgovina\/wp-content\/uploads\/2020\/05\/MOMH1.jpg","contentUrl":"https:\/\/www.iskreni.net\/trgovina\/wp-content\/uploads\/2020\/05\/MOMH1.jpg","width":612,"height":612},{"@type":"BreadcrumbList","@id":"https:\/\/www.iskreni.net\/trgovina\/product\/mocni-ocetje-mocne-hcere\/#breadcrumb","itemListElement":[{"@type":"ListItem","position":1,"name":"Home","item":"https:\/\/www.iskreni.net\/trgovina\/"},{"@type":"ListItem","position":2,"name":"Trgovina","item":"https:\/\/www.iskreni.net\/trgovina\/trgovina\/"},{"@type":"ListItem","position":3,"name":"Mo\u010dni o\u010detje, mo\u010dne h\u010dere"}]},{"@type":"WebSite","@id":"https:\/\/www.iskreni.net\/trgovina\/#website","url":"https:\/\/www.iskreni.net\/trgovina\/","name":"Zavod Iskreni","description":"trgovina","potentialAction":[{"@type":"SearchAction","target":{"@type":"EntryPoint","urlTemplate":"https:\/\/www.iskreni.net\/trgovina\/?s={search_term_string}"},"query-input":{"@type":"PropertyValueSpecification","valueRequired":true,"valueName":"search_term_string"}}],"inLanguage":"sl-SI"}]}},"_links":{"self":[{"href":"https:\/\/www.iskreni.net\/trgovina\/wp-json\/wp\/v2\/product\/8889","targetHints":{"allow":["GET"]}}],"collection":[{"href":"https:\/\/www.iskreni.net\/trgovina\/wp-json\/wp\/v2\/product"}],"about":[{"href":"https:\/\/www.iskreni.net\/trgovina\/wp-json\/wp\/v2\/types\/product"}],"replies":[{"embeddable":true,"href":"https:\/\/www.iskreni.net\/trgovina\/wp-json\/wp\/v2\/comments?post=8889"}],"version-history":[{"count":1,"href":"https:\/\/www.iskreni.net\/trgovina\/wp-json\/wp\/v2\/product\/8889\/revisions"}],"predecessor-version":[{"id":68415,"href":"https:\/\/www.iskreni.net\/trgovina\/wp-json\/wp\/v2\/product\/8889\/revisions\/68415"}],"wp:featuredmedia":[{"embeddable":true,"href":"https:\/\/www.iskreni.net\/trgovina\/wp-json\/wp\/v2\/media\/8892"}],"wp:attachment":[{"href":"https:\/\/www.iskreni.net\/trgovina\/wp-json\/wp\/v2\/media?parent=8889"}],"wp:term":[{"taxonomy":"product_brand","embeddable":true,"href":"https:\/\/www.iskreni.net\/trgovina\/wp-json\/wp\/v2\/product_brand?post=8889"},{"taxonomy":"product_cat","embeddable":true,"href":"https:\/\/www.iskreni.net\/trgovina\/wp-json\/wp\/v2\/product_cat?post=8889"},{"taxonomy":"product_tag","embeddable":true,"href":"https:\/\/www.iskreni.net\/trgovina\/wp-json\/wp\/v2\/product_tag?post=8889"},{"taxonomy":"avtor","embeddable":true,"href":"https:\/\/www.iskreni.net\/trgovina\/wp-json\/wp\/v2\/avtor?post=8889"},{"taxonomy":"zalozba","embeddable":true,"href":"https:\/\/www.iskreni.net\/trgovina\/wp-json\/wp\/v2\/zalozba?post=8889"},{"taxonomy":"vezava","embeddable":true,"href":"https:\/\/www.iskreni.net\/trgovina\/wp-json\/wp\/v2\/vezava?post=8889"}],"curies":[{"name":"wp","href":"https:\/\/api.w.org\/{rel}","templated":true}]}}