{"id":88403,"date":"2025-07-30T22:42:31","date_gmt":"2025-07-30T20:42:31","guid":{"rendered":"https:\/\/www.iskreni.net\/trgovina\/?post_type=product&#038;p=88403"},"modified":"2026-02-20T10:41:57","modified_gmt":"2026-02-20T09:41:57","slug":"greta-ganseforth-iz-hedeja","status":"publish","type":"product","link":"https:\/\/www.iskreni.net\/trgovina\/product\/greta-ganseforth-iz-hedeja\/","title":{"rendered":"Greta Ganseforth iz Hedeja"},"content":{"rendered":"<h4>O knjigi:<\/h4>\n<p>Dve deklici iz vasi Heede v \u0161kofiji Osnabr\u00fcck sta 1. novembra 1937 \u0161li mimo spomenika prve svetovne vojne na va\u0161kem pokopali\u0161\u010du, ko sta nenadoma zagledali \u010dudovito Gospo, ki je \u017earela od svetlobe, z dojen\u010dkom v naro\u010dju. Postavi sta imeli na glavah ble\u0161\u010de\u010de krone. Gospa je bila neverjetno lepa in se je prijazno nasmehnila dekletoma, ki sta takoj verjeli, da je Mati Bo\u017eja z detetom Jezusom v naro\u010dju.<\/p>\n<p>\u0160tiri dekleta so se med va\u0161\u010dani in romarji sre\u010dala z obi\u010dajnim dvoreznim me\u010dem vere in skepticizma. Ko pa je bila 2. svetovna vojna v polnem teku in so nacisti sli\u0161ali za dogodke v Heedeju, je Gestapo pri\u0161el v vas, dekletom ukazal, naj prenehajo z \u00bbvra\u017eevernimi neumnostmi\u00ab in jih za en mesec zaprl v nori\u0161nico. Kon\u010dno so jih izpustili, ko so ugotovili, da njihovo zaprtje ni koristilo polo\u017eaju, temve\u010d je razjezilo va\u0161\u010dane in \u0161e posebej dru\u017eine deklet.<\/p>\n<p>Ko se je Marija 3. novembra 1940 nehala prikazovati Anni Schulte, sestrama Mariji in Greti Ganseforth ter Susanni Bruns, je minilo skoraj pet let, ko se je Jezus leta 1945 za\u010del prikazovati Greti Ganseforth sami. Ko se je Greta strinjala, ji je Gospod dal stigme. Kot \u017ertev in zaznamovana je sodelovala v Kristusovem trpljenju, tako kot mnogi v stoletjih pred njo. Po navodilih svojega duhovnega voditelja je pisala dnevnik svojih misti\u010dnih dogodkov. \u010ceprav je redno videvala Jezusa in svojega angela varuha, Greta od tedaj ni ve\u010d videla Bla\u017eene Device, \u010deprav je ve\u010dkrat sli\u0161ala njen glas, ki ji je govoril iz ble\u0161\u010de\u010de svetlobe.<\/p>\n<h4>O avtorju:<\/h4>\n<p>Johannes Brinkmann se je rodil 12. februarja 1926 v Lingenu. Dru\u017eina se je preselila v M\u00fcnster, kjer je pre\u017eivel srednje\u0161olska leta. \u0160tudij teologije je kon\u010dal v M\u00fcnstru in nato vstopil v semeni\u0161\u010de v Osnabr\u00fccku. V duhovnika je bil posve\u010den 30. novembra 1951. 1. aprila 1981 je postal \u017eupnik v Heedeju do januarja 2000, ko se je upokojil, vendar je ostal v Heedeju.<\/p>\n","protected":false},"excerpt":{"rendered":"<p><strong>Leto izdaje:<\/strong> 2025<br \/>\n<strong>\u0160tevilo strani:<\/strong> 272<br \/>\n<strong>Format:<\/strong> 135 x 210 mm<\/p>\n<p>&nbsp;<\/p>\n<p>&nbsp;<\/p>\n<p>&nbsp;<\/p>\n","protected":false},"featured_media":88405,"comment_status":"open","ping_status":"closed","template":"","meta":[],"product_brand":[],"product_cat":[2324,63],"product_tag":[3183,2990,3184],"avtor":[3182],"zalozba":[2336],"vezava":[2635],"class_list":{"0":"post-88403","1":"product","2":"type-product","3":"status-publish","4":"has-post-thumbnail","6":"product_cat-duhovnost-in-osebna-rast","7":"product_cat-knjige","8":"product_tag-mistika","9":"product_tag-prikazovanja","10":"product_tag-stigme","11":"avtor-johannes-brinkmann","12":"zalozba-salve","13":"vezava-mehka-z-zavihki","15":"first","16":"instock","17":"taxable","18":"shipping-taxable","19":"purchasable","20":"product-type-simple"},"yoast_head":"<!-- This site is optimized with the Yoast SEO plugin v26.3 - https:\/\/yoast.com\/wordpress\/plugins\/seo\/ -->\n<title>Greta Ganseforth iz Hedeja<\/title>\n<meta name=\"description\" content=\"Dnevnik misti\u010dnih zapisov avtorice knjige, ki se ji je v \u010dasu II. svetovane vojne prikazovala Marija in kasneje Jezus.\" \/>\n<meta name=\"robots\" content=\"index, follow, max-snippet:-1, max-image-preview:large, max-video-preview:-1\" \/>\n<link rel=\"canonical\" href=\"https:\/\/www.iskreni.net\/trgovina\/product\/greta-ganseforth-iz-hedeja\/\" \/>\n<meta property=\"og:locale\" content=\"sl_SI\" \/>\n<meta property=\"og:type\" content=\"article\" \/>\n<meta property=\"og:title\" content=\"Postanimo prijatelji Svetega Duha\" \/>\n<meta property=\"og:description\" content=\"Dnevnik misti\u010dnih zapisov avtorice knjige, ki se ji je v \u010dasu II. svetovane vojne prikazovala Marija in kasneje Jezus.\" \/>\n<meta property=\"og:url\" content=\"https:\/\/www.iskreni.net\/trgovina\/product\/greta-ganseforth-iz-hedeja\/\" \/>\n<meta property=\"og:site_name\" content=\"Zavod Iskreni\" \/>\n<meta property=\"article:modified_time\" content=\"2026-02-20T09:41:57+00:00\" \/>\n<meta property=\"og:image\" content=\"https:\/\/www.iskreni.net\/trgovina\/wp-content\/uploads\/2025\/07\/Greta-Ganseforth-iz-Hedeja.png\" \/>\n\t<meta property=\"og:image:width\" content=\"1276\" \/>\n\t<meta property=\"og:image:height\" content=\"1276\" \/>\n\t<meta property=\"og:image:type\" content=\"image\/png\" \/>\n<meta name=\"twitter:card\" content=\"summary_large_image\" \/>\n<meta name=\"twitter:label1\" content=\"Est. reading time\" \/>\n\t<meta name=\"twitter:data1\" content=\"2 minuti\" \/>\n<script type=\"application\/ld+json\" class=\"yoast-schema-graph\">{\"@context\":\"https:\/\/schema.org\",\"@graph\":[{\"@type\":\"WebPage\",\"@id\":\"https:\/\/www.iskreni.net\/trgovina\/product\/greta-ganseforth-iz-hedeja\/\",\"url\":\"https:\/\/www.iskreni.net\/trgovina\/product\/greta-ganseforth-iz-hedeja\/\",\"name\":\"Greta Ganseforth iz Hedeja\",\"isPartOf\":{\"@id\":\"https:\/\/www.iskreni.net\/trgovina\/#website\"},\"primaryImageOfPage\":{\"@id\":\"https:\/\/www.iskreni.net\/trgovina\/product\/greta-ganseforth-iz-hedeja\/#primaryimage\"},\"image\":{\"@id\":\"https:\/\/www.iskreni.net\/trgovina\/product\/greta-ganseforth-iz-hedeja\/#primaryimage\"},\"thumbnailUrl\":\"https:\/\/www.iskreni.net\/trgovina\/wp-content\/uploads\/2025\/07\/Greta-Ganseforth-iz-Hedeja.png\",\"datePublished\":\"2025-07-30T20:42:31+00:00\",\"dateModified\":\"2026-02-20T09:41:57+00:00\",\"description\":\"Dnevnik misti\u010dnih zapisov avtorice knjige, ki se ji je v \u010dasu II. svetovane vojne prikazovala Marija in kasneje Jezus.\",\"breadcrumb\":{\"@id\":\"https:\/\/www.iskreni.net\/trgovina\/product\/greta-ganseforth-iz-hedeja\/#breadcrumb\"},\"inLanguage\":\"sl-SI\",\"potentialAction\":[{\"@type\":\"ReadAction\",\"target\":[\"https:\/\/www.iskreni.net\/trgovina\/product\/greta-ganseforth-iz-hedeja\/\"]}]},{\"@type\":\"ImageObject\",\"inLanguage\":\"sl-SI\",\"@id\":\"https:\/\/www.iskreni.net\/trgovina\/product\/greta-ganseforth-iz-hedeja\/#primaryimage\",\"url\":\"https:\/\/www.iskreni.net\/trgovina\/wp-content\/uploads\/2025\/07\/Greta-Ganseforth-iz-Hedeja.png\",\"contentUrl\":\"https:\/\/www.iskreni.net\/trgovina\/wp-content\/uploads\/2025\/07\/Greta-Ganseforth-iz-Hedeja.png\",\"width\":1276,\"height\":1276},{\"@type\":\"BreadcrumbList\",\"@id\":\"https:\/\/www.iskreni.net\/trgovina\/product\/greta-ganseforth-iz-hedeja\/#breadcrumb\",\"itemListElement\":[{\"@type\":\"ListItem\",\"position\":1,\"name\":\"Home\",\"item\":\"https:\/\/www.iskreni.net\/trgovina\/\"},{\"@type\":\"ListItem\",\"position\":2,\"name\":\"Trgovina\",\"item\":\"https:\/\/www.iskreni.net\/trgovina\/trgovina\/\"},{\"@type\":\"ListItem\",\"position\":3,\"name\":\"Greta Ganseforth iz Hedeja\"}]},{\"@type\":\"WebSite\",\"@id\":\"https:\/\/www.iskreni.net\/trgovina\/#website\",\"url\":\"https:\/\/www.iskreni.net\/trgovina\/\",\"name\":\"Zavod Iskreni\",\"description\":\"trgovina\",\"potentialAction\":[{\"@type\":\"SearchAction\",\"target\":{\"@type\":\"EntryPoint\",\"urlTemplate\":\"https:\/\/www.iskreni.net\/trgovina\/?s={search_term_string}\"},\"query-input\":{\"@type\":\"PropertyValueSpecification\",\"valueRequired\":true,\"valueName\":\"search_term_string\"}}],\"inLanguage\":\"sl-SI\"}]}<\/script>\n<!-- \/ Yoast SEO plugin. -->","yoast_head_json":{"title":"Greta Ganseforth iz Hedeja","description":"Dnevnik misti\u010dnih zapisov avtorice knjige, ki se ji je v \u010dasu II. svetovane vojne prikazovala Marija in kasneje Jezus.","robots":{"index":"index","follow":"follow","max-snippet":"max-snippet:-1","max-image-preview":"max-image-preview:large","max-video-preview":"max-video-preview:-1"},"canonical":"https:\/\/www.iskreni.net\/trgovina\/product\/greta-ganseforth-iz-hedeja\/","og_locale":"sl_SI","og_type":"article","og_title":"Postanimo prijatelji Svetega Duha","og_description":"Dnevnik misti\u010dnih zapisov avtorice knjige, ki se ji je v \u010dasu II. svetovane vojne prikazovala Marija in kasneje Jezus.","og_url":"https:\/\/www.iskreni.net\/trgovina\/product\/greta-ganseforth-iz-hedeja\/","og_site_name":"Zavod Iskreni","article_modified_time":"2026-02-20T09:41:57+00:00","og_image":[{"width":1276,"height":1276,"url":"https:\/\/www.iskreni.net\/trgovina\/wp-content\/uploads\/2025\/07\/Greta-Ganseforth-iz-Hedeja.png","type":"image\/png"}],"twitter_card":"summary_large_image","twitter_misc":{"Est. reading time":"2 minuti"},"schema":{"@context":"https:\/\/schema.org","@graph":[{"@type":"WebPage","@id":"https:\/\/www.iskreni.net\/trgovina\/product\/greta-ganseforth-iz-hedeja\/","url":"https:\/\/www.iskreni.net\/trgovina\/product\/greta-ganseforth-iz-hedeja\/","name":"Greta Ganseforth iz Hedeja","isPartOf":{"@id":"https:\/\/www.iskreni.net\/trgovina\/#website"},"primaryImageOfPage":{"@id":"https:\/\/www.iskreni.net\/trgovina\/product\/greta-ganseforth-iz-hedeja\/#primaryimage"},"image":{"@id":"https:\/\/www.iskreni.net\/trgovina\/product\/greta-ganseforth-iz-hedeja\/#primaryimage"},"thumbnailUrl":"https:\/\/www.iskreni.net\/trgovina\/wp-content\/uploads\/2025\/07\/Greta-Ganseforth-iz-Hedeja.png","datePublished":"2025-07-30T20:42:31+00:00","dateModified":"2026-02-20T09:41:57+00:00","description":"Dnevnik misti\u010dnih zapisov avtorice knjige, ki se ji je v \u010dasu II. svetovane vojne prikazovala Marija in kasneje Jezus.","breadcrumb":{"@id":"https:\/\/www.iskreni.net\/trgovina\/product\/greta-ganseforth-iz-hedeja\/#breadcrumb"},"inLanguage":"sl-SI","potentialAction":[{"@type":"ReadAction","target":["https:\/\/www.iskreni.net\/trgovina\/product\/greta-ganseforth-iz-hedeja\/"]}]},{"@type":"ImageObject","inLanguage":"sl-SI","@id":"https:\/\/www.iskreni.net\/trgovina\/product\/greta-ganseforth-iz-hedeja\/#primaryimage","url":"https:\/\/www.iskreni.net\/trgovina\/wp-content\/uploads\/2025\/07\/Greta-Ganseforth-iz-Hedeja.png","contentUrl":"https:\/\/www.iskreni.net\/trgovina\/wp-content\/uploads\/2025\/07\/Greta-Ganseforth-iz-Hedeja.png","width":1276,"height":1276},{"@type":"BreadcrumbList","@id":"https:\/\/www.iskreni.net\/trgovina\/product\/greta-ganseforth-iz-hedeja\/#breadcrumb","itemListElement":[{"@type":"ListItem","position":1,"name":"Home","item":"https:\/\/www.iskreni.net\/trgovina\/"},{"@type":"ListItem","position":2,"name":"Trgovina","item":"https:\/\/www.iskreni.net\/trgovina\/trgovina\/"},{"@type":"ListItem","position":3,"name":"Greta Ganseforth iz Hedeja"}]},{"@type":"WebSite","@id":"https:\/\/www.iskreni.net\/trgovina\/#website","url":"https:\/\/www.iskreni.net\/trgovina\/","name":"Zavod Iskreni","description":"trgovina","potentialAction":[{"@type":"SearchAction","target":{"@type":"EntryPoint","urlTemplate":"https:\/\/www.iskreni.net\/trgovina\/?s={search_term_string}"},"query-input":{"@type":"PropertyValueSpecification","valueRequired":true,"valueName":"search_term_string"}}],"inLanguage":"sl-SI"}]}},"_links":{"self":[{"href":"https:\/\/www.iskreni.net\/trgovina\/wp-json\/wp\/v2\/product\/88403","targetHints":{"allow":["GET"]}}],"collection":[{"href":"https:\/\/www.iskreni.net\/trgovina\/wp-json\/wp\/v2\/product"}],"about":[{"href":"https:\/\/www.iskreni.net\/trgovina\/wp-json\/wp\/v2\/types\/product"}],"replies":[{"embeddable":true,"href":"https:\/\/www.iskreni.net\/trgovina\/wp-json\/wp\/v2\/comments?post=88403"}],"version-history":[{"count":3,"href":"https:\/\/www.iskreni.net\/trgovina\/wp-json\/wp\/v2\/product\/88403\/revisions"}],"predecessor-version":[{"id":88407,"href":"https:\/\/www.iskreni.net\/trgovina\/wp-json\/wp\/v2\/product\/88403\/revisions\/88407"}],"wp:featuredmedia":[{"embeddable":true,"href":"https:\/\/www.iskreni.net\/trgovina\/wp-json\/wp\/v2\/media\/88405"}],"wp:attachment":[{"href":"https:\/\/www.iskreni.net\/trgovina\/wp-json\/wp\/v2\/media?parent=88403"}],"wp:term":[{"taxonomy":"product_brand","embeddable":true,"href":"https:\/\/www.iskreni.net\/trgovina\/wp-json\/wp\/v2\/product_brand?post=88403"},{"taxonomy":"product_cat","embeddable":true,"href":"https:\/\/www.iskreni.net\/trgovina\/wp-json\/wp\/v2\/product_cat?post=88403"},{"taxonomy":"product_tag","embeddable":true,"href":"https:\/\/www.iskreni.net\/trgovina\/wp-json\/wp\/v2\/product_tag?post=88403"},{"taxonomy":"avtor","embeddable":true,"href":"https:\/\/www.iskreni.net\/trgovina\/wp-json\/wp\/v2\/avtor?post=88403"},{"taxonomy":"zalozba","embeddable":true,"href":"https:\/\/www.iskreni.net\/trgovina\/wp-json\/wp\/v2\/zalozba?post=88403"},{"taxonomy":"vezava","embeddable":true,"href":"https:\/\/www.iskreni.net\/trgovina\/wp-json\/wp\/v2\/vezava?post=88403"}],"curies":[{"name":"wp","href":"https:\/\/api.w.org\/{rel}","templated":true}]}}