{"id":88078,"date":"2025-07-09T15:37:19","date_gmt":"2025-07-09T13:37:19","guid":{"rendered":"https:\/\/www.iskreni.net\/trgovina\/?post_type=product&#038;p=88078"},"modified":"2025-11-27T14:37:04","modified_gmt":"2025-11-27T13:37:04","slug":"leon-xiv-nepricakovani-naslednik","status":"publish","type":"product","link":"https:\/\/www.iskreni.net\/trgovina\/product\/leon-xiv-nepricakovani-naslednik\/","title":{"rendered":"Leon XIV.: Nepri\u010dakovani naslednik"},"content":{"rendered":"<h3>O knjigi:<\/h3>\n<p><em>To\u010dno tam, kjer mora biti \u2013 radosten mimohod Svetega Duha.<\/em><\/p>\n<p><em>\u00bbTam je bil, v tistem prostoru, skupaj z nami pod klju\u010dem. Na\u0161a dol\u017enost je bila, da ga odkrijemo \u2026 Potem pa se je med glasovanjem nenadoma sam povabil k nam: ime kardinala Prevosta se je za\u010delo ponavljati glasovnica za glasovnico in je postopoma napolnilo celotno Sikstinsko kapelo. In on je bil tam, miren, ve\u010dino \u010dasa zaprtih o\u010di, zatopljen v molitev. Bil je izvoljen. Sprejel je. In tako je tukaj 266. Petrov naslednik z imenom Leon XIV.\u00ab<\/em><\/p>\n<p>\u00bbBratje in sestre, mir naj bo z vami vsemi!\u00ab Te prve besede nepri\u010dakovanega novega pape\u017ea so za\u010drtale nov pontifikat. Pape\u017e Leon XIV. je s solzo v o\u010desu za\u010duden stal na balkonu bazilike sv. Petra nad mno\u017eico pod seboj, preden se je brez naglice umaknil. Dajal je vtis, da je to\u010dno tam, kjer mora biti, in ne nekje drugje. V sredi\u0161\u010du Cerkve v vsej svoji preprostosti, ki je v slu\u017ebi miru, sam miren, nasmejan ve\u010djezi\u010dni pape\u017e, ob\u010dutljiv za tiso\u010dletno zgodovino Cerkve.<\/p>\n<p>Pri\u010devanje kardinala Jeana-Paula Vesca iz leto\u0161njega konklava je ob\u010duten uvod v biografijo, ki je v Franciji iz\u0161la samo 7 dni po izvolitvi novega pape\u017ea in v kateri je pisatelj Christophe Henning, novinar \u010dasopisa La Croix in voditelj na radiu RCF-Radio Notre-Dame, za vedno ujel hipni posnetek ob zori pontifikata Leona XIV., ki si ga bomo vsi zapomnili kot enega najbolj radostnih do\u017eivetij, kar jih je hkrati delila vesoljna Cerkev.<\/p>\n<p>Popi\u0161e dogajanje nekaj ve\u010d kot 24 ur konklava, ki je svetu dal nepri\u010dakovanega naslednika, prvega ameri\u0161kega pape\u017ea, in odzive na dni velikono\u010dnega \u010dasa, ki so nam po \u010dustvenem slovesu od pape\u017ea Fran\u010di\u0161ka v svetem letu upanja prinesli tako radosten sprejem novega voditelja Cerkve.<\/p>\n","protected":false},"excerpt":{"rendered":"<div><b>Strani<\/b>: 152<\/div>\n<div><b>Format<\/b>: 135 mm \u00d7 210 mm<\/div>\n<div><b>Leto izdaje<\/b>: 2025<\/div>\n<p>&nbsp;<\/p>\n","protected":false},"featured_media":88081,"comment_status":"open","ping_status":"closed","template":"","meta":[],"product_brand":[],"product_cat":[2325,63],"product_tag":[793,3171],"avtor":[3170],"zalozba":[2337],"vezava":[2306],"class_list":{"0":"post-88078","1":"product","2":"type-product","3":"status-publish","4":"has-post-thumbnail","6":"product_cat-leposlovje","7":"product_cat-knjige","8":"product_tag-biografija","9":"product_tag-papez","10":"avtor-christophe-henning","11":"zalozba-celjska-mohorjeva-druzba","12":"vezava-trda","14":"first","15":"onbackorder","16":"taxable","17":"shipping-taxable","18":"purchasable","19":"product-type-simple"},"yoast_head":"<!-- This site is optimized with the Yoast SEO plugin v26.3 - https:\/\/yoast.com\/wordpress\/plugins\/seo\/ -->\n<title>Leon XIV.: Nepri\u010dakovani naslednik<\/title>\n<meta name=\"description\" content=\"Popis dogajanja nekaj ve\u010d kot 24 ur konklava, ki je svetu dal nepri\u010dakovanega naslednika, prvega ameri\u0161kega pape\u017ea, in odzive na dni velikono\u010dnega \u010dasa, ki so nam po \u010dustvenem slovesu od pape\u017ea Fran\u010di\u0161ka v svetem letu upanja prinesli tako radosten sprejem novega voditelja Cerkve.\" \/>\n<meta name=\"robots\" content=\"index, follow, max-snippet:-1, max-image-preview:large, max-video-preview:-1\" \/>\n<link rel=\"canonical\" href=\"https:\/\/www.iskreni.net\/trgovina\/product\/leon-xiv-nepricakovani-naslednik\/\" \/>\n<meta property=\"og:locale\" content=\"sl_SI\" \/>\n<meta property=\"og:type\" content=\"article\" \/>\n<meta property=\"og:title\" content=\"Leon XIV.: Nepri\u010dakovani naslednik\" \/>\n<meta property=\"og:description\" content=\"Popis dogajanja nekaj ve\u010d kot 24 ur konklava, ki je svetu dal nepri\u010dakovanega naslednika, prvega ameri\u0161kega pape\u017ea, in odzive na dni velikono\u010dnega \u010dasa, ki so nam po \u010dustvenem slovesu od pape\u017ea Fran\u010di\u0161ka v svetem letu upanja prinesli tako radosten sprejem novega voditelja Cerkve.\" \/>\n<meta property=\"og:url\" content=\"https:\/\/www.iskreni.net\/trgovina\/product\/leon-xiv-nepricakovani-naslednik\/\" \/>\n<meta property=\"og:site_name\" content=\"Zavod Iskreni\" \/>\n<meta property=\"article:modified_time\" content=\"2025-11-27T13:37:04+00:00\" \/>\n<meta property=\"og:image\" content=\"https:\/\/www.iskreni.net\/trgovina\/wp-content\/uploads\/2025\/07\/Leon-XIV.png\" \/>\n\t<meta property=\"og:image:width\" content=\"1366\" \/>\n\t<meta property=\"og:image:height\" content=\"1366\" \/>\n\t<meta property=\"og:image:type\" content=\"image\/png\" \/>\n<meta name=\"twitter:card\" content=\"summary_large_image\" \/>\n<meta name=\"twitter:label1\" content=\"Est. reading time\" \/>\n\t<meta name=\"twitter:data1\" content=\"2 minuti\" \/>\n<script type=\"application\/ld+json\" class=\"yoast-schema-graph\">{\"@context\":\"https:\/\/schema.org\",\"@graph\":[{\"@type\":\"WebPage\",\"@id\":\"https:\/\/www.iskreni.net\/trgovina\/product\/leon-xiv-nepricakovani-naslednik\/\",\"url\":\"https:\/\/www.iskreni.net\/trgovina\/product\/leon-xiv-nepricakovani-naslednik\/\",\"name\":\"Leon XIV.: Nepri\u010dakovani naslednik\",\"isPartOf\":{\"@id\":\"https:\/\/www.iskreni.net\/trgovina\/#website\"},\"primaryImageOfPage\":{\"@id\":\"https:\/\/www.iskreni.net\/trgovina\/product\/leon-xiv-nepricakovani-naslednik\/#primaryimage\"},\"image\":{\"@id\":\"https:\/\/www.iskreni.net\/trgovina\/product\/leon-xiv-nepricakovani-naslednik\/#primaryimage\"},\"thumbnailUrl\":\"https:\/\/www.iskreni.net\/trgovina\/wp-content\/uploads\/2025\/07\/Leon-XIV.png\",\"datePublished\":\"2025-07-09T13:37:19+00:00\",\"dateModified\":\"2025-11-27T13:37:04+00:00\",\"description\":\"Popis dogajanja nekaj ve\u010d kot 24 ur konklava, ki je svetu dal nepri\u010dakovanega naslednika, prvega ameri\u0161kega pape\u017ea, in odzive na dni velikono\u010dnega \u010dasa, ki so nam po \u010dustvenem slovesu od pape\u017ea Fran\u010di\u0161ka v svetem letu upanja prinesli tako radosten sprejem novega voditelja Cerkve.\",\"breadcrumb\":{\"@id\":\"https:\/\/www.iskreni.net\/trgovina\/product\/leon-xiv-nepricakovani-naslednik\/#breadcrumb\"},\"inLanguage\":\"sl-SI\",\"potentialAction\":[{\"@type\":\"ReadAction\",\"target\":[\"https:\/\/www.iskreni.net\/trgovina\/product\/leon-xiv-nepricakovani-naslednik\/\"]}]},{\"@type\":\"ImageObject\",\"inLanguage\":\"sl-SI\",\"@id\":\"https:\/\/www.iskreni.net\/trgovina\/product\/leon-xiv-nepricakovani-naslednik\/#primaryimage\",\"url\":\"https:\/\/www.iskreni.net\/trgovina\/wp-content\/uploads\/2025\/07\/Leon-XIV.png\",\"contentUrl\":\"https:\/\/www.iskreni.net\/trgovina\/wp-content\/uploads\/2025\/07\/Leon-XIV.png\",\"width\":1366,\"height\":1366},{\"@type\":\"BreadcrumbList\",\"@id\":\"https:\/\/www.iskreni.net\/trgovina\/product\/leon-xiv-nepricakovani-naslednik\/#breadcrumb\",\"itemListElement\":[{\"@type\":\"ListItem\",\"position\":1,\"name\":\"Home\",\"item\":\"https:\/\/www.iskreni.net\/trgovina\/\"},{\"@type\":\"ListItem\",\"position\":2,\"name\":\"Trgovina\",\"item\":\"https:\/\/www.iskreni.net\/trgovina\/trgovina\/\"},{\"@type\":\"ListItem\",\"position\":3,\"name\":\"Leon XIV.: Nepri\u010dakovani naslednik\"}]},{\"@type\":\"WebSite\",\"@id\":\"https:\/\/www.iskreni.net\/trgovina\/#website\",\"url\":\"https:\/\/www.iskreni.net\/trgovina\/\",\"name\":\"Zavod Iskreni\",\"description\":\"trgovina\",\"potentialAction\":[{\"@type\":\"SearchAction\",\"target\":{\"@type\":\"EntryPoint\",\"urlTemplate\":\"https:\/\/www.iskreni.net\/trgovina\/?s={search_term_string}\"},\"query-input\":{\"@type\":\"PropertyValueSpecification\",\"valueRequired\":true,\"valueName\":\"search_term_string\"}}],\"inLanguage\":\"sl-SI\"}]}<\/script>\n<!-- \/ Yoast SEO plugin. -->","yoast_head_json":{"title":"Leon XIV.: Nepri\u010dakovani naslednik","description":"Popis dogajanja nekaj ve\u010d kot 24 ur konklava, ki je svetu dal nepri\u010dakovanega naslednika, prvega ameri\u0161kega pape\u017ea, in odzive na dni velikono\u010dnega \u010dasa, ki so nam po \u010dustvenem slovesu od pape\u017ea Fran\u010di\u0161ka v svetem letu upanja prinesli tako radosten sprejem novega voditelja Cerkve.","robots":{"index":"index","follow":"follow","max-snippet":"max-snippet:-1","max-image-preview":"max-image-preview:large","max-video-preview":"max-video-preview:-1"},"canonical":"https:\/\/www.iskreni.net\/trgovina\/product\/leon-xiv-nepricakovani-naslednik\/","og_locale":"sl_SI","og_type":"article","og_title":"Leon XIV.: Nepri\u010dakovani naslednik","og_description":"Popis dogajanja nekaj ve\u010d kot 24 ur konklava, ki je svetu dal nepri\u010dakovanega naslednika, prvega ameri\u0161kega pape\u017ea, in odzive na dni velikono\u010dnega \u010dasa, ki so nam po \u010dustvenem slovesu od pape\u017ea Fran\u010di\u0161ka v svetem letu upanja prinesli tako radosten sprejem novega voditelja Cerkve.","og_url":"https:\/\/www.iskreni.net\/trgovina\/product\/leon-xiv-nepricakovani-naslednik\/","og_site_name":"Zavod Iskreni","article_modified_time":"2025-11-27T13:37:04+00:00","og_image":[{"width":1366,"height":1366,"url":"https:\/\/www.iskreni.net\/trgovina\/wp-content\/uploads\/2025\/07\/Leon-XIV.png","type":"image\/png"}],"twitter_card":"summary_large_image","twitter_misc":{"Est. reading time":"2 minuti"},"schema":{"@context":"https:\/\/schema.org","@graph":[{"@type":"WebPage","@id":"https:\/\/www.iskreni.net\/trgovina\/product\/leon-xiv-nepricakovani-naslednik\/","url":"https:\/\/www.iskreni.net\/trgovina\/product\/leon-xiv-nepricakovani-naslednik\/","name":"Leon XIV.: Nepri\u010dakovani naslednik","isPartOf":{"@id":"https:\/\/www.iskreni.net\/trgovina\/#website"},"primaryImageOfPage":{"@id":"https:\/\/www.iskreni.net\/trgovina\/product\/leon-xiv-nepricakovani-naslednik\/#primaryimage"},"image":{"@id":"https:\/\/www.iskreni.net\/trgovina\/product\/leon-xiv-nepricakovani-naslednik\/#primaryimage"},"thumbnailUrl":"https:\/\/www.iskreni.net\/trgovina\/wp-content\/uploads\/2025\/07\/Leon-XIV.png","datePublished":"2025-07-09T13:37:19+00:00","dateModified":"2025-11-27T13:37:04+00:00","description":"Popis dogajanja nekaj ve\u010d kot 24 ur konklava, ki je svetu dal nepri\u010dakovanega naslednika, prvega ameri\u0161kega pape\u017ea, in odzive na dni velikono\u010dnega \u010dasa, ki so nam po \u010dustvenem slovesu od pape\u017ea Fran\u010di\u0161ka v svetem letu upanja prinesli tako radosten sprejem novega voditelja Cerkve.","breadcrumb":{"@id":"https:\/\/www.iskreni.net\/trgovina\/product\/leon-xiv-nepricakovani-naslednik\/#breadcrumb"},"inLanguage":"sl-SI","potentialAction":[{"@type":"ReadAction","target":["https:\/\/www.iskreni.net\/trgovina\/product\/leon-xiv-nepricakovani-naslednik\/"]}]},{"@type":"ImageObject","inLanguage":"sl-SI","@id":"https:\/\/www.iskreni.net\/trgovina\/product\/leon-xiv-nepricakovani-naslednik\/#primaryimage","url":"https:\/\/www.iskreni.net\/trgovina\/wp-content\/uploads\/2025\/07\/Leon-XIV.png","contentUrl":"https:\/\/www.iskreni.net\/trgovina\/wp-content\/uploads\/2025\/07\/Leon-XIV.png","width":1366,"height":1366},{"@type":"BreadcrumbList","@id":"https:\/\/www.iskreni.net\/trgovina\/product\/leon-xiv-nepricakovani-naslednik\/#breadcrumb","itemListElement":[{"@type":"ListItem","position":1,"name":"Home","item":"https:\/\/www.iskreni.net\/trgovina\/"},{"@type":"ListItem","position":2,"name":"Trgovina","item":"https:\/\/www.iskreni.net\/trgovina\/trgovina\/"},{"@type":"ListItem","position":3,"name":"Leon XIV.: Nepri\u010dakovani naslednik"}]},{"@type":"WebSite","@id":"https:\/\/www.iskreni.net\/trgovina\/#website","url":"https:\/\/www.iskreni.net\/trgovina\/","name":"Zavod Iskreni","description":"trgovina","potentialAction":[{"@type":"SearchAction","target":{"@type":"EntryPoint","urlTemplate":"https:\/\/www.iskreni.net\/trgovina\/?s={search_term_string}"},"query-input":{"@type":"PropertyValueSpecification","valueRequired":true,"valueName":"search_term_string"}}],"inLanguage":"sl-SI"}]}},"_links":{"self":[{"href":"https:\/\/www.iskreni.net\/trgovina\/wp-json\/wp\/v2\/product\/88078","targetHints":{"allow":["GET"]}}],"collection":[{"href":"https:\/\/www.iskreni.net\/trgovina\/wp-json\/wp\/v2\/product"}],"about":[{"href":"https:\/\/www.iskreni.net\/trgovina\/wp-json\/wp\/v2\/types\/product"}],"replies":[{"embeddable":true,"href":"https:\/\/www.iskreni.net\/trgovina\/wp-json\/wp\/v2\/comments?post=88078"}],"version-history":[{"count":3,"href":"https:\/\/www.iskreni.net\/trgovina\/wp-json\/wp\/v2\/product\/88078\/revisions"}],"predecessor-version":[{"id":88083,"href":"https:\/\/www.iskreni.net\/trgovina\/wp-json\/wp\/v2\/product\/88078\/revisions\/88083"}],"wp:featuredmedia":[{"embeddable":true,"href":"https:\/\/www.iskreni.net\/trgovina\/wp-json\/wp\/v2\/media\/88081"}],"wp:attachment":[{"href":"https:\/\/www.iskreni.net\/trgovina\/wp-json\/wp\/v2\/media?parent=88078"}],"wp:term":[{"taxonomy":"product_brand","embeddable":true,"href":"https:\/\/www.iskreni.net\/trgovina\/wp-json\/wp\/v2\/product_brand?post=88078"},{"taxonomy":"product_cat","embeddable":true,"href":"https:\/\/www.iskreni.net\/trgovina\/wp-json\/wp\/v2\/product_cat?post=88078"},{"taxonomy":"product_tag","embeddable":true,"href":"https:\/\/www.iskreni.net\/trgovina\/wp-json\/wp\/v2\/product_tag?post=88078"},{"taxonomy":"avtor","embeddable":true,"href":"https:\/\/www.iskreni.net\/trgovina\/wp-json\/wp\/v2\/avtor?post=88078"},{"taxonomy":"zalozba","embeddable":true,"href":"https:\/\/www.iskreni.net\/trgovina\/wp-json\/wp\/v2\/zalozba?post=88078"},{"taxonomy":"vezava","embeddable":true,"href":"https:\/\/www.iskreni.net\/trgovina\/wp-json\/wp\/v2\/vezava?post=88078"}],"curies":[{"name":"wp","href":"https:\/\/api.w.org\/{rel}","templated":true}]}}