{"id":86716,"date":"2025-05-05T09:23:04","date_gmt":"2025-05-05T07:23:04","guid":{"rendered":"https:\/\/www.iskreni.net\/trgovina\/?post_type=product&#038;p=86716"},"modified":"2025-05-09T10:25:05","modified_gmt":"2025-05-09T08:25:05","slug":"avtizem-kaj-narediti-in-cesa-ne","status":"publish","type":"product","link":"https:\/\/www.iskreni.net\/trgovina\/product\/avtizem-kaj-narediti-in-cesa-ne\/","title":{"rendered":"Avtizem : kaj narediti (in \u010desa ne)"},"content":{"rendered":"<h3 class=\"ie-h2 tw-pb-5 tw-font-bold\">O knjigi<\/h3>\n<div>\n<div data-content-type=\"row\" data-appearance=\"contained\" data-element=\"main\">\n<div data-enable-parallax=\"0\" data-parallax-speed=\"0.5\" data-background-images=\"{}\" data-background-type=\"image\" data-video-loop=\"true\" data-video-play-only-visible=\"true\" data-video-lazy-load=\"true\" data-video-fallback-src=\"\" data-element=\"inner\" data-pb-style=\"GR6YJYJ\">\n<div data-content-type=\"text\" data-appearance=\"default\" data-element=\"main\">\n<p>Avtor, profesor\u00a0<strong>Marco Pontis<\/strong>, v knjigi\u00a0<strong>Avtizem: kaj narediti (in \u010desa ne)\u00a0<\/strong>ponuja prakti\u010dne nasvete za izbolj\u0161anje vedenja otrok z avtizmom, ki temeljijo na usklajenem delu u\u010diteljev, strokovnjakov in star\u0161ev.<\/p>\n<p>Knjiga razlaga\u00a0<strong>15 zna\u010dilnih vedenj avtizma in vsebuje kratka navodila, kako ukrepati v razredu ter kako sodelovati s star\u0161i.\u00a0<\/strong>Poleg tega priro\u010dnik vklju\u010duje nasvete za strukturiranje u\u010dnega okolja in strokovne nasvete za u\u010dinkovito delo z otroki z avtizmom.<\/p>\n<\/div>\n<\/div>\n<\/div>\n<\/div>\n","protected":false},"excerpt":{"rendered":"<p><strong>\u0160tevilo strani: <\/strong>152<strong><br \/>\n<\/strong><strong>Format:<\/strong> 140 \u00d7 210 mm<br \/>\n<strong>Leto izdaje:<\/strong> 2024<\/p>\n","protected":false},"featured_media":86717,"comment_status":"open","ping_status":"closed","template":"","meta":[],"product_brand":[],"product_cat":[2327,63],"product_tag":[2133,3033,3037,3034,3038],"avtor":[3036],"zalozba":[3040],"vezava":[2307],"class_list":{"0":"post-86716","1":"product","2":"type-product","3":"status-publish","4":"has-post-thumbnail","6":"product_cat-prirocniki-in-vodniki","7":"product_cat-knjige","8":"product_tag-avtizem","9":"product_tag-nasveti","10":"product_tag-stersevstvo","11":"product_tag-vedenje","12":"product_tag-vzgoja-otrok","13":"avtor-marco-pontis","14":"zalozba-dzs","15":"vezava-mehka","17":"first","18":"onbackorder","19":"taxable","20":"shipping-taxable","21":"purchasable","22":"product-type-simple"},"yoast_head":"<!-- This site is optimized with the Yoast SEO plugin v26.3 - https:\/\/yoast.com\/wordpress\/plugins\/seo\/ -->\n<title>Avtizem : kaj narediti (in \u010desa ne) - trgovina Zavod Iskreni<\/title>\n<meta name=\"description\" content=\"Priro\u010dnik Avtizem: kaj narediti (in \u010desa ne) - Hiter vodi\u010d za u\u010ditelje v osnovnih \u0161olah je namenjen u\u010diteljem, star\u0161em in vsem, ki se ukvarjajo z otroki z avtizmom.\" \/>\n<meta name=\"robots\" content=\"index, follow, max-snippet:-1, max-image-preview:large, max-video-preview:-1\" \/>\n<link rel=\"canonical\" href=\"https:\/\/www.iskreni.net\/trgovina\/product\/avtizem-kaj-narediti-in-cesa-ne\/\" \/>\n<meta property=\"og:locale\" content=\"sl_SI\" \/>\n<meta property=\"og:type\" content=\"article\" \/>\n<meta property=\"og:title\" content=\"Postanimo prijatelji Svetega Duha\" \/>\n<meta property=\"og:description\" content=\"Priro\u010dnik Avtizem: kaj narediti (in \u010desa ne) - Hiter vodi\u010d za u\u010ditelje v osnovnih \u0161olah je namenjen u\u010diteljem, star\u0161em in vsem, ki se ukvarjajo z otroki z avtizmom.\" \/>\n<meta property=\"og:url\" content=\"https:\/\/www.iskreni.net\/trgovina\/product\/avtizem-kaj-narediti-in-cesa-ne\/\" \/>\n<meta property=\"og:site_name\" content=\"Zavod Iskreni\" \/>\n<meta property=\"article:modified_time\" content=\"2025-05-09T08:25:05+00:00\" \/>\n<meta property=\"og:image\" content=\"https:\/\/www.iskreni.net\/trgovina\/wp-content\/uploads\/2025\/05\/avtizem_kaj_narediti_1.jpg\" \/>\n\t<meta property=\"og:image:width\" content=\"532\" \/>\n\t<meta property=\"og:image:height\" content=\"536\" \/>\n\t<meta property=\"og:image:type\" content=\"image\/jpeg\" \/>\n<meta name=\"twitter:card\" content=\"summary_large_image\" \/>\n<meta name=\"twitter:label1\" content=\"Est. reading time\" \/>\n\t<meta name=\"twitter:data1\" content=\"1 minuta\" \/>\n<script type=\"application\/ld+json\" class=\"yoast-schema-graph\">{\"@context\":\"https:\/\/schema.org\",\"@graph\":[{\"@type\":\"WebPage\",\"@id\":\"https:\/\/www.iskreni.net\/trgovina\/product\/avtizem-kaj-narediti-in-cesa-ne\/\",\"url\":\"https:\/\/www.iskreni.net\/trgovina\/product\/avtizem-kaj-narediti-in-cesa-ne\/\",\"name\":\"Avtizem : kaj narediti (in \u010desa ne) - trgovina Zavod Iskreni\",\"isPartOf\":{\"@id\":\"https:\/\/www.iskreni.net\/trgovina\/#website\"},\"primaryImageOfPage\":{\"@id\":\"https:\/\/www.iskreni.net\/trgovina\/product\/avtizem-kaj-narediti-in-cesa-ne\/#primaryimage\"},\"image\":{\"@id\":\"https:\/\/www.iskreni.net\/trgovina\/product\/avtizem-kaj-narediti-in-cesa-ne\/#primaryimage\"},\"thumbnailUrl\":\"https:\/\/www.iskreni.net\/trgovina\/wp-content\/uploads\/2025\/05\/avtizem_kaj_narediti_1.jpg\",\"datePublished\":\"2025-05-05T07:23:04+00:00\",\"dateModified\":\"2025-05-09T08:25:05+00:00\",\"description\":\"Priro\u010dnik Avtizem: kaj narediti (in \u010desa ne) - Hiter vodi\u010d za u\u010ditelje v osnovnih \u0161olah je namenjen u\u010diteljem, star\u0161em in vsem, ki se ukvarjajo z otroki z avtizmom.\",\"breadcrumb\":{\"@id\":\"https:\/\/www.iskreni.net\/trgovina\/product\/avtizem-kaj-narediti-in-cesa-ne\/#breadcrumb\"},\"inLanguage\":\"sl-SI\",\"potentialAction\":[{\"@type\":\"ReadAction\",\"target\":[\"https:\/\/www.iskreni.net\/trgovina\/product\/avtizem-kaj-narediti-in-cesa-ne\/\"]}]},{\"@type\":\"ImageObject\",\"inLanguage\":\"sl-SI\",\"@id\":\"https:\/\/www.iskreni.net\/trgovina\/product\/avtizem-kaj-narediti-in-cesa-ne\/#primaryimage\",\"url\":\"https:\/\/www.iskreni.net\/trgovina\/wp-content\/uploads\/2025\/05\/avtizem_kaj_narediti_1.jpg\",\"contentUrl\":\"https:\/\/www.iskreni.net\/trgovina\/wp-content\/uploads\/2025\/05\/avtizem_kaj_narediti_1.jpg\",\"width\":532,\"height\":536,\"caption\":\"Priro\u010dnik Avtizem: kaj narediti (in \u010desa ne)\"},{\"@type\":\"BreadcrumbList\",\"@id\":\"https:\/\/www.iskreni.net\/trgovina\/product\/avtizem-kaj-narediti-in-cesa-ne\/#breadcrumb\",\"itemListElement\":[{\"@type\":\"ListItem\",\"position\":1,\"name\":\"Home\",\"item\":\"https:\/\/www.iskreni.net\/trgovina\/\"},{\"@type\":\"ListItem\",\"position\":2,\"name\":\"Trgovina\",\"item\":\"https:\/\/www.iskreni.net\/trgovina\/trgovina\/\"},{\"@type\":\"ListItem\",\"position\":3,\"name\":\"Avtizem : kaj narediti (in \u010desa ne)\"}]},{\"@type\":\"WebSite\",\"@id\":\"https:\/\/www.iskreni.net\/trgovina\/#website\",\"url\":\"https:\/\/www.iskreni.net\/trgovina\/\",\"name\":\"Zavod Iskreni\",\"description\":\"trgovina\",\"potentialAction\":[{\"@type\":\"SearchAction\",\"target\":{\"@type\":\"EntryPoint\",\"urlTemplate\":\"https:\/\/www.iskreni.net\/trgovina\/?s={search_term_string}\"},\"query-input\":{\"@type\":\"PropertyValueSpecification\",\"valueRequired\":true,\"valueName\":\"search_term_string\"}}],\"inLanguage\":\"sl-SI\"}]}<\/script>\n<!-- \/ Yoast SEO plugin. -->","yoast_head_json":{"title":"Avtizem : kaj narediti (in \u010desa ne) - trgovina Zavod Iskreni","description":"Priro\u010dnik Avtizem: kaj narediti (in \u010desa ne) - Hiter vodi\u010d za u\u010ditelje v osnovnih \u0161olah je namenjen u\u010diteljem, star\u0161em in vsem, ki se ukvarjajo z otroki z avtizmom.","robots":{"index":"index","follow":"follow","max-snippet":"max-snippet:-1","max-image-preview":"max-image-preview:large","max-video-preview":"max-video-preview:-1"},"canonical":"https:\/\/www.iskreni.net\/trgovina\/product\/avtizem-kaj-narediti-in-cesa-ne\/","og_locale":"sl_SI","og_type":"article","og_title":"Postanimo prijatelji Svetega Duha","og_description":"Priro\u010dnik Avtizem: kaj narediti (in \u010desa ne) - Hiter vodi\u010d za u\u010ditelje v osnovnih \u0161olah je namenjen u\u010diteljem, star\u0161em in vsem, ki se ukvarjajo z otroki z avtizmom.","og_url":"https:\/\/www.iskreni.net\/trgovina\/product\/avtizem-kaj-narediti-in-cesa-ne\/","og_site_name":"Zavod Iskreni","article_modified_time":"2025-05-09T08:25:05+00:00","og_image":[{"width":532,"height":536,"url":"https:\/\/www.iskreni.net\/trgovina\/wp-content\/uploads\/2025\/05\/avtizem_kaj_narediti_1.jpg","type":"image\/jpeg"}],"twitter_card":"summary_large_image","twitter_misc":{"Est. reading time":"1 minuta"},"schema":{"@context":"https:\/\/schema.org","@graph":[{"@type":"WebPage","@id":"https:\/\/www.iskreni.net\/trgovina\/product\/avtizem-kaj-narediti-in-cesa-ne\/","url":"https:\/\/www.iskreni.net\/trgovina\/product\/avtizem-kaj-narediti-in-cesa-ne\/","name":"Avtizem : kaj narediti (in \u010desa ne) - trgovina Zavod Iskreni","isPartOf":{"@id":"https:\/\/www.iskreni.net\/trgovina\/#website"},"primaryImageOfPage":{"@id":"https:\/\/www.iskreni.net\/trgovina\/product\/avtizem-kaj-narediti-in-cesa-ne\/#primaryimage"},"image":{"@id":"https:\/\/www.iskreni.net\/trgovina\/product\/avtizem-kaj-narediti-in-cesa-ne\/#primaryimage"},"thumbnailUrl":"https:\/\/www.iskreni.net\/trgovina\/wp-content\/uploads\/2025\/05\/avtizem_kaj_narediti_1.jpg","datePublished":"2025-05-05T07:23:04+00:00","dateModified":"2025-05-09T08:25:05+00:00","description":"Priro\u010dnik Avtizem: kaj narediti (in \u010desa ne) - Hiter vodi\u010d za u\u010ditelje v osnovnih \u0161olah je namenjen u\u010diteljem, star\u0161em in vsem, ki se ukvarjajo z otroki z avtizmom.","breadcrumb":{"@id":"https:\/\/www.iskreni.net\/trgovina\/product\/avtizem-kaj-narediti-in-cesa-ne\/#breadcrumb"},"inLanguage":"sl-SI","potentialAction":[{"@type":"ReadAction","target":["https:\/\/www.iskreni.net\/trgovina\/product\/avtizem-kaj-narediti-in-cesa-ne\/"]}]},{"@type":"ImageObject","inLanguage":"sl-SI","@id":"https:\/\/www.iskreni.net\/trgovina\/product\/avtizem-kaj-narediti-in-cesa-ne\/#primaryimage","url":"https:\/\/www.iskreni.net\/trgovina\/wp-content\/uploads\/2025\/05\/avtizem_kaj_narediti_1.jpg","contentUrl":"https:\/\/www.iskreni.net\/trgovina\/wp-content\/uploads\/2025\/05\/avtizem_kaj_narediti_1.jpg","width":532,"height":536,"caption":"Priro\u010dnik Avtizem: kaj narediti (in \u010desa ne)"},{"@type":"BreadcrumbList","@id":"https:\/\/www.iskreni.net\/trgovina\/product\/avtizem-kaj-narediti-in-cesa-ne\/#breadcrumb","itemListElement":[{"@type":"ListItem","position":1,"name":"Home","item":"https:\/\/www.iskreni.net\/trgovina\/"},{"@type":"ListItem","position":2,"name":"Trgovina","item":"https:\/\/www.iskreni.net\/trgovina\/trgovina\/"},{"@type":"ListItem","position":3,"name":"Avtizem : kaj narediti (in \u010desa ne)"}]},{"@type":"WebSite","@id":"https:\/\/www.iskreni.net\/trgovina\/#website","url":"https:\/\/www.iskreni.net\/trgovina\/","name":"Zavod Iskreni","description":"trgovina","potentialAction":[{"@type":"SearchAction","target":{"@type":"EntryPoint","urlTemplate":"https:\/\/www.iskreni.net\/trgovina\/?s={search_term_string}"},"query-input":{"@type":"PropertyValueSpecification","valueRequired":true,"valueName":"search_term_string"}}],"inLanguage":"sl-SI"}]}},"_links":{"self":[{"href":"https:\/\/www.iskreni.net\/trgovina\/wp-json\/wp\/v2\/product\/86716","targetHints":{"allow":["GET"]}}],"collection":[{"href":"https:\/\/www.iskreni.net\/trgovina\/wp-json\/wp\/v2\/product"}],"about":[{"href":"https:\/\/www.iskreni.net\/trgovina\/wp-json\/wp\/v2\/types\/product"}],"replies":[{"embeddable":true,"href":"https:\/\/www.iskreni.net\/trgovina\/wp-json\/wp\/v2\/comments?post=86716"}],"version-history":[{"count":1,"href":"https:\/\/www.iskreni.net\/trgovina\/wp-json\/wp\/v2\/product\/86716\/revisions"}],"predecessor-version":[{"id":86718,"href":"https:\/\/www.iskreni.net\/trgovina\/wp-json\/wp\/v2\/product\/86716\/revisions\/86718"}],"wp:featuredmedia":[{"embeddable":true,"href":"https:\/\/www.iskreni.net\/trgovina\/wp-json\/wp\/v2\/media\/86717"}],"wp:attachment":[{"href":"https:\/\/www.iskreni.net\/trgovina\/wp-json\/wp\/v2\/media?parent=86716"}],"wp:term":[{"taxonomy":"product_brand","embeddable":true,"href":"https:\/\/www.iskreni.net\/trgovina\/wp-json\/wp\/v2\/product_brand?post=86716"},{"taxonomy":"product_cat","embeddable":true,"href":"https:\/\/www.iskreni.net\/trgovina\/wp-json\/wp\/v2\/product_cat?post=86716"},{"taxonomy":"product_tag","embeddable":true,"href":"https:\/\/www.iskreni.net\/trgovina\/wp-json\/wp\/v2\/product_tag?post=86716"},{"taxonomy":"avtor","embeddable":true,"href":"https:\/\/www.iskreni.net\/trgovina\/wp-json\/wp\/v2\/avtor?post=86716"},{"taxonomy":"zalozba","embeddable":true,"href":"https:\/\/www.iskreni.net\/trgovina\/wp-json\/wp\/v2\/zalozba?post=86716"},{"taxonomy":"vezava","embeddable":true,"href":"https:\/\/www.iskreni.net\/trgovina\/wp-json\/wp\/v2\/vezava?post=86716"}],"curies":[{"name":"wp","href":"https:\/\/api.w.org\/{rel}","templated":true}]}}