{"id":86421,"date":"2025-04-16T09:29:14","date_gmt":"2025-04-16T07:29:14","guid":{"rendered":"https:\/\/www.iskreni.net\/trgovina\/?post_type=product&#038;p=86421"},"modified":"2025-09-17T13:24:06","modified_gmt":"2025-09-17T11:24:06","slug":"sreckonstrip","status":"publish","type":"product","link":"https:\/\/www.iskreni.net\/trgovina\/product\/sreckonstrip\/","title":{"rendered":"Sre\u010dkonstrip"},"content":{"rendered":"<h3 class=\"ie-h2 tw-pb-5 tw-font-bold\">O knjigi<\/h3>\n<div>\n<p>\u0160krateljc v zbirki velikih epskih zgodb z velikim veseljem in ponosom najavlja izid stripa SRE\u010cKONSTRIP.\u00a0<strong>Dinami\u010den in vseskozi poeti\u010den strip pri\u010dara kra\u0161ko du\u0161o pesnika Sre\u010dka Kosovela, \u010digar poezija je aktualna \u0161e danes in bo aktualna tudi jutri.<\/strong><\/p>\n<p>Hkrati pa strip Kosovela umesti v univerzalni kontekst njegovih svetovnih sodobnikov iz sveta umetnosti. SRE\u010cKONSTRIP je prava mala \u201csvetovna zgodovina Kosovelove umetnosti\u201d.<\/p>\n<p>Strip SRE\u010cKONSTRIP je posve\u010den Sre\u010dku Kosovelu in se dotakne vseh njegovih ustvarjalnih svetov, od lirike Krasa do ekspresionizma, od konstruktivizma do futurizma. Kosovelova poezija v stripu zazveni izjemno tanko\u010dutno, stripovske ilustracije Jaka Vukoti\u010da so v neverjetnem sozvo\u010dju s Kosovelovo poezijo in dramaturgijo stripa, za katero je poskrbel pisatelj in pesnik \u017diga X Gomba\u010d. Imenitno spremno besedilo z vpogledom v pesnikovo \u017eivljenje in ustvarjalni opus je prispevala Mateja Kralj, sicer skrbnica Kosovelove sobe v Se\u017eani in Kosovelove doma\u010dije v Tomaju ter predsednica dru\u0161tva Konstruktivist.<\/p>\n<p>SRE\u010cKONSTRIP je nastal iz ljubezni do Kosovelove poezije, a SRE\u010cKONSTRIP bo Kosovelovo poezijo skozi izvirno stripovsko estetiko pribli\u017eal dana\u0161njim bralcem, mladim in odraslim, na vsebinski in \u010dustveni ravni. SRE\u010cKONSTRIP je poklon Kosovelu v \u010dasu, ko bomo leta 2026 obele\u017eili 100 letnico pesnikove smrti. Poezija Sre\u010dka Kosovela je epska in \u017eiva, radovedna in prodorna, kriti\u010dna ter razmi\u0161ljujo\u010da. In prav tak\u0161en je tudi SRE\u010cKONSTRIP.<\/p>\n<p>Knjiga je iz\u0161la s podporo JAK RS in v sodelovanju z Ob\u010dino Se\u017eana v sklopu Kosovelovega leta 2026.<\/p>\n<p><strong>Navdu\u0161il vas bo za branje poezije!<\/strong><\/p>\n<\/div>\n","protected":false},"excerpt":{"rendered":"<p><strong>\u0160tevilo strani: <\/strong>86<strong><br \/>\n<\/strong><strong>Format:<\/strong> 240 \u00d7 170 mm<br \/>\n<strong>Leto izdaje:<\/strong> 2025<\/p>\n","protected":false},"featured_media":86422,"comment_status":"open","ping_status":"closed","template":"","meta":[],"product_brand":[],"product_cat":[2350,63],"product_tag":[3015,3016,2666],"avtor":[2691,3014],"zalozba":[2315],"vezava":[2307],"class_list":{"0":"post-86421","1":"product","2":"type-product","3":"status-publish","4":"has-post-thumbnail","6":"product_cat-za-mlade","7":"product_cat-knjige","8":"product_tag-pesnik","9":"product_tag-poezija","10":"product_tag-strip","11":"avtor-jaka-vukotic","12":"avtor-ziga-x-gombac","13":"zalozba-skrateljc","14":"vezava-mehka","16":"first","17":"onbackorder","18":"taxable","19":"shipping-taxable","20":"purchasable","21":"product-type-simple"},"yoast_head":"<!-- This site is optimized with the Yoast SEO plugin v26.3 - https:\/\/yoast.com\/wordpress\/plugins\/seo\/ -->\n<title>Sre\u010dkonstrip - trgovina Zavod Iskreni<\/title>\n<meta name=\"description\" content=\"\u0160krateljc v zbirki velikih epskih zgodb z velikim veseljem in ponosom najavlja izid stripa SRE\u010cKONSTRIP, ki pri\u010dara kra\u0161ko du\u0161o pesnika Sre\u010dka Kosovela.\" \/>\n<meta name=\"robots\" content=\"index, follow, max-snippet:-1, max-image-preview:large, max-video-preview:-1\" \/>\n<link rel=\"canonical\" href=\"https:\/\/www.iskreni.net\/trgovina\/product\/sreckonstrip\/\" \/>\n<meta property=\"og:locale\" content=\"sl_SI\" \/>\n<meta property=\"og:type\" content=\"article\" \/>\n<meta property=\"og:title\" content=\"Postanimo prijatelji Svetega Duha\" \/>\n<meta property=\"og:description\" content=\"\u0160krateljc v zbirki velikih epskih zgodb z velikim veseljem in ponosom najavlja izid stripa SRE\u010cKONSTRIP, ki pri\u010dara kra\u0161ko du\u0161o pesnika Sre\u010dka Kosovela.\" \/>\n<meta property=\"og:url\" content=\"https:\/\/www.iskreni.net\/trgovina\/product\/sreckonstrip\/\" \/>\n<meta property=\"og:site_name\" content=\"Zavod Iskreni\" \/>\n<meta property=\"article:modified_time\" content=\"2025-09-17T11:24:06+00:00\" \/>\n<meta property=\"og:image\" content=\"https:\/\/www.iskreni.net\/trgovina\/wp-content\/uploads\/2025\/04\/srec.jpg\" \/>\n\t<meta property=\"og:image:width\" content=\"725\" \/>\n\t<meta property=\"og:image:height\" content=\"725\" \/>\n\t<meta property=\"og:image:type\" content=\"image\/jpeg\" \/>\n<meta name=\"twitter:card\" content=\"summary_large_image\" \/>\n<meta name=\"twitter:label1\" content=\"Est. reading time\" \/>\n\t<meta name=\"twitter:data1\" content=\"2 minuti\" \/>\n<script type=\"application\/ld+json\" class=\"yoast-schema-graph\">{\"@context\":\"https:\/\/schema.org\",\"@graph\":[{\"@type\":\"WebPage\",\"@id\":\"https:\/\/www.iskreni.net\/trgovina\/product\/sreckonstrip\/\",\"url\":\"https:\/\/www.iskreni.net\/trgovina\/product\/sreckonstrip\/\",\"name\":\"Sre\u010dkonstrip - trgovina Zavod Iskreni\",\"isPartOf\":{\"@id\":\"https:\/\/www.iskreni.net\/trgovina\/#website\"},\"primaryImageOfPage\":{\"@id\":\"https:\/\/www.iskreni.net\/trgovina\/product\/sreckonstrip\/#primaryimage\"},\"image\":{\"@id\":\"https:\/\/www.iskreni.net\/trgovina\/product\/sreckonstrip\/#primaryimage\"},\"thumbnailUrl\":\"https:\/\/www.iskreni.net\/trgovina\/wp-content\/uploads\/2025\/04\/srec.jpg\",\"datePublished\":\"2025-04-16T07:29:14+00:00\",\"dateModified\":\"2025-09-17T11:24:06+00:00\",\"description\":\"\u0160krateljc v zbirki velikih epskih zgodb z velikim veseljem in ponosom najavlja izid stripa SRE\u010cKONSTRIP, ki pri\u010dara kra\u0161ko du\u0161o pesnika Sre\u010dka Kosovela.\",\"breadcrumb\":{\"@id\":\"https:\/\/www.iskreni.net\/trgovina\/product\/sreckonstrip\/#breadcrumb\"},\"inLanguage\":\"sl-SI\",\"potentialAction\":[{\"@type\":\"ReadAction\",\"target\":[\"https:\/\/www.iskreni.net\/trgovina\/product\/sreckonstrip\/\"]}]},{\"@type\":\"ImageObject\",\"inLanguage\":\"sl-SI\",\"@id\":\"https:\/\/www.iskreni.net\/trgovina\/product\/sreckonstrip\/#primaryimage\",\"url\":\"https:\/\/www.iskreni.net\/trgovina\/wp-content\/uploads\/2025\/04\/srec.jpg\",\"contentUrl\":\"https:\/\/www.iskreni.net\/trgovina\/wp-content\/uploads\/2025\/04\/srec.jpg\",\"width\":725,\"height\":725,\"caption\":\"Sre\u010dkonstrip\"},{\"@type\":\"BreadcrumbList\",\"@id\":\"https:\/\/www.iskreni.net\/trgovina\/product\/sreckonstrip\/#breadcrumb\",\"itemListElement\":[{\"@type\":\"ListItem\",\"position\":1,\"name\":\"Home\",\"item\":\"https:\/\/www.iskreni.net\/trgovina\/\"},{\"@type\":\"ListItem\",\"position\":2,\"name\":\"Trgovina\",\"item\":\"https:\/\/www.iskreni.net\/trgovina\/trgovina\/\"},{\"@type\":\"ListItem\",\"position\":3,\"name\":\"Sre\u010dkonstrip\"}]},{\"@type\":\"WebSite\",\"@id\":\"https:\/\/www.iskreni.net\/trgovina\/#website\",\"url\":\"https:\/\/www.iskreni.net\/trgovina\/\",\"name\":\"Zavod Iskreni\",\"description\":\"trgovina\",\"potentialAction\":[{\"@type\":\"SearchAction\",\"target\":{\"@type\":\"EntryPoint\",\"urlTemplate\":\"https:\/\/www.iskreni.net\/trgovina\/?s={search_term_string}\"},\"query-input\":{\"@type\":\"PropertyValueSpecification\",\"valueRequired\":true,\"valueName\":\"search_term_string\"}}],\"inLanguage\":\"sl-SI\"}]}<\/script>\n<!-- \/ Yoast SEO plugin. -->","yoast_head_json":{"title":"Sre\u010dkonstrip - trgovina Zavod Iskreni","description":"\u0160krateljc v zbirki velikih epskih zgodb z velikim veseljem in ponosom najavlja izid stripa SRE\u010cKONSTRIP, ki pri\u010dara kra\u0161ko du\u0161o pesnika Sre\u010dka Kosovela.","robots":{"index":"index","follow":"follow","max-snippet":"max-snippet:-1","max-image-preview":"max-image-preview:large","max-video-preview":"max-video-preview:-1"},"canonical":"https:\/\/www.iskreni.net\/trgovina\/product\/sreckonstrip\/","og_locale":"sl_SI","og_type":"article","og_title":"Postanimo prijatelji Svetega Duha","og_description":"\u0160krateljc v zbirki velikih epskih zgodb z velikim veseljem in ponosom najavlja izid stripa SRE\u010cKONSTRIP, ki pri\u010dara kra\u0161ko du\u0161o pesnika Sre\u010dka Kosovela.","og_url":"https:\/\/www.iskreni.net\/trgovina\/product\/sreckonstrip\/","og_site_name":"Zavod Iskreni","article_modified_time":"2025-09-17T11:24:06+00:00","og_image":[{"width":725,"height":725,"url":"https:\/\/www.iskreni.net\/trgovina\/wp-content\/uploads\/2025\/04\/srec.jpg","type":"image\/jpeg"}],"twitter_card":"summary_large_image","twitter_misc":{"Est. reading time":"2 minuti"},"schema":{"@context":"https:\/\/schema.org","@graph":[{"@type":"WebPage","@id":"https:\/\/www.iskreni.net\/trgovina\/product\/sreckonstrip\/","url":"https:\/\/www.iskreni.net\/trgovina\/product\/sreckonstrip\/","name":"Sre\u010dkonstrip - trgovina Zavod Iskreni","isPartOf":{"@id":"https:\/\/www.iskreni.net\/trgovina\/#website"},"primaryImageOfPage":{"@id":"https:\/\/www.iskreni.net\/trgovina\/product\/sreckonstrip\/#primaryimage"},"image":{"@id":"https:\/\/www.iskreni.net\/trgovina\/product\/sreckonstrip\/#primaryimage"},"thumbnailUrl":"https:\/\/www.iskreni.net\/trgovina\/wp-content\/uploads\/2025\/04\/srec.jpg","datePublished":"2025-04-16T07:29:14+00:00","dateModified":"2025-09-17T11:24:06+00:00","description":"\u0160krateljc v zbirki velikih epskih zgodb z velikim veseljem in ponosom najavlja izid stripa SRE\u010cKONSTRIP, ki pri\u010dara kra\u0161ko du\u0161o pesnika Sre\u010dka Kosovela.","breadcrumb":{"@id":"https:\/\/www.iskreni.net\/trgovina\/product\/sreckonstrip\/#breadcrumb"},"inLanguage":"sl-SI","potentialAction":[{"@type":"ReadAction","target":["https:\/\/www.iskreni.net\/trgovina\/product\/sreckonstrip\/"]}]},{"@type":"ImageObject","inLanguage":"sl-SI","@id":"https:\/\/www.iskreni.net\/trgovina\/product\/sreckonstrip\/#primaryimage","url":"https:\/\/www.iskreni.net\/trgovina\/wp-content\/uploads\/2025\/04\/srec.jpg","contentUrl":"https:\/\/www.iskreni.net\/trgovina\/wp-content\/uploads\/2025\/04\/srec.jpg","width":725,"height":725,"caption":"Sre\u010dkonstrip"},{"@type":"BreadcrumbList","@id":"https:\/\/www.iskreni.net\/trgovina\/product\/sreckonstrip\/#breadcrumb","itemListElement":[{"@type":"ListItem","position":1,"name":"Home","item":"https:\/\/www.iskreni.net\/trgovina\/"},{"@type":"ListItem","position":2,"name":"Trgovina","item":"https:\/\/www.iskreni.net\/trgovina\/trgovina\/"},{"@type":"ListItem","position":3,"name":"Sre\u010dkonstrip"}]},{"@type":"WebSite","@id":"https:\/\/www.iskreni.net\/trgovina\/#website","url":"https:\/\/www.iskreni.net\/trgovina\/","name":"Zavod Iskreni","description":"trgovina","potentialAction":[{"@type":"SearchAction","target":{"@type":"EntryPoint","urlTemplate":"https:\/\/www.iskreni.net\/trgovina\/?s={search_term_string}"},"query-input":{"@type":"PropertyValueSpecification","valueRequired":true,"valueName":"search_term_string"}}],"inLanguage":"sl-SI"}]}},"_links":{"self":[{"href":"https:\/\/www.iskreni.net\/trgovina\/wp-json\/wp\/v2\/product\/86421","targetHints":{"allow":["GET"]}}],"collection":[{"href":"https:\/\/www.iskreni.net\/trgovina\/wp-json\/wp\/v2\/product"}],"about":[{"href":"https:\/\/www.iskreni.net\/trgovina\/wp-json\/wp\/v2\/types\/product"}],"replies":[{"embeddable":true,"href":"https:\/\/www.iskreni.net\/trgovina\/wp-json\/wp\/v2\/comments?post=86421"}],"version-history":[{"count":1,"href":"https:\/\/www.iskreni.net\/trgovina\/wp-json\/wp\/v2\/product\/86421\/revisions"}],"predecessor-version":[{"id":86425,"href":"https:\/\/www.iskreni.net\/trgovina\/wp-json\/wp\/v2\/product\/86421\/revisions\/86425"}],"wp:featuredmedia":[{"embeddable":true,"href":"https:\/\/www.iskreni.net\/trgovina\/wp-json\/wp\/v2\/media\/86422"}],"wp:attachment":[{"href":"https:\/\/www.iskreni.net\/trgovina\/wp-json\/wp\/v2\/media?parent=86421"}],"wp:term":[{"taxonomy":"product_brand","embeddable":true,"href":"https:\/\/www.iskreni.net\/trgovina\/wp-json\/wp\/v2\/product_brand?post=86421"},{"taxonomy":"product_cat","embeddable":true,"href":"https:\/\/www.iskreni.net\/trgovina\/wp-json\/wp\/v2\/product_cat?post=86421"},{"taxonomy":"product_tag","embeddable":true,"href":"https:\/\/www.iskreni.net\/trgovina\/wp-json\/wp\/v2\/product_tag?post=86421"},{"taxonomy":"avtor","embeddable":true,"href":"https:\/\/www.iskreni.net\/trgovina\/wp-json\/wp\/v2\/avtor?post=86421"},{"taxonomy":"zalozba","embeddable":true,"href":"https:\/\/www.iskreni.net\/trgovina\/wp-json\/wp\/v2\/zalozba?post=86421"},{"taxonomy":"vezava","embeddable":true,"href":"https:\/\/www.iskreni.net\/trgovina\/wp-json\/wp\/v2\/vezava?post=86421"}],"curies":[{"name":"wp","href":"https:\/\/api.w.org\/{rel}","templated":true}]}}