{"id":86396,"date":"2025-04-15T12:08:43","date_gmt":"2025-04-15T10:08:43","guid":{"rendered":"https:\/\/www.iskreni.net\/trgovina\/?post_type=product&#038;p=86396"},"modified":"2025-09-17T13:27:04","modified_gmt":"2025-09-17T11:27:04","slug":"sofija-in-stekleni-ceveljcek","status":"publish","type":"product","link":"https:\/\/www.iskreni.net\/trgovina\/product\/sofija-in-stekleni-ceveljcek\/","title":{"rendered":"Sofija in stekleni \u010develj\u010dek"},"content":{"rendered":"<h3 class=\"ie-h2 tw-pb-5 tw-font-bold\">O knjigi<\/h3>\n<p>Sofija in stekleni \u010develj\u010dek \u2026 prav posebna, tretja slikanica, o sijajni mladi balerini Sofiji. Sofija je \u017ee odplesala vlogo primabalerine v Plesu sladkorne vile in bila princesa Odette v Labodjem jezeru. Tokrat pa bo na zaklju\u010dni predstavi ob koncu pouka Pepelka. Njena najljub\u0161a pravljica je Pepelka, zato ni \u010dudno, da bo v baletni predstavi plesala prav to vlogo.<\/p>\n<p><a href=\"https:\/\/sl.wikipedia.org\/wiki\/Helena_Kralji%C4%8D\">Helena Kralji\u010d<\/a>\u00a0in\u00a0<a href=\"https:\/\/www.tinadobrajc.com\/about.html\">Tina Dobrajc<\/a>\u00a0sta tokrat soustvarili slikanico z vznemirljivim naslovom\u00a0<em>Sofija in stekleni \u010develj\u010dek<\/em>. Bo Sofija postala sodobna Pepelka?<\/p>\n<div>Sofija je \u017ee odplesala vlogo primabalerine v Plesu sladkorne vile in bila princesa Odette v Labodjem jezeru. Tokrat pa bo na zaklju\u010dni predstavi ob koncu pouka Pepelka. Njena najljub\u0161a pravljica je Pepelka, zato ni \u010dudno, da bo v baletni predstavi plesala prav to vlogo.<\/div>\n<div>Toda joj: stekleni \u010develj\u010dek se razbije. Kaj pa zdaj? Kdo bo Sofiji pomagal? Dobra vila? Mamica? Kaj pa, \u010de to sploh ni pomembno? Pomembno je, da Sofija ne obupa, da kot prava balerina pogumno zaple\u0161e in u\u017eiva v svoji vlogi.<\/div>\n<div>Bo osvojila tudi kraljevi\u010da? Pa ne tistega iz pravljice o Pepelki, ampak drugega? Kdo je Sofijin kraljevi\u010d, je uganka, ki jo boste razre\u0161ili, ko boste pripotovali \u010disto do konca zgodbe.<\/div>\n<div><\/div>\n<div>Zgodbo lahko berete na tri na\u010dine: zgodo o Sofiji, zgodbo o Pepelki ali pa lepo stranjo za stranjo \u2026<\/div>\n","protected":false},"excerpt":{"rendered":"<p><strong>Prevod: <\/strong>Tina Dobrajc<strong><br \/>\n<\/strong><strong>\u0160tevilo strani:<\/strong> 36<br \/>\n<strong>Format:<\/strong> 225 \u00d7 285 mm<br \/>\n<strong>Leto izdaje:<\/strong> 2025<\/p>\n","protected":false},"featured_media":86398,"comment_status":"open","ping_status":"closed","template":"","meta":[],"product_brand":[],"product_cat":[63,135],"product_tag":[2930,2931,2932,3009,2933],"avtor":[],"zalozba":[2360],"vezava":[2306],"class_list":{"0":"post-86396","1":"product","2":"type-product","3":"status-publish","4":"has-post-thumbnail","6":"product_cat-knjige","7":"product_cat-za-otroke","8":"product_tag-otroske-knjige","9":"product_tag-slikanice","10":"product_tag-starost-3-6-let","11":"product_tag-starost-6-8-let","12":"product_tag-zbirke","13":"zalozba-morfem","14":"vezava-trda","16":"first","17":"onbackorder","18":"taxable","19":"shipping-taxable","20":"purchasable","21":"product-type-simple"},"yoast_head":"<!-- This site is optimized with the Yoast SEO plugin v26.3 - https:\/\/yoast.com\/wordpress\/plugins\/seo\/ -->\n<title>Sofija in stekleni \u010develj\u010dek - trgovina Zavod Iskreni<\/title>\n<meta name=\"description\" content=\"Sofija in stekleni \u010develj\u010dek \u2026 prav posebna, tretja slikanica, o sijajni mladi balerini Sofiji. Bo Sofija postala sodobna Pepelka?\" \/>\n<meta name=\"robots\" content=\"index, follow, max-snippet:-1, max-image-preview:large, max-video-preview:-1\" \/>\n<link rel=\"canonical\" href=\"https:\/\/www.iskreni.net\/trgovina\/product\/sofija-in-stekleni-ceveljcek\/\" \/>\n<meta property=\"og:locale\" content=\"sl_SI\" \/>\n<meta property=\"og:type\" content=\"article\" \/>\n<meta property=\"og:title\" content=\"Postanimo prijatelji Svetega Duha\" \/>\n<meta property=\"og:description\" content=\"Sofija in stekleni \u010develj\u010dek \u2026 prav posebna, tretja slikanica, o sijajni mladi balerini Sofiji. Bo Sofija postala sodobna Pepelka?\" \/>\n<meta property=\"og:url\" content=\"https:\/\/www.iskreni.net\/trgovina\/product\/sofija-in-stekleni-ceveljcek\/\" \/>\n<meta property=\"og:site_name\" content=\"Zavod Iskreni\" \/>\n<meta property=\"article:modified_time\" content=\"2025-09-17T11:27:04+00:00\" \/>\n<meta property=\"og:image\" content=\"https:\/\/www.iskreni.net\/trgovina\/wp-content\/uploads\/2025\/04\/Sofija-in-stekleni-ceveljcek.jpg\" \/>\n\t<meta property=\"og:image:width\" content=\"1177\" \/>\n\t<meta property=\"og:image:height\" content=\"1177\" \/>\n\t<meta property=\"og:image:type\" content=\"image\/jpeg\" \/>\n<meta name=\"twitter:card\" content=\"summary_large_image\" \/>\n<meta name=\"twitter:label1\" content=\"Est. reading time\" \/>\n\t<meta name=\"twitter:data1\" content=\"2 minuti\" \/>\n<script type=\"application\/ld+json\" class=\"yoast-schema-graph\">{\"@context\":\"https:\/\/schema.org\",\"@graph\":[{\"@type\":\"WebPage\",\"@id\":\"https:\/\/www.iskreni.net\/trgovina\/product\/sofija-in-stekleni-ceveljcek\/\",\"url\":\"https:\/\/www.iskreni.net\/trgovina\/product\/sofija-in-stekleni-ceveljcek\/\",\"name\":\"Sofija in stekleni \u010develj\u010dek - trgovina Zavod Iskreni\",\"isPartOf\":{\"@id\":\"https:\/\/www.iskreni.net\/trgovina\/#website\"},\"primaryImageOfPage\":{\"@id\":\"https:\/\/www.iskreni.net\/trgovina\/product\/sofija-in-stekleni-ceveljcek\/#primaryimage\"},\"image\":{\"@id\":\"https:\/\/www.iskreni.net\/trgovina\/product\/sofija-in-stekleni-ceveljcek\/#primaryimage\"},\"thumbnailUrl\":\"https:\/\/www.iskreni.net\/trgovina\/wp-content\/uploads\/2025\/04\/Sofija-in-stekleni-ceveljcek.jpg\",\"datePublished\":\"2025-04-15T10:08:43+00:00\",\"dateModified\":\"2025-09-17T11:27:04+00:00\",\"description\":\"Sofija in stekleni \u010develj\u010dek \u2026 prav posebna, tretja slikanica, o sijajni mladi balerini Sofiji. Bo Sofija postala sodobna Pepelka?\",\"breadcrumb\":{\"@id\":\"https:\/\/www.iskreni.net\/trgovina\/product\/sofija-in-stekleni-ceveljcek\/#breadcrumb\"},\"inLanguage\":\"sl-SI\",\"potentialAction\":[{\"@type\":\"ReadAction\",\"target\":[\"https:\/\/www.iskreni.net\/trgovina\/product\/sofija-in-stekleni-ceveljcek\/\"]}]},{\"@type\":\"ImageObject\",\"inLanguage\":\"sl-SI\",\"@id\":\"https:\/\/www.iskreni.net\/trgovina\/product\/sofija-in-stekleni-ceveljcek\/#primaryimage\",\"url\":\"https:\/\/www.iskreni.net\/trgovina\/wp-content\/uploads\/2025\/04\/Sofija-in-stekleni-ceveljcek.jpg\",\"contentUrl\":\"https:\/\/www.iskreni.net\/trgovina\/wp-content\/uploads\/2025\/04\/Sofija-in-stekleni-ceveljcek.jpg\",\"width\":1177,\"height\":1177,\"caption\":\"Sofija in stekleni \u010develj\u010dek\"},{\"@type\":\"BreadcrumbList\",\"@id\":\"https:\/\/www.iskreni.net\/trgovina\/product\/sofija-in-stekleni-ceveljcek\/#breadcrumb\",\"itemListElement\":[{\"@type\":\"ListItem\",\"position\":1,\"name\":\"Home\",\"item\":\"https:\/\/www.iskreni.net\/trgovina\/\"},{\"@type\":\"ListItem\",\"position\":2,\"name\":\"Trgovina\",\"item\":\"https:\/\/www.iskreni.net\/trgovina\/trgovina\/\"},{\"@type\":\"ListItem\",\"position\":3,\"name\":\"Sofija in stekleni \u010develj\u010dek\"}]},{\"@type\":\"WebSite\",\"@id\":\"https:\/\/www.iskreni.net\/trgovina\/#website\",\"url\":\"https:\/\/www.iskreni.net\/trgovina\/\",\"name\":\"Zavod Iskreni\",\"description\":\"trgovina\",\"potentialAction\":[{\"@type\":\"SearchAction\",\"target\":{\"@type\":\"EntryPoint\",\"urlTemplate\":\"https:\/\/www.iskreni.net\/trgovina\/?s={search_term_string}\"},\"query-input\":{\"@type\":\"PropertyValueSpecification\",\"valueRequired\":true,\"valueName\":\"search_term_string\"}}],\"inLanguage\":\"sl-SI\"}]}<\/script>\n<!-- \/ Yoast SEO plugin. -->","yoast_head_json":{"title":"Sofija in stekleni \u010develj\u010dek - trgovina Zavod Iskreni","description":"Sofija in stekleni \u010develj\u010dek \u2026 prav posebna, tretja slikanica, o sijajni mladi balerini Sofiji. Bo Sofija postala sodobna Pepelka?","robots":{"index":"index","follow":"follow","max-snippet":"max-snippet:-1","max-image-preview":"max-image-preview:large","max-video-preview":"max-video-preview:-1"},"canonical":"https:\/\/www.iskreni.net\/trgovina\/product\/sofija-in-stekleni-ceveljcek\/","og_locale":"sl_SI","og_type":"article","og_title":"Postanimo prijatelji Svetega Duha","og_description":"Sofija in stekleni \u010develj\u010dek \u2026 prav posebna, tretja slikanica, o sijajni mladi balerini Sofiji. Bo Sofija postala sodobna Pepelka?","og_url":"https:\/\/www.iskreni.net\/trgovina\/product\/sofija-in-stekleni-ceveljcek\/","og_site_name":"Zavod Iskreni","article_modified_time":"2025-09-17T11:27:04+00:00","og_image":[{"width":1177,"height":1177,"url":"https:\/\/www.iskreni.net\/trgovina\/wp-content\/uploads\/2025\/04\/Sofija-in-stekleni-ceveljcek.jpg","type":"image\/jpeg"}],"twitter_card":"summary_large_image","twitter_misc":{"Est. reading time":"2 minuti"},"schema":{"@context":"https:\/\/schema.org","@graph":[{"@type":"WebPage","@id":"https:\/\/www.iskreni.net\/trgovina\/product\/sofija-in-stekleni-ceveljcek\/","url":"https:\/\/www.iskreni.net\/trgovina\/product\/sofija-in-stekleni-ceveljcek\/","name":"Sofija in stekleni \u010develj\u010dek - trgovina Zavod Iskreni","isPartOf":{"@id":"https:\/\/www.iskreni.net\/trgovina\/#website"},"primaryImageOfPage":{"@id":"https:\/\/www.iskreni.net\/trgovina\/product\/sofija-in-stekleni-ceveljcek\/#primaryimage"},"image":{"@id":"https:\/\/www.iskreni.net\/trgovina\/product\/sofija-in-stekleni-ceveljcek\/#primaryimage"},"thumbnailUrl":"https:\/\/www.iskreni.net\/trgovina\/wp-content\/uploads\/2025\/04\/Sofija-in-stekleni-ceveljcek.jpg","datePublished":"2025-04-15T10:08:43+00:00","dateModified":"2025-09-17T11:27:04+00:00","description":"Sofija in stekleni \u010develj\u010dek \u2026 prav posebna, tretja slikanica, o sijajni mladi balerini Sofiji. Bo Sofija postala sodobna Pepelka?","breadcrumb":{"@id":"https:\/\/www.iskreni.net\/trgovina\/product\/sofija-in-stekleni-ceveljcek\/#breadcrumb"},"inLanguage":"sl-SI","potentialAction":[{"@type":"ReadAction","target":["https:\/\/www.iskreni.net\/trgovina\/product\/sofija-in-stekleni-ceveljcek\/"]}]},{"@type":"ImageObject","inLanguage":"sl-SI","@id":"https:\/\/www.iskreni.net\/trgovina\/product\/sofija-in-stekleni-ceveljcek\/#primaryimage","url":"https:\/\/www.iskreni.net\/trgovina\/wp-content\/uploads\/2025\/04\/Sofija-in-stekleni-ceveljcek.jpg","contentUrl":"https:\/\/www.iskreni.net\/trgovina\/wp-content\/uploads\/2025\/04\/Sofija-in-stekleni-ceveljcek.jpg","width":1177,"height":1177,"caption":"Sofija in stekleni \u010develj\u010dek"},{"@type":"BreadcrumbList","@id":"https:\/\/www.iskreni.net\/trgovina\/product\/sofija-in-stekleni-ceveljcek\/#breadcrumb","itemListElement":[{"@type":"ListItem","position":1,"name":"Home","item":"https:\/\/www.iskreni.net\/trgovina\/"},{"@type":"ListItem","position":2,"name":"Trgovina","item":"https:\/\/www.iskreni.net\/trgovina\/trgovina\/"},{"@type":"ListItem","position":3,"name":"Sofija in stekleni \u010develj\u010dek"}]},{"@type":"WebSite","@id":"https:\/\/www.iskreni.net\/trgovina\/#website","url":"https:\/\/www.iskreni.net\/trgovina\/","name":"Zavod Iskreni","description":"trgovina","potentialAction":[{"@type":"SearchAction","target":{"@type":"EntryPoint","urlTemplate":"https:\/\/www.iskreni.net\/trgovina\/?s={search_term_string}"},"query-input":{"@type":"PropertyValueSpecification","valueRequired":true,"valueName":"search_term_string"}}],"inLanguage":"sl-SI"}]}},"_links":{"self":[{"href":"https:\/\/www.iskreni.net\/trgovina\/wp-json\/wp\/v2\/product\/86396","targetHints":{"allow":["GET"]}}],"collection":[{"href":"https:\/\/www.iskreni.net\/trgovina\/wp-json\/wp\/v2\/product"}],"about":[{"href":"https:\/\/www.iskreni.net\/trgovina\/wp-json\/wp\/v2\/types\/product"}],"replies":[{"embeddable":true,"href":"https:\/\/www.iskreni.net\/trgovina\/wp-json\/wp\/v2\/comments?post=86396"}],"version-history":[{"count":2,"href":"https:\/\/www.iskreni.net\/trgovina\/wp-json\/wp\/v2\/product\/86396\/revisions"}],"predecessor-version":[{"id":86402,"href":"https:\/\/www.iskreni.net\/trgovina\/wp-json\/wp\/v2\/product\/86396\/revisions\/86402"}],"wp:featuredmedia":[{"embeddable":true,"href":"https:\/\/www.iskreni.net\/trgovina\/wp-json\/wp\/v2\/media\/86398"}],"wp:attachment":[{"href":"https:\/\/www.iskreni.net\/trgovina\/wp-json\/wp\/v2\/media?parent=86396"}],"wp:term":[{"taxonomy":"product_brand","embeddable":true,"href":"https:\/\/www.iskreni.net\/trgovina\/wp-json\/wp\/v2\/product_brand?post=86396"},{"taxonomy":"product_cat","embeddable":true,"href":"https:\/\/www.iskreni.net\/trgovina\/wp-json\/wp\/v2\/product_cat?post=86396"},{"taxonomy":"product_tag","embeddable":true,"href":"https:\/\/www.iskreni.net\/trgovina\/wp-json\/wp\/v2\/product_tag?post=86396"},{"taxonomy":"avtor","embeddable":true,"href":"https:\/\/www.iskreni.net\/trgovina\/wp-json\/wp\/v2\/avtor?post=86396"},{"taxonomy":"zalozba","embeddable":true,"href":"https:\/\/www.iskreni.net\/trgovina\/wp-json\/wp\/v2\/zalozba?post=86396"},{"taxonomy":"vezava","embeddable":true,"href":"https:\/\/www.iskreni.net\/trgovina\/wp-json\/wp\/v2\/vezava?post=86396"}],"curies":[{"name":"wp","href":"https:\/\/api.w.org\/{rel}","templated":true}]}}