{"id":86026,"date":"2025-03-27T12:08:24","date_gmt":"2025-03-27T11:08:24","guid":{"rendered":"https:\/\/www.iskreni.net\/trgovina\/?post_type=product&#038;p=86026"},"modified":"2025-09-17T13:30:12","modified_gmt":"2025-09-17T11:30:12","slug":"rada-te-imam-ko-skaces-se-smejis-klepeces-in-prdis","status":"publish","type":"product","link":"https:\/\/www.iskreni.net\/trgovina\/product\/rada-te-imam-ko-skaces-se-smejis-klepeces-in-prdis\/","title":{"rendered":"Rada te imam, ko ska\u010de\u0161, se smeji\u0161, klepe\u010de\u0161 in prdi\u0161"},"content":{"rendered":"<h3 class=\"ie-h2 tw-pb-5 tw-font-bold\">O knjigi<\/h3>\n<p>Star\u0161em nudi dragoceno orodje za pogovor o \u010dustvih in spodbuja brezpogojno sprejemanje otroka v vseh njegovih razpolo\u017eenjih.\u00a0Brezpogojna ljubezen pomeni sprejemanje otroka tak\u0161nega, kot je \u2013 tudi ko ska\u010de, se smeji, jo\u010de, se jezi ali prdi. Slikanica se na ne\u017een, a neposreden na\u010din loteva ene najpomembnej\u0161ih tem sodobnega star\u0161evstva \u2013 sprejemanja in izra\u017eanja \u010dustev. Avtorica\u00a0Aleksandra Kocmut, ki je pod psevdonimom Loti Palmer napisala uspe\u0161nico\u00a0<i>V opoju narcisa<\/i>, se tokrat osredoto\u010da na otro\u0161ki svet in izzive, s katerimi se soo\u010dajo star\u0161i pri vzgoji.<\/p>\n<p>Knjiga skozi ritmi\u010dne verze in privla\u010dne ilustracije\u00a0Maje Koder\u00a0otrokom pribli\u017ea koncept \u010dustev in jim\u00a0poka\u017ee, da so vsa ob\u010dutja \u2013 tako prijetna kot manj prijetna \u2013 naravna in pomembna. Spodbuja jih k prepoznavanju in izra\u017eanju svojih \u010dustev, ne da bi jih bilo pri tem strah, da bodo zavrnjeni ali kaznovani.<br \/>\nStar\u0161em knjiga ponuja dragoceno prilo\u017enost za vzpostavitev odprtega in varnega prostora, kjer se otroci lahko po\u010dutijo sli\u0161ane in sprejete.\u00a0Pogosto se zgodi, da odrasli te\u017eka \u010dustva otroka nezavedno presli\u0161ijo ali jih sku\u0161ajo ubla\u017eiti z besedami, kot so: &#8220;Saj ni ni\u010d hudega,&#8221; &#8220;Ne bodi jezen,&#8221; ali &#8220;Ne jo\u010di.&#8221; Vendar s tem otrokom sporo\u010damo, da njihovi ob\u010dutki niso pomembni, kar lahko dolgoro\u010dno vodi v potla\u010devanje \u010dustev.<\/p>\n<p><strong>Zakaj je ta knjiga pomembna?<\/strong><\/p>\n<ul>\n<li>\u00a0Otrokom pomaga prepoznati in izraziti svoja \u010dustva.<\/li>\n<li>Star\u0161em ponuja orodje za bolj so\u010dutno komunikacijo z otrokom.<\/li>\n<li>Spodbuja razumevanje, da je ljubezen do otroka neodvisna od njegovega vedenja.<\/li>\n<li>Otrokom pomaga razvijati zdravo samozavest in zaupanje vase.<\/li>\n<\/ul>\n<p><strong>Slikanica je \u0161e posebej dragocena za star\u0161e, ki \u017eelijo prese\u010di vzorce pogojevane ljubezni in ustvariti okolje, kjer se otrok lahko razvija v \u010dustveno stabilno in samozavestno osebo.<br \/>\n<\/strong><\/p>\n<p><strong>Mnenja star\u0161ev, ki so \u017ee prebrali slikanico:<\/strong><br \/>\n<i>\u00bbKo sva pri\u0161la do \u010dustva jeze, je \u017eelel sin kar takoj preizkusiti to, kar pi\u0161e v knjigi, zato sva dihala in puhala kot dve lokomotivi, pa \u0161e skakala sva zraven. Na koncu sva se samo \u0161e smejala in sin je rekel, da je to knjiga prav za take otroke, kot je on.<br \/>\n<\/i><\/p>\n<p><i>\u00bbH\u010derka je ob branju \u00bbpopravljala\u00ab vsebino, npr. ob verzih o jezi je rekla, da otroci niso pridni, ker ska\u010dejo, in ob verzu o sramu je rekla, da je prav, da je fantka sram, ker si je zaslu\u017eil. \u0160ele ob branju te knjige sem videla, kako napa\u010dne predstave ima o \u010dustvih. Bilo mi je zelo te\u017eko. Ampak prav zaradi knjige in ilustracij sem ji lahko razlo\u017eila, da ni ni\u010d narobe, \u010de jezo \u00bbizska\u010demo\u00ab, zato da ne ostane nekje v na\u0161em telesu, in da si nih\u010de ne zaslu\u017ei biti zasramovan.\u00ab<\/i><\/p>\n<blockquote><p><i>\u00bbZadnja dva tedna mi sin vsak ve\u010der, ko ga vpra\u0161am, kaj bova brala, re\u010de: \u00bbTisto knjigo, ko prdi\u0161!\u00ab\u201d<\/i><\/p><\/blockquote>\n<p><strong>O avtorju:<\/strong><\/p>\n<p>Aleksandra Kocmut\u00a0je priznana slovenska avtorica, prevajalka in pesnica, ki je pod psevdonimom Loti Palmer napisala uspe\u0161nico V opoju narcisa (Zalo\u017eba Chiara, 2019). Z izjemno ob\u010dutljivostjo in globokim razumevanjem \u010dustvenega sveta otrok in odraslih ustvarja literaturo, ki odpira pomembna vpra\u0161anja o odnosih, samosprejemanju in brezpogojni ljubezni.\u00a0<strong><br \/>\n<\/strong><\/p>\n","protected":false},"excerpt":{"rendered":"<div><strong>\u0160tevilo strani:<\/strong> 36<br \/>\n<strong>Format:<\/strong> 205 x 270 mm<br \/>\n<strong>Leto izdaje:<\/strong> 2025<\/p>\n<h3><a href=\"https:\/\/www.iskreni.net\/trgovina\/wp-content\/uploads\/2025\/03\/rada-te-imam.pdf\">Prelistaj knjigo<\/a><\/h3>\n<\/div>\n","protected":false},"featured_media":86027,"comment_status":"open","ping_status":"closed","template":"","meta":[],"product_brand":[],"product_cat":[63,135],"product_tag":[2986,2872],"avtor":[2985],"zalozba":[2780],"vezava":[2306],"class_list":{"0":"post-86026","1":"product","2":"type-product","3":"status-publish","4":"has-post-thumbnail","6":"product_cat-knjige","7":"product_cat-za-otroke","8":"product_tag-custva","9":"product_tag-slikanica","10":"avtor-aleksandra-kocmut","11":"zalozba-primus","12":"vezava-trda","14":"first","15":"onbackorder","16":"taxable","17":"shipping-taxable","18":"purchasable","19":"product-type-simple"},"yoast_head":"<!-- This site is optimized with the Yoast SEO plugin v26.3 - https:\/\/yoast.com\/wordpress\/plugins\/seo\/ -->\n<title>Rada te imam, ko ska\u010de\u0161, se smeji\u0161, klepe\u010de\u0161 in prdi\u0161 - trgovina Zavod Iskreni<\/title>\n<meta name=\"description\" content=\"Ljubezen ni odvisna od vedenja \u2013 otroka imamo radi takega, kot je! Slikanica, ki spodbuja brezpogojno sprejemanje vseh \u010dustev.\" \/>\n<meta name=\"robots\" content=\"index, follow, max-snippet:-1, max-image-preview:large, max-video-preview:-1\" \/>\n<link rel=\"canonical\" href=\"https:\/\/www.iskreni.net\/trgovina\/product\/rada-te-imam-ko-skaces-se-smejis-klepeces-in-prdis\/\" \/>\n<meta property=\"og:locale\" content=\"sl_SI\" \/>\n<meta property=\"og:type\" content=\"article\" \/>\n<meta property=\"og:title\" content=\"Postanimo prijatelji Svetega Duha\" \/>\n<meta property=\"og:description\" content=\"Ljubezen ni odvisna od vedenja \u2013 otroka imamo radi takega, kot je! Slikanica, ki spodbuja brezpogojno sprejemanje vseh \u010dustev.\" \/>\n<meta property=\"og:url\" content=\"https:\/\/www.iskreni.net\/trgovina\/product\/rada-te-imam-ko-skaces-se-smejis-klepeces-in-prdis\/\" \/>\n<meta property=\"og:site_name\" content=\"Zavod Iskreni\" \/>\n<meta property=\"article:modified_time\" content=\"2025-09-17T11:30:12+00:00\" \/>\n<meta property=\"og:image\" content=\"https:\/\/www.iskreni.net\/trgovina\/wp-content\/uploads\/2025\/03\/rada_te_imam_ko_skaces_se-smejis_klepeces_in_prdis.jpg\" \/>\n\t<meta property=\"og:image:width\" content=\"471\" \/>\n\t<meta property=\"og:image:height\" content=\"471\" \/>\n\t<meta property=\"og:image:type\" content=\"image\/jpeg\" \/>\n<meta name=\"twitter:card\" content=\"summary_large_image\" \/>\n<meta name=\"twitter:label1\" content=\"Est. reading time\" \/>\n\t<meta name=\"twitter:data1\" content=\"3 minute\" \/>\n<script type=\"application\/ld+json\" class=\"yoast-schema-graph\">{\"@context\":\"https:\/\/schema.org\",\"@graph\":[{\"@type\":\"WebPage\",\"@id\":\"https:\/\/www.iskreni.net\/trgovina\/product\/rada-te-imam-ko-skaces-se-smejis-klepeces-in-prdis\/\",\"url\":\"https:\/\/www.iskreni.net\/trgovina\/product\/rada-te-imam-ko-skaces-se-smejis-klepeces-in-prdis\/\",\"name\":\"Rada te imam, ko ska\u010de\u0161, se smeji\u0161, klepe\u010de\u0161 in prdi\u0161 - trgovina Zavod Iskreni\",\"isPartOf\":{\"@id\":\"https:\/\/www.iskreni.net\/trgovina\/#website\"},\"primaryImageOfPage\":{\"@id\":\"https:\/\/www.iskreni.net\/trgovina\/product\/rada-te-imam-ko-skaces-se-smejis-klepeces-in-prdis\/#primaryimage\"},\"image\":{\"@id\":\"https:\/\/www.iskreni.net\/trgovina\/product\/rada-te-imam-ko-skaces-se-smejis-klepeces-in-prdis\/#primaryimage\"},\"thumbnailUrl\":\"https:\/\/www.iskreni.net\/trgovina\/wp-content\/uploads\/2025\/03\/rada_te_imam_ko_skaces_se-smejis_klepeces_in_prdis.jpg\",\"datePublished\":\"2025-03-27T11:08:24+00:00\",\"dateModified\":\"2025-09-17T11:30:12+00:00\",\"description\":\"Ljubezen ni odvisna od vedenja \u2013 otroka imamo radi takega, kot je! Slikanica, ki spodbuja brezpogojno sprejemanje vseh \u010dustev.\",\"breadcrumb\":{\"@id\":\"https:\/\/www.iskreni.net\/trgovina\/product\/rada-te-imam-ko-skaces-se-smejis-klepeces-in-prdis\/#breadcrumb\"},\"inLanguage\":\"sl-SI\",\"potentialAction\":[{\"@type\":\"ReadAction\",\"target\":[\"https:\/\/www.iskreni.net\/trgovina\/product\/rada-te-imam-ko-skaces-se-smejis-klepeces-in-prdis\/\"]}]},{\"@type\":\"ImageObject\",\"inLanguage\":\"sl-SI\",\"@id\":\"https:\/\/www.iskreni.net\/trgovina\/product\/rada-te-imam-ko-skaces-se-smejis-klepeces-in-prdis\/#primaryimage\",\"url\":\"https:\/\/www.iskreni.net\/trgovina\/wp-content\/uploads\/2025\/03\/rada_te_imam_ko_skaces_se-smejis_klepeces_in_prdis.jpg\",\"contentUrl\":\"https:\/\/www.iskreni.net\/trgovina\/wp-content\/uploads\/2025\/03\/rada_te_imam_ko_skaces_se-smejis_klepeces_in_prdis.jpg\",\"width\":471,\"height\":471,\"caption\":\"Presko\u010di na za\u010detek galerije slik Rada te imam, ko ska\u010de\u0161, se smeji\u0161, klepe\u010de\u0161 in prdi\u0161\"},{\"@type\":\"BreadcrumbList\",\"@id\":\"https:\/\/www.iskreni.net\/trgovina\/product\/rada-te-imam-ko-skaces-se-smejis-klepeces-in-prdis\/#breadcrumb\",\"itemListElement\":[{\"@type\":\"ListItem\",\"position\":1,\"name\":\"Home\",\"item\":\"https:\/\/www.iskreni.net\/trgovina\/\"},{\"@type\":\"ListItem\",\"position\":2,\"name\":\"Trgovina\",\"item\":\"https:\/\/www.iskreni.net\/trgovina\/trgovina\/\"},{\"@type\":\"ListItem\",\"position\":3,\"name\":\"Rada te imam, ko ska\u010de\u0161, se smeji\u0161, klepe\u010de\u0161 in prdi\u0161\"}]},{\"@type\":\"WebSite\",\"@id\":\"https:\/\/www.iskreni.net\/trgovina\/#website\",\"url\":\"https:\/\/www.iskreni.net\/trgovina\/\",\"name\":\"Zavod Iskreni\",\"description\":\"trgovina\",\"potentialAction\":[{\"@type\":\"SearchAction\",\"target\":{\"@type\":\"EntryPoint\",\"urlTemplate\":\"https:\/\/www.iskreni.net\/trgovina\/?s={search_term_string}\"},\"query-input\":{\"@type\":\"PropertyValueSpecification\",\"valueRequired\":true,\"valueName\":\"search_term_string\"}}],\"inLanguage\":\"sl-SI\"}]}<\/script>\n<!-- \/ Yoast SEO plugin. -->","yoast_head_json":{"title":"Rada te imam, ko ska\u010de\u0161, se smeji\u0161, klepe\u010de\u0161 in prdi\u0161 - trgovina Zavod Iskreni","description":"Ljubezen ni odvisna od vedenja \u2013 otroka imamo radi takega, kot je! Slikanica, ki spodbuja brezpogojno sprejemanje vseh \u010dustev.","robots":{"index":"index","follow":"follow","max-snippet":"max-snippet:-1","max-image-preview":"max-image-preview:large","max-video-preview":"max-video-preview:-1"},"canonical":"https:\/\/www.iskreni.net\/trgovina\/product\/rada-te-imam-ko-skaces-se-smejis-klepeces-in-prdis\/","og_locale":"sl_SI","og_type":"article","og_title":"Postanimo prijatelji Svetega Duha","og_description":"Ljubezen ni odvisna od vedenja \u2013 otroka imamo radi takega, kot je! Slikanica, ki spodbuja brezpogojno sprejemanje vseh \u010dustev.","og_url":"https:\/\/www.iskreni.net\/trgovina\/product\/rada-te-imam-ko-skaces-se-smejis-klepeces-in-prdis\/","og_site_name":"Zavod Iskreni","article_modified_time":"2025-09-17T11:30:12+00:00","og_image":[{"width":471,"height":471,"url":"https:\/\/www.iskreni.net\/trgovina\/wp-content\/uploads\/2025\/03\/rada_te_imam_ko_skaces_se-smejis_klepeces_in_prdis.jpg","type":"image\/jpeg"}],"twitter_card":"summary_large_image","twitter_misc":{"Est. reading time":"3 minute"},"schema":{"@context":"https:\/\/schema.org","@graph":[{"@type":"WebPage","@id":"https:\/\/www.iskreni.net\/trgovina\/product\/rada-te-imam-ko-skaces-se-smejis-klepeces-in-prdis\/","url":"https:\/\/www.iskreni.net\/trgovina\/product\/rada-te-imam-ko-skaces-se-smejis-klepeces-in-prdis\/","name":"Rada te imam, ko ska\u010de\u0161, se smeji\u0161, klepe\u010de\u0161 in prdi\u0161 - trgovina Zavod Iskreni","isPartOf":{"@id":"https:\/\/www.iskreni.net\/trgovina\/#website"},"primaryImageOfPage":{"@id":"https:\/\/www.iskreni.net\/trgovina\/product\/rada-te-imam-ko-skaces-se-smejis-klepeces-in-prdis\/#primaryimage"},"image":{"@id":"https:\/\/www.iskreni.net\/trgovina\/product\/rada-te-imam-ko-skaces-se-smejis-klepeces-in-prdis\/#primaryimage"},"thumbnailUrl":"https:\/\/www.iskreni.net\/trgovina\/wp-content\/uploads\/2025\/03\/rada_te_imam_ko_skaces_se-smejis_klepeces_in_prdis.jpg","datePublished":"2025-03-27T11:08:24+00:00","dateModified":"2025-09-17T11:30:12+00:00","description":"Ljubezen ni odvisna od vedenja \u2013 otroka imamo radi takega, kot je! Slikanica, ki spodbuja brezpogojno sprejemanje vseh \u010dustev.","breadcrumb":{"@id":"https:\/\/www.iskreni.net\/trgovina\/product\/rada-te-imam-ko-skaces-se-smejis-klepeces-in-prdis\/#breadcrumb"},"inLanguage":"sl-SI","potentialAction":[{"@type":"ReadAction","target":["https:\/\/www.iskreni.net\/trgovina\/product\/rada-te-imam-ko-skaces-se-smejis-klepeces-in-prdis\/"]}]},{"@type":"ImageObject","inLanguage":"sl-SI","@id":"https:\/\/www.iskreni.net\/trgovina\/product\/rada-te-imam-ko-skaces-se-smejis-klepeces-in-prdis\/#primaryimage","url":"https:\/\/www.iskreni.net\/trgovina\/wp-content\/uploads\/2025\/03\/rada_te_imam_ko_skaces_se-smejis_klepeces_in_prdis.jpg","contentUrl":"https:\/\/www.iskreni.net\/trgovina\/wp-content\/uploads\/2025\/03\/rada_te_imam_ko_skaces_se-smejis_klepeces_in_prdis.jpg","width":471,"height":471,"caption":"Presko\u010di na za\u010detek galerije slik Rada te imam, ko ska\u010de\u0161, se smeji\u0161, klepe\u010de\u0161 in prdi\u0161"},{"@type":"BreadcrumbList","@id":"https:\/\/www.iskreni.net\/trgovina\/product\/rada-te-imam-ko-skaces-se-smejis-klepeces-in-prdis\/#breadcrumb","itemListElement":[{"@type":"ListItem","position":1,"name":"Home","item":"https:\/\/www.iskreni.net\/trgovina\/"},{"@type":"ListItem","position":2,"name":"Trgovina","item":"https:\/\/www.iskreni.net\/trgovina\/trgovina\/"},{"@type":"ListItem","position":3,"name":"Rada te imam, ko ska\u010de\u0161, se smeji\u0161, klepe\u010de\u0161 in prdi\u0161"}]},{"@type":"WebSite","@id":"https:\/\/www.iskreni.net\/trgovina\/#website","url":"https:\/\/www.iskreni.net\/trgovina\/","name":"Zavod Iskreni","description":"trgovina","potentialAction":[{"@type":"SearchAction","target":{"@type":"EntryPoint","urlTemplate":"https:\/\/www.iskreni.net\/trgovina\/?s={search_term_string}"},"query-input":{"@type":"PropertyValueSpecification","valueRequired":true,"valueName":"search_term_string"}}],"inLanguage":"sl-SI"}]}},"_links":{"self":[{"href":"https:\/\/www.iskreni.net\/trgovina\/wp-json\/wp\/v2\/product\/86026","targetHints":{"allow":["GET"]}}],"collection":[{"href":"https:\/\/www.iskreni.net\/trgovina\/wp-json\/wp\/v2\/product"}],"about":[{"href":"https:\/\/www.iskreni.net\/trgovina\/wp-json\/wp\/v2\/types\/product"}],"replies":[{"embeddable":true,"href":"https:\/\/www.iskreni.net\/trgovina\/wp-json\/wp\/v2\/comments?post=86026"}],"version-history":[{"count":4,"href":"https:\/\/www.iskreni.net\/trgovina\/wp-json\/wp\/v2\/product\/86026\/revisions"}],"predecessor-version":[{"id":86051,"href":"https:\/\/www.iskreni.net\/trgovina\/wp-json\/wp\/v2\/product\/86026\/revisions\/86051"}],"wp:featuredmedia":[{"embeddable":true,"href":"https:\/\/www.iskreni.net\/trgovina\/wp-json\/wp\/v2\/media\/86027"}],"wp:attachment":[{"href":"https:\/\/www.iskreni.net\/trgovina\/wp-json\/wp\/v2\/media?parent=86026"}],"wp:term":[{"taxonomy":"product_brand","embeddable":true,"href":"https:\/\/www.iskreni.net\/trgovina\/wp-json\/wp\/v2\/product_brand?post=86026"},{"taxonomy":"product_cat","embeddable":true,"href":"https:\/\/www.iskreni.net\/trgovina\/wp-json\/wp\/v2\/product_cat?post=86026"},{"taxonomy":"product_tag","embeddable":true,"href":"https:\/\/www.iskreni.net\/trgovina\/wp-json\/wp\/v2\/product_tag?post=86026"},{"taxonomy":"avtor","embeddable":true,"href":"https:\/\/www.iskreni.net\/trgovina\/wp-json\/wp\/v2\/avtor?post=86026"},{"taxonomy":"zalozba","embeddable":true,"href":"https:\/\/www.iskreni.net\/trgovina\/wp-json\/wp\/v2\/zalozba?post=86026"},{"taxonomy":"vezava","embeddable":true,"href":"https:\/\/www.iskreni.net\/trgovina\/wp-json\/wp\/v2\/vezava?post=86026"}],"curies":[{"name":"wp","href":"https:\/\/api.w.org\/{rel}","templated":true}]}}