{"id":85755,"date":"2025-03-19T12:14:16","date_gmt":"2025-03-19T11:14:16","guid":{"rendered":"https:\/\/www.iskreni.net\/trgovina\/?post_type=product&#038;p=85755"},"modified":"2025-04-25T12:21:36","modified_gmt":"2025-04-25T10:21:36","slug":"papez-francisek-zivljenje","status":"publish","type":"product","link":"https:\/\/www.iskreni.net\/trgovina\/product\/papez-francisek-zivljenje\/","title":{"rendered":"Pape\u017e Fran\u010di\u0161ek &#8211; \u017divljenje"},"content":{"rendered":"<h3 id=\"anchor-o-izdelku\" class=\"title\">O knjigi<\/h3>\n<div class=\"tab-description js-tab-singleProduct-description content-tab\">\n<p>Prvi\u010d v zgodovini pape\u017e Fran\u010di\u0161ek pripoveduje svojo osebno zgodbo. Knjiga &#8220;\u017divljenje&#8221; pape\u017ea Fran\u010di\u0161ka razkriva njegovo pot od otro\u0161tva v Argentini do vodenja katoli\u0161ke Cerkve. V avtobiografiji spoznamo klju\u010dne \u017eivljenjske preizku\u0161nje, odlo\u010ditve ter vrednote, ki so oblikovale njegovo misijo.<\/p>\n<p><strong>Zakaj prebrati to knjigo?<\/strong><\/p>\n<p>\u2714 Uradna avtobiografija pape\u017ea Fran\u010di\u0161ka<br \/>\n\u2714 Iskrena pri\u010devanja o veri, duhovnosti in svetovnih izzivih<br \/>\n\u2714 Globok vpogled v katoli\u0161ko Cerkev in pape\u017eevo poslanstvo<br \/>\n\u2714 Navdihujo\u010de zgodbe o so\u010dutju, poni\u017enosti in \u010dlove\u010dnosti<\/p>\n<p><em>Ne zamudite prilo\u017enosti za ekskluzivno izdajo, ki prina\u0161a osebna razmi\u0161ljanja pape\u017ea Fran\u010di\u0161ka in njegov pogled na dana\u0161nji svet.<\/em><\/p>\n<p>Pape\u017e Fran\u010di\u0161ek v avtobiografiji prvi\u010d pripoveduje zgodbo svojega \u017eivljenja in se spominja dogodkov, ki so zaznamovali \u010dlove\u0161tvo v njegovem \u010dasu. Spregovori tudi o idejah, za mnoge drznih, ki so oblikovale njegov pontifikat: od izjav proti rev\u0161\u010dini in uni\u010devanju okolja do neposrednih pozivov svetovnim voditeljem, naj pri\u010dnejo na druga\u010den na\u010din obravnavati vpra\u0161anja, kot so dialog med narodi, oboro\u017eevalne tekme in boj proti neenakosti. Jorge Mario Bergoglio vodi bralce od izbruha druge svetovne vojne leta 1939 (ko je bil bodo\u010di pape\u017e star skoraj tri leta) do dana\u0161njih dni in jih pospremi na izjemno popotovanje skozi desetletja. Pape\u017eev glas se izmenjuje s pripovedoval\u010devim (v po\u0161evnem tisku), ki v vsakem poglavju \u00bbdopolnjuje\u00ab Bergogliova \u017eivljenjska pri\u010devanja in jih postavlja v zgodovinski kontekst, na katerega se nana\u0161ajo.<\/p>\n<p>Pape\u017e v \u017dIVLJENJU vidi prilo\u017enost, \u00bbda bi zlasti mlaj\u0161e generacije prisluhnile glasu starej\u0161e osebe in razmislile o tem, kaj je do\u017eivel na\u0161 planet ter se s tem izognile napakam iz preteklosti. Pomislimo na primer na vojne, ki so ogro\u017eale svet in ga \u0161e vedno ogro\u017eajo. Pomislimo na genocide, preganjanja, sovra\u0161tvo med brati in sestrami razli\u010dnih veroizpovedi! Koliko bole\u010dine! Ko dose\u017eemo dolo\u010deno starost, je pomembno, tudi za nas same, da ponovno odpremo knjigo spominov, se u\u010dimo iz pogleda v preteklost in se ponovno zavemo stvari, ki niso bile dobre, strupenih stvari, ki smo jih do\u017eiveli in grehov, ki smo jih zagre\u0161ili. Pa tudi zato, da podo\u017eivimo vse, kar nam je Bog poslal in je dobro. To je vaja v razlo\u010devanju, ki bi jo morali opraviti vsi, preden bo prepozno!\u00ab<\/p>\n<h3><strong>O avtorju:<\/strong><\/h3>\n<p><strong>Jorge Mario Bergoglio<\/strong> se je rodil 17. decembra 1936 v Buenos Airesu v Argentini kot sin italijanskih priseljencev. Leta 1969 je bil posve\u010den v duhovnika Dru\u017ebe Jezusove. Leta 1992 je bil imenovan za buenosaire\u0161kega pomo\u017enega \u0161kofa, leta 1998 za nad\u0161kofa, leta 2001 pa za kardinala. Marca 2013 je bil izvoljen za dvesto\u0161estin\u0161estdesetega pape\u017ea Katoli\u0161ke Cerkve. Izbral si je ime Fran\u010di\u0161ek.<\/p>\n<p><strong>Fabio Marchese Ragona<\/strong>\u00a0 je vatikanski dopisnik televizijske skupine\u00a0<em>Mediaset\u00a0<\/em>in pripravlja s pape\u017eem povezane prispevke za informativne oddaje\u00a0<em>Tg5<\/em>,\u00a0<em>Tg4<\/em>,\u00a0<em>Studio Aperto<\/em>\u00a0in\u00a0<em>Tgcom24<\/em>. Na slednji vsako nedeljo vodi in ureja tudi oddajo z naslovom\u00a0<em>Vatikanske sobe<\/em>. Januarja 2021 je Fabio opravil ekskluzivni intervju s pape\u017eem Fran\u010di\u0161kom, ki ga je v oddaji\u00a0<em>Speciale Tg5<\/em>\u00a0spremljalo pet milijonov in pol gledalcev.<\/p>\n<\/div>\n","protected":false},"excerpt":{"rendered":"<p><strong>Prevod: <\/strong>Andrej Turk<br \/>\n<strong>Spremna beseda:<\/strong> Marjan Poga\u010dnik<strong><br \/>\n\u0160tevilo strani:<\/strong> 272<br \/>\n<strong>Format:<\/strong> 140 x 210 mm<br \/>\n<strong>Leto izdaje:<\/strong> 2025<\/p>\n<h5><a href=\"https:\/\/www.iskreni.net\/trgovina\/wp-content\/uploads\/2025\/03\/zivljenje-vzorcne-strani.pdf\">Prelistaj knjigo<\/a><\/h5>\n","protected":false},"featured_media":85756,"comment_status":"open","ping_status":"closed","template":"","meta":[],"product_brand":[],"product_cat":[2325,63],"product_tag":[2915,1784],"avtor":[2968],"zalozba":[2311],"vezava":[2817],"class_list":{"0":"post-85755","1":"product","2":"type-product","3":"status-publish","4":"has-post-thumbnail","6":"product_cat-leposlovje","7":"product_cat-knjige","8":"product_tag-avtobiografija","9":"product_tag-zivljenjska-zgodba","10":"avtor-fabio-marchese-ragona","11":"zalozba-druzina","12":"vezava-trda-z-ovitkom","14":"first","15":"instock","16":"taxable","17":"shipping-taxable","18":"purchasable","19":"product-type-simple"},"yoast_head":"<!-- This site is optimized with the Yoast SEO plugin v26.3 - https:\/\/yoast.com\/wordpress\/plugins\/seo\/ -->\n<title>Pape\u017e Fran\u010di\u0161ek - \u017divljenje - trgovina Zavod Iskreni<\/title>\n<meta name=\"description\" content=\"Pape\u017e Fran\u010di\u0161ek nas v prvi avtobiografiji spremlja po \u010dustveni poti svojega \u017eivljenja in nam odpira okno v razumevanje preteklosti.\" \/>\n<meta name=\"robots\" content=\"index, follow, max-snippet:-1, max-image-preview:large, max-video-preview:-1\" \/>\n<link rel=\"canonical\" href=\"https:\/\/www.iskreni.net\/trgovina\/product\/papez-francisek-zivljenje\/\" \/>\n<meta property=\"og:locale\" content=\"sl_SI\" \/>\n<meta property=\"og:type\" content=\"article\" \/>\n<meta property=\"og:title\" content=\"Postanimo prijatelji Svetega Duha\" \/>\n<meta property=\"og:description\" content=\"Pape\u017e Fran\u010di\u0161ek nas v prvi avtobiografiji spremlja po \u010dustveni poti svojega \u017eivljenja in nam odpira okno v razumevanje preteklosti.\" \/>\n<meta property=\"og:url\" content=\"https:\/\/www.iskreni.net\/trgovina\/product\/papez-francisek-zivljenje\/\" \/>\n<meta property=\"og:site_name\" content=\"Zavod Iskreni\" \/>\n<meta property=\"article:modified_time\" content=\"2025-04-25T10:21:36+00:00\" \/>\n<meta property=\"og:image\" content=\"https:\/\/www.iskreni.net\/trgovina\/wp-content\/uploads\/2025\/03\/zivljenje.png\" \/>\n\t<meta property=\"og:image:width\" content=\"929\" \/>\n\t<meta property=\"og:image:height\" content=\"929\" \/>\n\t<meta property=\"og:image:type\" content=\"image\/png\" \/>\n<meta name=\"twitter:card\" content=\"summary_large_image\" \/>\n<meta name=\"twitter:label1\" content=\"Est. reading time\" \/>\n\t<meta name=\"twitter:data1\" content=\"3 minute\" \/>\n<script type=\"application\/ld+json\" class=\"yoast-schema-graph\">{\"@context\":\"https:\/\/schema.org\",\"@graph\":[{\"@type\":\"WebPage\",\"@id\":\"https:\/\/www.iskreni.net\/trgovina\/product\/papez-francisek-zivljenje\/\",\"url\":\"https:\/\/www.iskreni.net\/trgovina\/product\/papez-francisek-zivljenje\/\",\"name\":\"Pape\u017e Fran\u010di\u0161ek - \u017divljenje - trgovina Zavod Iskreni\",\"isPartOf\":{\"@id\":\"https:\/\/www.iskreni.net\/trgovina\/#website\"},\"primaryImageOfPage\":{\"@id\":\"https:\/\/www.iskreni.net\/trgovina\/product\/papez-francisek-zivljenje\/#primaryimage\"},\"image\":{\"@id\":\"https:\/\/www.iskreni.net\/trgovina\/product\/papez-francisek-zivljenje\/#primaryimage\"},\"thumbnailUrl\":\"https:\/\/www.iskreni.net\/trgovina\/wp-content\/uploads\/2025\/03\/zivljenje.png\",\"datePublished\":\"2025-03-19T11:14:16+00:00\",\"dateModified\":\"2025-04-25T10:21:36+00:00\",\"description\":\"Pape\u017e Fran\u010di\u0161ek nas v prvi avtobiografiji spremlja po \u010dustveni poti svojega \u017eivljenja in nam odpira okno v razumevanje preteklosti.\",\"breadcrumb\":{\"@id\":\"https:\/\/www.iskreni.net\/trgovina\/product\/papez-francisek-zivljenje\/#breadcrumb\"},\"inLanguage\":\"sl-SI\",\"potentialAction\":[{\"@type\":\"ReadAction\",\"target\":[\"https:\/\/www.iskreni.net\/trgovina\/product\/papez-francisek-zivljenje\/\"]}]},{\"@type\":\"ImageObject\",\"inLanguage\":\"sl-SI\",\"@id\":\"https:\/\/www.iskreni.net\/trgovina\/product\/papez-francisek-zivljenje\/#primaryimage\",\"url\":\"https:\/\/www.iskreni.net\/trgovina\/wp-content\/uploads\/2025\/03\/zivljenje.png\",\"contentUrl\":\"https:\/\/www.iskreni.net\/trgovina\/wp-content\/uploads\/2025\/03\/zivljenje.png\",\"width\":929,\"height\":929,\"caption\":\"Pape\u017e Fran\u010di\u0161ek-\u017divljenje\"},{\"@type\":\"BreadcrumbList\",\"@id\":\"https:\/\/www.iskreni.net\/trgovina\/product\/papez-francisek-zivljenje\/#breadcrumb\",\"itemListElement\":[{\"@type\":\"ListItem\",\"position\":1,\"name\":\"Home\",\"item\":\"https:\/\/www.iskreni.net\/trgovina\/\"},{\"@type\":\"ListItem\",\"position\":2,\"name\":\"Trgovina\",\"item\":\"https:\/\/www.iskreni.net\/trgovina\/trgovina\/\"},{\"@type\":\"ListItem\",\"position\":3,\"name\":\"Pape\u017e Fran\u010di\u0161ek &#8211; \u017divljenje\"}]},{\"@type\":\"WebSite\",\"@id\":\"https:\/\/www.iskreni.net\/trgovina\/#website\",\"url\":\"https:\/\/www.iskreni.net\/trgovina\/\",\"name\":\"Zavod Iskreni\",\"description\":\"trgovina\",\"potentialAction\":[{\"@type\":\"SearchAction\",\"target\":{\"@type\":\"EntryPoint\",\"urlTemplate\":\"https:\/\/www.iskreni.net\/trgovina\/?s={search_term_string}\"},\"query-input\":{\"@type\":\"PropertyValueSpecification\",\"valueRequired\":true,\"valueName\":\"search_term_string\"}}],\"inLanguage\":\"sl-SI\"}]}<\/script>\n<!-- \/ Yoast SEO plugin. -->","yoast_head_json":{"title":"Pape\u017e Fran\u010di\u0161ek - \u017divljenje - trgovina Zavod Iskreni","description":"Pape\u017e Fran\u010di\u0161ek nas v prvi avtobiografiji spremlja po \u010dustveni poti svojega \u017eivljenja in nam odpira okno v razumevanje preteklosti.","robots":{"index":"index","follow":"follow","max-snippet":"max-snippet:-1","max-image-preview":"max-image-preview:large","max-video-preview":"max-video-preview:-1"},"canonical":"https:\/\/www.iskreni.net\/trgovina\/product\/papez-francisek-zivljenje\/","og_locale":"sl_SI","og_type":"article","og_title":"Postanimo prijatelji Svetega Duha","og_description":"Pape\u017e Fran\u010di\u0161ek nas v prvi avtobiografiji spremlja po \u010dustveni poti svojega \u017eivljenja in nam odpira okno v razumevanje preteklosti.","og_url":"https:\/\/www.iskreni.net\/trgovina\/product\/papez-francisek-zivljenje\/","og_site_name":"Zavod Iskreni","article_modified_time":"2025-04-25T10:21:36+00:00","og_image":[{"width":929,"height":929,"url":"https:\/\/www.iskreni.net\/trgovina\/wp-content\/uploads\/2025\/03\/zivljenje.png","type":"image\/png"}],"twitter_card":"summary_large_image","twitter_misc":{"Est. reading time":"3 minute"},"schema":{"@context":"https:\/\/schema.org","@graph":[{"@type":"WebPage","@id":"https:\/\/www.iskreni.net\/trgovina\/product\/papez-francisek-zivljenje\/","url":"https:\/\/www.iskreni.net\/trgovina\/product\/papez-francisek-zivljenje\/","name":"Pape\u017e Fran\u010di\u0161ek - \u017divljenje - trgovina Zavod Iskreni","isPartOf":{"@id":"https:\/\/www.iskreni.net\/trgovina\/#website"},"primaryImageOfPage":{"@id":"https:\/\/www.iskreni.net\/trgovina\/product\/papez-francisek-zivljenje\/#primaryimage"},"image":{"@id":"https:\/\/www.iskreni.net\/trgovina\/product\/papez-francisek-zivljenje\/#primaryimage"},"thumbnailUrl":"https:\/\/www.iskreni.net\/trgovina\/wp-content\/uploads\/2025\/03\/zivljenje.png","datePublished":"2025-03-19T11:14:16+00:00","dateModified":"2025-04-25T10:21:36+00:00","description":"Pape\u017e Fran\u010di\u0161ek nas v prvi avtobiografiji spremlja po \u010dustveni poti svojega \u017eivljenja in nam odpira okno v razumevanje preteklosti.","breadcrumb":{"@id":"https:\/\/www.iskreni.net\/trgovina\/product\/papez-francisek-zivljenje\/#breadcrumb"},"inLanguage":"sl-SI","potentialAction":[{"@type":"ReadAction","target":["https:\/\/www.iskreni.net\/trgovina\/product\/papez-francisek-zivljenje\/"]}]},{"@type":"ImageObject","inLanguage":"sl-SI","@id":"https:\/\/www.iskreni.net\/trgovina\/product\/papez-francisek-zivljenje\/#primaryimage","url":"https:\/\/www.iskreni.net\/trgovina\/wp-content\/uploads\/2025\/03\/zivljenje.png","contentUrl":"https:\/\/www.iskreni.net\/trgovina\/wp-content\/uploads\/2025\/03\/zivljenje.png","width":929,"height":929,"caption":"Pape\u017e Fran\u010di\u0161ek-\u017divljenje"},{"@type":"BreadcrumbList","@id":"https:\/\/www.iskreni.net\/trgovina\/product\/papez-francisek-zivljenje\/#breadcrumb","itemListElement":[{"@type":"ListItem","position":1,"name":"Home","item":"https:\/\/www.iskreni.net\/trgovina\/"},{"@type":"ListItem","position":2,"name":"Trgovina","item":"https:\/\/www.iskreni.net\/trgovina\/trgovina\/"},{"@type":"ListItem","position":3,"name":"Pape\u017e Fran\u010di\u0161ek &#8211; \u017divljenje"}]},{"@type":"WebSite","@id":"https:\/\/www.iskreni.net\/trgovina\/#website","url":"https:\/\/www.iskreni.net\/trgovina\/","name":"Zavod Iskreni","description":"trgovina","potentialAction":[{"@type":"SearchAction","target":{"@type":"EntryPoint","urlTemplate":"https:\/\/www.iskreni.net\/trgovina\/?s={search_term_string}"},"query-input":{"@type":"PropertyValueSpecification","valueRequired":true,"valueName":"search_term_string"}}],"inLanguage":"sl-SI"}]}},"_links":{"self":[{"href":"https:\/\/www.iskreni.net\/trgovina\/wp-json\/wp\/v2\/product\/85755","targetHints":{"allow":["GET"]}}],"collection":[{"href":"https:\/\/www.iskreni.net\/trgovina\/wp-json\/wp\/v2\/product"}],"about":[{"href":"https:\/\/www.iskreni.net\/trgovina\/wp-json\/wp\/v2\/types\/product"}],"replies":[{"embeddable":true,"href":"https:\/\/www.iskreni.net\/trgovina\/wp-json\/wp\/v2\/comments?post=85755"}],"version-history":[{"count":6,"href":"https:\/\/www.iskreni.net\/trgovina\/wp-json\/wp\/v2\/product\/85755\/revisions"}],"predecessor-version":[{"id":85983,"href":"https:\/\/www.iskreni.net\/trgovina\/wp-json\/wp\/v2\/product\/85755\/revisions\/85983"}],"wp:featuredmedia":[{"embeddable":true,"href":"https:\/\/www.iskreni.net\/trgovina\/wp-json\/wp\/v2\/media\/85756"}],"wp:attachment":[{"href":"https:\/\/www.iskreni.net\/trgovina\/wp-json\/wp\/v2\/media?parent=85755"}],"wp:term":[{"taxonomy":"product_brand","embeddable":true,"href":"https:\/\/www.iskreni.net\/trgovina\/wp-json\/wp\/v2\/product_brand?post=85755"},{"taxonomy":"product_cat","embeddable":true,"href":"https:\/\/www.iskreni.net\/trgovina\/wp-json\/wp\/v2\/product_cat?post=85755"},{"taxonomy":"product_tag","embeddable":true,"href":"https:\/\/www.iskreni.net\/trgovina\/wp-json\/wp\/v2\/product_tag?post=85755"},{"taxonomy":"avtor","embeddable":true,"href":"https:\/\/www.iskreni.net\/trgovina\/wp-json\/wp\/v2\/avtor?post=85755"},{"taxonomy":"zalozba","embeddable":true,"href":"https:\/\/www.iskreni.net\/trgovina\/wp-json\/wp\/v2\/zalozba?post=85755"},{"taxonomy":"vezava","embeddable":true,"href":"https:\/\/www.iskreni.net\/trgovina\/wp-json\/wp\/v2\/vezava?post=85755"}],"curies":[{"name":"wp","href":"https:\/\/api.w.org\/{rel}","templated":true}]}}