{"id":85278,"date":"2025-03-07T11:32:33","date_gmt":"2025-03-07T10:32:33","guid":{"rendered":"https:\/\/www.iskreni.net\/trgovina\/?post_type=product&#038;p=85278"},"modified":"2025-04-25T12:24:30","modified_gmt":"2025-04-25T10:24:30","slug":"novih-5-minut-s-svetim-duhom","status":"publish","type":"product","link":"https:\/\/www.iskreni.net\/trgovina\/product\/novih-5-minut-s-svetim-duhom\/","title":{"rendered":"Novih 5 minut s Svetim Duhom"},"content":{"rendered":"<h3 id=\"anchor-o-izdelku\" class=\"title\">O knjigi<\/h3>\n<div class=\"tab-description js-tab-singleProduct-description content-tab\">\n<p>Petnajst let po izrednem uspehu knji\u017eice 5 minut s Svetim Duhom, ki se je dotaknila tiso\u010dih src po svetu, je na \u0161tevilne pro\u0161nje bralcev V\u00edctor Manuel Fern\u00e1ndez pripravil drugi del z novimi duhovnimi premi\u0161ljevanji za vsak dan v letu. Ponovno nas spodbuja, naj si vzamemo pet minut dnevno za sre\u010danje s Svetim Duhom in tako pre\u017eivimo \u0161e eno leto z Bo\u017ejim ognjem.<\/p>\n<p>Besede v tej knji\u017eici vam bodo razsvetlile vsak dan, vam pomagale bolje \u017eiveti in najti sidri\u0161\u010de v svetu, polnem hrupa in neresnic.<\/p>\n<h3><strong>O avtorju<\/strong><\/h3>\n<p>Victor Manuel Fern\u00e1ndez (1962) je bil rojen v mestu Alcira Gigena (C\u00f3rdoba, Argentina), kjer je \u0161tudiral filozofijo in teologijo. V duhovnika je bil posve\u010den 15. avgusta 1986, leta 1999 pa je doktoriral iz teologije na Teolo\u0161ki fakulteti Katoli\u0161ke univerze v Argentini, kjer je bil kasneje tudi zaposlen kot rektor. Leta 2023 ga je pape\u017e Fran\u010di\u0161ek imenoval za kardinala in prefekta vatikanskega Dikasterija za nauk vere.<\/p>\n<blockquote><p>Znova za\u010denjamo. Vedno znova. Ne ostajamo zasidrani v letu, ki je minilo. Odpiramo se novostim Svetega Duha. Leto, ki se za\u010denja, je velika prilo\u017enost za na\u0161e prenovljenje, za o\u017eivitev sanj, za na\u0161o okrepitev. Danes je dan, da izberemo veselje in upanje. Ni vredno \u017eiveti v jadikovanju in oto\u017enosti, v spominih in pogre\u0161anju. Sveti Duh nas \u017eeli pote\u00acgniti naprej. Bolje je torej, da smo prilagodljivi in se pustimo voditi. Kako \u010dudovito in polno ne\u017enosti je zaupanje nekoga, ki se zaveda, da je ljubljen, in se pusti voditi! Naj se zgodi karkoli, Bog nam bo ve\u00acdno pokazal novo pot, pri\u017egal nam bo lu\u010d, dal nam bo potrebnih mo\u010di. Pusti se prenoviti, sprejmi ponovno rojstvo in to novo leto bo gotovo prekrasna prilo\u017enost. \u0160e globlje bo\u0161 lahko prodrl v skrivnost \u017eivljenja, ki je dramati\u010dno, a vedno \u010dudovito.<\/p><\/blockquote>\n<\/div>\n","protected":false},"excerpt":{"rendered":"<p><strong>Avtor prevoda:<\/strong> s. Damjana Pintari\u010d<br \/>\n<strong>\u0160tevilo strani:<\/strong> 376<br \/>\n<strong>Format:<\/strong> 150 x 165 mm<br \/>\n<strong>Leto izdaje:<\/strong> 2025<\/p>\n","protected":false},"featured_media":85281,"comment_status":"open","ping_status":"closed","template":"","meta":[],"product_brand":[],"product_cat":[2324,63],"product_tag":[1061,1896,1759],"avtor":[2955],"zalozba":[2311],"vezava":[],"class_list":["post-85278","product","type-product","status-publish","has-post-thumbnail","product_cat-duhovnost-in-osebna-rast","product_cat-knjige","product_tag-duhovna-rast","product_tag-molitev","product_tag-sveti-duh","avtor-victor-manuel","zalozba-druzina","first","instock","taxable","shipping-taxable","purchasable","product-type-simple"],"yoast_head":"<!-- This site is optimized with the Yoast SEO plugin v28.2 - https:\/\/yoast.com\/product\/yoast-seo-wordpress\/ -->\n<title>Novih 5 minut s Svetim Duhom - trgovina Zavod Iskreni<\/title>\n<meta name=\"description\" content=\"Petnajst let po izrednem uspehu knji\u017eice 5 minut s Svetim Duhom je na \u0161tevilne pro\u0161nje bralcev V\u00edctor Manuel Fern\u00e1ndez pripravil drugi del.\" \/>\n<meta name=\"robots\" content=\"index, follow, max-snippet:-1, max-image-preview:large, max-video-preview:-1\" \/>\n<link rel=\"canonical\" href=\"https:\/\/www.iskreni.net\/trgovina\/product\/novih-5-minut-s-svetim-duhom\/\" \/>\n<meta property=\"og:locale\" content=\"sl_SI\" \/>\n<meta property=\"og:type\" content=\"article\" \/>\n<meta property=\"og:title\" content=\"Postanimo prijatelji Svetega Duha\" \/>\n<meta property=\"og:description\" content=\"Petnajst let po izrednem uspehu knji\u017eice 5 minut s Svetim Duhom je na \u0161tevilne pro\u0161nje bralcev V\u00edctor Manuel Fern\u00e1ndez pripravil drugi del.\" \/>\n<meta property=\"og:url\" content=\"https:\/\/www.iskreni.net\/trgovina\/product\/novih-5-minut-s-svetim-duhom\/\" \/>\n<meta property=\"og:site_name\" content=\"Zavod Iskreni\" \/>\n<meta property=\"article:modified_time\" content=\"2025-04-25T10:24:30+00:00\" \/>\n<meta property=\"og:image\" content=\"https:\/\/www.iskreni.net\/trgovina\/wp-content\/uploads\/2025\/03\/novih-5-minut.png\" \/>\n\t<meta property=\"og:image:width\" content=\"959\" \/>\n\t<meta property=\"og:image:height\" content=\"959\" \/>\n\t<meta property=\"og:image:type\" content=\"image\/png\" \/>\n<meta name=\"twitter:card\" content=\"summary_large_image\" \/>\n<meta name=\"twitter:label1\" content=\"Est. reading time\" \/>\n\t<meta name=\"twitter:data1\" content=\"2 minuti\" \/>\n<script type=\"application\/ld+json\" class=\"yoast-schema-graph\">{\"@context\":\"https:\\\/\\\/schema.org\",\"@graph\":[{\"@type\":\"WebPage\",\"@id\":\"https:\\\/\\\/www.iskreni.net\\\/trgovina\\\/product\\\/novih-5-minut-s-svetim-duhom\\\/\",\"url\":\"https:\\\/\\\/www.iskreni.net\\\/trgovina\\\/product\\\/novih-5-minut-s-svetim-duhom\\\/\",\"name\":\"Novih 5 minut s Svetim Duhom - trgovina Zavod Iskreni\",\"isPartOf\":{\"@id\":\"https:\\\/\\\/www.iskreni.net\\\/trgovina\\\/#website\"},\"primaryImageOfPage\":{\"@id\":\"https:\\\/\\\/www.iskreni.net\\\/trgovina\\\/product\\\/novih-5-minut-s-svetim-duhom\\\/#primaryimage\"},\"image\":{\"@id\":\"https:\\\/\\\/www.iskreni.net\\\/trgovina\\\/product\\\/novih-5-minut-s-svetim-duhom\\\/#primaryimage\"},\"thumbnailUrl\":\"https:\\\/\\\/www.iskreni.net\\\/trgovina\\\/wp-content\\\/uploads\\\/2025\\\/03\\\/novih-5-minut.png\",\"datePublished\":\"2025-03-07T10:32:33+00:00\",\"dateModified\":\"2025-04-25T10:24:30+00:00\",\"description\":\"Petnajst let po izrednem uspehu knji\u017eice 5 minut s Svetim Duhom je na \u0161tevilne pro\u0161nje bralcev V\u00edctor Manuel Fern\u00e1ndez pripravil drugi del.\",\"breadcrumb\":{\"@id\":\"https:\\\/\\\/www.iskreni.net\\\/trgovina\\\/product\\\/novih-5-minut-s-svetim-duhom\\\/#breadcrumb\"},\"inLanguage\":\"sl-SI\",\"potentialAction\":[{\"@type\":\"ReadAction\",\"target\":[\"https:\\\/\\\/www.iskreni.net\\\/trgovina\\\/product\\\/novih-5-minut-s-svetim-duhom\\\/\"]}]},{\"@type\":\"ImageObject\",\"inLanguage\":\"sl-SI\",\"@id\":\"https:\\\/\\\/www.iskreni.net\\\/trgovina\\\/product\\\/novih-5-minut-s-svetim-duhom\\\/#primaryimage\",\"url\":\"https:\\\/\\\/www.iskreni.net\\\/trgovina\\\/wp-content\\\/uploads\\\/2025\\\/03\\\/novih-5-minut.png\",\"contentUrl\":\"https:\\\/\\\/www.iskreni.net\\\/trgovina\\\/wp-content\\\/uploads\\\/2025\\\/03\\\/novih-5-minut.png\",\"width\":959,\"height\":959,\"caption\":\"Novih 5 minut s Svetim Duhom.\"},{\"@type\":\"BreadcrumbList\",\"@id\":\"https:\\\/\\\/www.iskreni.net\\\/trgovina\\\/product\\\/novih-5-minut-s-svetim-duhom\\\/#breadcrumb\",\"itemListElement\":[{\"@type\":\"ListItem\",\"position\":1,\"name\":\"Home\",\"item\":\"https:\\\/\\\/www.iskreni.net\\\/trgovina\\\/\"},{\"@type\":\"ListItem\",\"position\":2,\"name\":\"Trgovina\",\"item\":\"https:\\\/\\\/www.iskreni.net\\\/trgovina\\\/trgovina\\\/\"},{\"@type\":\"ListItem\",\"position\":3,\"name\":\"Novih 5 minut s Svetim Duhom\"}]},{\"@type\":\"WebSite\",\"@id\":\"https:\\\/\\\/www.iskreni.net\\\/trgovina\\\/#website\",\"url\":\"https:\\\/\\\/www.iskreni.net\\\/trgovina\\\/\",\"name\":\"Zavod Iskreni\",\"description\":\"trgovina\",\"potentialAction\":[{\"@type\":\"SearchAction\",\"target\":{\"@type\":\"EntryPoint\",\"urlTemplate\":\"https:\\\/\\\/www.iskreni.net\\\/trgovina\\\/?s={search_term_string}\"},\"query-input\":{\"@type\":\"PropertyValueSpecification\",\"valueRequired\":true,\"valueName\":\"search_term_string\"}}],\"inLanguage\":\"sl-SI\"}]}<\/script>\n<!-- \/ Yoast SEO plugin. -->","yoast_head_json":{"title":"Novih 5 minut s Svetim Duhom - trgovina Zavod Iskreni","description":"Petnajst let po izrednem uspehu knji\u017eice 5 minut s Svetim Duhom je na \u0161tevilne pro\u0161nje bralcev V\u00edctor Manuel Fern\u00e1ndez pripravil drugi del.","robots":{"index":"index","follow":"follow","max-snippet":"max-snippet:-1","max-image-preview":"max-image-preview:large","max-video-preview":"max-video-preview:-1"},"canonical":"https:\/\/www.iskreni.net\/trgovina\/product\/novih-5-minut-s-svetim-duhom\/","og_locale":"sl_SI","og_type":"article","og_title":"Postanimo prijatelji Svetega Duha","og_description":"Petnajst let po izrednem uspehu knji\u017eice 5 minut s Svetim Duhom je na \u0161tevilne pro\u0161nje bralcev V\u00edctor Manuel Fern\u00e1ndez pripravil drugi del.","og_url":"https:\/\/www.iskreni.net\/trgovina\/product\/novih-5-minut-s-svetim-duhom\/","og_site_name":"Zavod Iskreni","article_modified_time":"2025-04-25T10:24:30+00:00","og_image":[{"width":959,"height":959,"url":"https:\/\/www.iskreni.net\/trgovina\/wp-content\/uploads\/2025\/03\/novih-5-minut.png","type":"image\/png"}],"twitter_card":"summary_large_image","twitter_misc":{"Est. reading time":"2 minuti"},"schema":{"@context":"https:\/\/schema.org","@graph":[{"@type":"WebPage","@id":"https:\/\/www.iskreni.net\/trgovina\/product\/novih-5-minut-s-svetim-duhom\/","url":"https:\/\/www.iskreni.net\/trgovina\/product\/novih-5-minut-s-svetim-duhom\/","name":"Novih 5 minut s Svetim Duhom - trgovina Zavod Iskreni","isPartOf":{"@id":"https:\/\/www.iskreni.net\/trgovina\/#website"},"primaryImageOfPage":{"@id":"https:\/\/www.iskreni.net\/trgovina\/product\/novih-5-minut-s-svetim-duhom\/#primaryimage"},"image":{"@id":"https:\/\/www.iskreni.net\/trgovina\/product\/novih-5-minut-s-svetim-duhom\/#primaryimage"},"thumbnailUrl":"https:\/\/www.iskreni.net\/trgovina\/wp-content\/uploads\/2025\/03\/novih-5-minut.png","datePublished":"2025-03-07T10:32:33+00:00","dateModified":"2025-04-25T10:24:30+00:00","description":"Petnajst let po izrednem uspehu knji\u017eice 5 minut s Svetim Duhom je na \u0161tevilne pro\u0161nje bralcev V\u00edctor Manuel Fern\u00e1ndez pripravil drugi del.","breadcrumb":{"@id":"https:\/\/www.iskreni.net\/trgovina\/product\/novih-5-minut-s-svetim-duhom\/#breadcrumb"},"inLanguage":"sl-SI","potentialAction":[{"@type":"ReadAction","target":["https:\/\/www.iskreni.net\/trgovina\/product\/novih-5-minut-s-svetim-duhom\/"]}]},{"@type":"ImageObject","inLanguage":"sl-SI","@id":"https:\/\/www.iskreni.net\/trgovina\/product\/novih-5-minut-s-svetim-duhom\/#primaryimage","url":"https:\/\/www.iskreni.net\/trgovina\/wp-content\/uploads\/2025\/03\/novih-5-minut.png","contentUrl":"https:\/\/www.iskreni.net\/trgovina\/wp-content\/uploads\/2025\/03\/novih-5-minut.png","width":959,"height":959,"caption":"Novih 5 minut s Svetim Duhom."},{"@type":"BreadcrumbList","@id":"https:\/\/www.iskreni.net\/trgovina\/product\/novih-5-minut-s-svetim-duhom\/#breadcrumb","itemListElement":[{"@type":"ListItem","position":1,"name":"Home","item":"https:\/\/www.iskreni.net\/trgovina\/"},{"@type":"ListItem","position":2,"name":"Trgovina","item":"https:\/\/www.iskreni.net\/trgovina\/trgovina\/"},{"@type":"ListItem","position":3,"name":"Novih 5 minut s Svetim Duhom"}]},{"@type":"WebSite","@id":"https:\/\/www.iskreni.net\/trgovina\/#website","url":"https:\/\/www.iskreni.net\/trgovina\/","name":"Zavod Iskreni","description":"trgovina","potentialAction":[{"@type":"SearchAction","target":{"@type":"EntryPoint","urlTemplate":"https:\/\/www.iskreni.net\/trgovina\/?s={search_term_string}"},"query-input":{"@type":"PropertyValueSpecification","valueRequired":true,"valueName":"search_term_string"}}],"inLanguage":"sl-SI"}]}},"_links":{"self":[{"href":"https:\/\/www.iskreni.net\/trgovina\/wp-json\/wp\/v2\/product\/85278","targetHints":{"allow":["GET"]}}],"collection":[{"href":"https:\/\/www.iskreni.net\/trgovina\/wp-json\/wp\/v2\/product"}],"about":[{"href":"https:\/\/www.iskreni.net\/trgovina\/wp-json\/wp\/v2\/types\/product"}],"replies":[{"embeddable":true,"href":"https:\/\/www.iskreni.net\/trgovina\/wp-json\/wp\/v2\/comments?post=85278"}],"version-history":[{"count":7,"href":"https:\/\/www.iskreni.net\/trgovina\/wp-json\/wp\/v2\/product\/85278\/revisions"}],"predecessor-version":[{"id":85816,"href":"https:\/\/www.iskreni.net\/trgovina\/wp-json\/wp\/v2\/product\/85278\/revisions\/85816"}],"wp:featuredmedia":[{"embeddable":true,"href":"https:\/\/www.iskreni.net\/trgovina\/wp-json\/wp\/v2\/media\/85281"}],"wp:attachment":[{"href":"https:\/\/www.iskreni.net\/trgovina\/wp-json\/wp\/v2\/media?parent=85278"}],"wp:term":[{"taxonomy":"product_brand","embeddable":true,"href":"https:\/\/www.iskreni.net\/trgovina\/wp-json\/wp\/v2\/product_brand?post=85278"},{"taxonomy":"product_cat","embeddable":true,"href":"https:\/\/www.iskreni.net\/trgovina\/wp-json\/wp\/v2\/product_cat?post=85278"},{"taxonomy":"product_tag","embeddable":true,"href":"https:\/\/www.iskreni.net\/trgovina\/wp-json\/wp\/v2\/product_tag?post=85278"},{"taxonomy":"avtor","embeddable":true,"href":"https:\/\/www.iskreni.net\/trgovina\/wp-json\/wp\/v2\/avtor?post=85278"},{"taxonomy":"zalozba","embeddable":true,"href":"https:\/\/www.iskreni.net\/trgovina\/wp-json\/wp\/v2\/zalozba?post=85278"},{"taxonomy":"vezava","embeddable":true,"href":"https:\/\/www.iskreni.net\/trgovina\/wp-json\/wp\/v2\/vezava?post=85278"}],"curies":[{"name":"wp","href":"https:\/\/api.w.org\/{rel}","templated":true}]}}

<h3 id="anchor-o-izdelku" class="title">O knjigi</h3>
<div class="tab-description js-tab-singleProduct-description content-tab">
<p>Petnajst let po izrednem uspehu knjižice 5 minut s Svetim Duhom, ki se je dotaknila tisočih src po svetu, je na številne prošnje bralcev Víctor Manuel Fernández pripravil drugi del z novimi duhovnimi premišljevanji za vsak dan v letu. Ponovno nas spodbuja, naj si vzamemo pet minut dnevno za srečanje s Svetim Duhom in tako preživimo še eno leto z Božjim ognjem.</p>
<p>Besede v tej knjižici vam bodo razsvetlile vsak dan, vam pomagale bolje živeti in najti sidrišče v svetu, polnem hrupa in neresnic.</p>
<h3><strong>O avtorju</strong></h3>
<p>Victor Manuel Fernández (1962) je bil rojen v mestu Alcira Gigena (Córdoba, Argentina), kjer je študiral filozofijo in teologijo. V duhovnika je bil posvečen 15. avgusta 1986, leta 1999 pa je doktoriral iz teologije na Teološki fakulteti Katoliške univerze v Argentini, kjer je bil kasneje tudi zaposlen kot rektor. Leta 2023 ga je papež Frančišek imenoval za kardinala in prefekta vatikanskega Dikasterija za nauk vere.</p>
<blockquote><p>Znova začenjamo. Vedno znova. Ne ostajamo zasidrani v letu, ki je minilo. Odpiramo se novostim Svetega Duha. Leto, ki se začenja, je velika priložnost za naše prenovljenje, za oživitev sanj, za našo okrepitev. Danes je dan, da izberemo veselje in upanje. Ni vredno živeti v jadikovanju in otožnosti, v spominih in pogrešanju. Sveti Duh nas želi pote¬gniti naprej. Bolje je torej, da smo prilagodljivi in se pustimo voditi. Kako čudovito in polno nežnosti je zaupanje nekoga, ki se zaveda, da je ljubljen, in se pusti voditi! Naj se zgodi karkoli, Bog nam bo ve¬dno pokazal novo pot, prižgal nam bo luč, dal nam bo potrebnih moči. Pusti se prenoviti, sprejmi ponovno rojstvo in to novo leto bo gotovo prekrasna priložnost. Še globlje boš lahko prodrl v skrivnost življenja, ki je dramatično, a vedno čudovito.</p></blockquote>
</div>

<p><strong>Avtor prevoda:</strong> s. Damjana Pintarič<br />
<strong>Število strani:</strong> 376<br />
<strong>Format:</strong> 150 x 165 mm<br />
<strong>Leto izdaje:</strong> 2025</p>

<!-- This site is optimized with the Yoast SEO plugin v28.2 - https://yoast.com/product/yoast-seo-wordpress/ -->
<title>Novih 5 minut s Svetim Duhom - trgovina Zavod Iskreni</title>
<meta name="description" content="Petnajst let po izrednem uspehu knjižice 5 minut s Svetim Duhom je na številne prošnje bralcev Víctor Manuel Fernández pripravil drugi del." />
<meta name="robots" content="index, follow, max-snippet:-1, max-image-preview:large, max-video-preview:-1" />
<link rel="canonical" href="https://www.iskreni.net/trgovina/product/novih-5-minut-s-svetim-duhom/" />
<meta property="og:locale" content="sl_SI" />
<meta property="og:type" content="article" />
<meta property="og:title" content="Postanimo prijatelji Svetega Duha" />
<meta property="og:description" content="Petnajst let po izrednem uspehu knjižice 5 minut s Svetim Duhom je na številne prošnje bralcev Víctor Manuel Fernández pripravil drugi del." />
<meta property="og:url" content="https://www.iskreni.net/trgovina/product/novih-5-minut-s-svetim-duhom/" />
<meta property="og:site_name" content="Zavod Iskreni" />
<meta property="article:modified_time" content="2025-04-25T10:24:30+00:00" />
<meta property="og:image" content="https://www.iskreni.net/trgovina/wp-content/uploads/2025/03/novih-5-minut.png" />
	<meta property="og:image:width" content="959" />
	<meta property="og:image:height" content="959" />
	<meta property="og:image:type" content="image/png" />
<meta name="twitter:card" content="summary_large_image" />
<meta name="twitter:label1" content="Est. reading time" />
	<meta name="twitter:data1" content="2 minuti" />
<script type="application/ld+json" class="yoast-schema-graph">{"@context":"https:\/\/schema.org","@graph":[{"@type":"WebPage","@id":"https:\/\/www.iskreni.net\/trgovina\/product\/novih-5-minut-s-svetim-duhom\/","url":"https:\/\/www.iskreni.net\/trgovina\/product\/novih-5-minut-s-svetim-duhom\/","name":"Novih 5 minut s Svetim Duhom - trgovina Zavod Iskreni","isPartOf":{"@id":"https:\/\/www.iskreni.net\/trgovina\/#website"},"primaryImageOfPage":{"@id":"https:\/\/www.iskreni.net\/trgovina\/product\/novih-5-minut-s-svetim-duhom\/#primaryimage"},"image":{"@id":"https:\/\/www.iskreni.net\/trgovina\/product\/novih-5-minut-s-svetim-duhom\/#primaryimage"},"thumbnailUrl":"https:\/\/www.iskreni.net\/trgovina\/wp-content\/uploads\/2025\/03\/novih-5-minut.png","datePublished":"2025-03-07T10:32:33+00:00","dateModified":"2025-04-25T10:24:30+00:00","description":"Petnajst let po izrednem uspehu knjižice 5 minut s Svetim Duhom je na številne prošnje bralcev Víctor Manuel Fernández pripravil drugi del.","breadcrumb":{"@id":"https:\/\/www.iskreni.net\/trgovina\/product\/novih-5-minut-s-svetim-duhom\/#breadcrumb"},"inLanguage":"sl-SI","potentialAction":[{"@type":"ReadAction","target":["https:\/\/www.iskreni.net\/trgovina\/product\/novih-5-minut-s-svetim-duhom\/"]}]},{"@type":"ImageObject","inLanguage":"sl-SI","@id":"https:\/\/www.iskreni.net\/trgovina\/product\/novih-5-minut-s-svetim-duhom\/#primaryimage","url":"https:\/\/www.iskreni.net\/trgovina\/wp-content\/uploads\/2025\/03\/novih-5-minut.png","contentUrl":"https:\/\/www.iskreni.net\/trgovina\/wp-content\/uploads\/2025\/03\/novih-5-minut.png","width":959,"height":959,"caption":"Novih 5 minut s Svetim Duhom."},{"@type":"BreadcrumbList","@id":"https:\/\/www.iskreni.net\/trgovina\/product\/novih-5-minut-s-svetim-duhom\/#breadcrumb","itemListElement":[{"@type":"ListItem","position":1,"name":"Home","item":"https:\/\/www.iskreni.net\/trgovina\/"},{"@type":"ListItem","position":2,"name":"Trgovina","item":"https:\/\/www.iskreni.net\/trgovina\/trgovina\/"},{"@type":"ListItem","position":3,"name":"Novih 5 minut s Svetim Duhom"}]},{"@type":"WebSite","@id":"https:\/\/www.iskreni.net\/trgovina\/#website","url":"https:\/\/www.iskreni.net\/trgovina\/","name":"Zavod Iskreni","description":"trgovina","potentialAction":[{"@type":"SearchAction","target":{"@type":"EntryPoint","urlTemplate":"https:\/\/www.iskreni.net\/trgovina\/?s={search_term_string}"},"query-input":{"@type":"PropertyValueSpecification","valueRequired":true,"valueName":"search_term_string"}}],"inLanguage":"sl-SI"}]}</script>
<!-- / Yoast SEO plugin. -->

Petnajst let po izrednem uspehu knjižice 5 minut s Svetim Duhom je na številne prošnje bralcev Víctor Manuel Fernández pripravil drugi del.
