{"id":83615,"date":"2025-01-24T11:36:10","date_gmt":"2025-01-24T10:36:10","guid":{"rendered":"https:\/\/www.iskreni.net\/trgovina\/?post_type=product&#038;p=83615"},"modified":"2025-09-17T13:46:46","modified_gmt":"2025-09-17T11:46:46","slug":"nenavaden-primer-brezglavega-pianista","status":"publish","type":"product","link":"https:\/\/www.iskreni.net\/trgovina\/product\/nenavaden-primer-brezglavega-pianista\/","title":{"rendered":"Nenavaden primer brezglavega pianista"},"content":{"rendered":"<p><span class=\"OYPEnA font-feature-liga-off font-feature-clig-off font-feature-calt-off text-decoration-none text-strikethrough-none\">Novi del mladinskih detektivskih uspe\u0161nic je tukaj!<\/span><\/p>\n<p><span class=\"OYPEnA font-feature-liga-off font-feature-clig-off font-feature-calt-off text-decoration-none text-strikethrough-none\">Po knjigah Skrivnost za tovarni\u0161kimi zidovi in Moril\u010devi pli\u0161asti medvedki, v novem delu detektivsko uganko re\u0161ujemo skozi filozofsko misel F. Nietzschejem.\u00a0<\/span><\/p>\n<p>Kako bo filozofska dru\u0161\u010dina tokrat re\u0161ila detektivsko uganko? Preveri v novi knjigi Nenavaden primer brezglavega pianista.<\/p>\n<h3>Recenziral: David Toma\u017ein, mag. prof. filozofije in zgodovine<\/h3>\n<p>Kristjani se Nietzscheja radi ustra\u0161imo ali pa ga spregledamo, \u017eal na na\u0161o \u0161kodo. Nietzsche se je namre\u010d pri svojem o\u010detu, ki je bil protestantski pastor, \u017ee zgodaj priu\u010dil \u010duta za nadnaravno in vi\u0161je. Celo tako je bil zagnan v veri, da so ga prijatelji klicali \u201cMali pastor\u201d (der kleine Pastor).<\/p>\n<p>Cuca Canals si ga z dobrim razlogom sposodi kot lik v njeni knji\u017eni serijo Filo&amp;Zofija. V knjigi \u201cNenavaden primer brezglavega pianista\u201d, v kateri zgodbo pripoveduje \u201cFredi Nietzsche\u201d, mladi misleci, ki zagovarjajo vrednote miru, diskusije in poslu\u0161anja drug drugega, raziskuje serijo umorov, ki jih dru\u017ei skupna glasbena nit &#8211; Nietzsche je bil namre\u010d strasten igralec klavirja in skladatelj.<\/p>\n<p>Knjiga je primerna za mi\u010dkeno odraslej\u0161e otroke, ki jih razmi\u0161ljanje ter branje veselita, saj govori o dru\u017ebi sirot (torej o otrocih brez star\u0161ev, ki pa jih vodi Sofija Hipatija &#8211; sofija pomeni modrost, filo pa ljubezen: zato so otroci agenti Filo&amp;Zofije (ljubezni in modrosti)). Knjiga je otroku lahko v uteho, saj te\u017eka eksistencialna vpra\u0161anja odpira ter obravnava na izjemno pozitiven in konstruktiven na\u010din. Fredi svojo izjemno travmo izgube star\u0161ev prebrodi s prijatelji in mo\u017enostjo razpravljanja o svojih te\u017eavah in bole\u010dinah. Namesto ti\u0161\u010danja v sebi avtorica pomaga otrokom-bralcem razre\u0161iti marsikak\u0161no bole\u010dino ali skrb prek razmi\u0161ljanj, ki jih potisne v usta glavnih likov.<\/p>\n<p>Vsaka knjiga ima svojega junaka in v tej je junak Nietzsche, ki se ga danes velikokrat zanemari. Kot \u010dloveka so ga njegovi bli\u017enji imeli izjemno radi, \u0161e posebej otroci. Zaradi njegovih brutalnih glavobolov (tako kot njegov o\u010de, tako sklepamo, je imel degenerativno mo\u017egansko bolezen) je veliko hodil na sprehode in tam mlel svoje misli, ki jih je zaradi bole\u010din zapisoval v kratkih zapisih (t. i. aforizmi). Njegov na\u010din razmi\u0161ljanja je tudi upodobljen v knjigi kot dolgo premljevanje, ki kar eksplodira v pomembnih idejah prav pred najpomembnej\u0161imi trenutki.<\/p>\n<p>Knjigo toplo priporo\u010dam v branje vsem otrokom, \u010detudi \u0161e nikoli sli\u0161ali za filozofijo, saj se jim te ni potrebno brati, hkrati pa morajo vedeti, da v njej lahko postanejo bolj\u0161i ljudje, se prek nje nau\u010dijo diskutirati in prisluhniti druga\u010dnim idejam namesto izbiranja alternativnih povra\u010dilnih ukrepov proti ljudem, s katerimi se ne strinjajo. S priporo\u010dilom te knjige jim boste star\u0161i naredili uslugo, saj jih boste potisnili v smer filozofskega na\u010dina bivanja, ki konec koncev temelji na ljubezni in (iskanju) modrosti. Filozofija namre\u010d ni samo razmi\u0161ljanje, je tudi praksa &#8211; to udejanjajo otroci knjige, ki s svojo \u201cfilozofskostjo\u201d pomagajo svetu na bolj\u0161e. Sveta niso prejeli ravno najbolje. So ga pa zaradi svoje nesebi\u010dne ljubezni in preobilja hvale\u017enosti zapustili bolj\u0161ega kot so ga prejeli.<\/p>\n<p>&nbsp;<\/p>\n","protected":false},"excerpt":{"rendered":"<p><strong>Leto izdaje:<\/strong> 2024<br \/>\n<strong>\u0160tevilo strani: 212<\/strong><br \/>\n<strong>Format:<\/strong> 205 x\u00a0 130 mm<\/p>\n<h5><a href=\"file:\/\/\/C:\/Users\/%C5%A0tacuna\/Downloads\/FiloZofija03-PREDSTAVITVENE-STRANI.pdf\" target=\"_blank\" rel=\"noopener\">Prelistaj knjigo<\/a><\/h5>\n","protected":false},"featured_media":83778,"comment_status":"open","ping_status":"closed","template":"","meta":[],"product_brand":[],"product_cat":[887],"product_tag":[1587,2920],"avtor":[2396],"zalozba":[2336],"vezava":[2307],"class_list":{"0":"post-83615","1":"product","2":"type-product","3":"status-publish","4":"has-post-thumbnail","6":"product_cat-uncategorized","7":"product_tag-filozofija","8":"product_tag-mladinski-roman","9":"avtor-cuca-canals","10":"zalozba-salve","11":"vezava-mehka","13":"first","14":"onbackorder","15":"taxable","16":"shipping-taxable","17":"purchasable","18":"product-type-simple"},"yoast_head":"<!-- This site is optimized with the Yoast SEO plugin v26.3 - https:\/\/yoast.com\/wordpress\/plugins\/seo\/ -->\n<title>Nenavaden primer brezglavega pianista - Zavod Iskreni<\/title>\n<meta name=\"description\" content=\"Kako bo filozofska dru\u0161\u010dina tokrat re\u0161ila detektivsko uganko? Preveri v novi knjigi Nenavaden primer brezglavega pianista.\" \/>\n<meta name=\"robots\" content=\"index, follow, max-snippet:-1, max-image-preview:large, max-video-preview:-1\" \/>\n<link rel=\"canonical\" href=\"https:\/\/www.iskreni.net\/trgovina\/product\/nenavaden-primer-brezglavega-pianista\/\" \/>\n<meta property=\"og:locale\" content=\"sl_SI\" \/>\n<meta property=\"og:type\" content=\"article\" \/>\n<meta property=\"og:title\" content=\"Nenavaden primer brezglavega pianista - Zavod Iskreni\" \/>\n<meta property=\"og:description\" content=\"Kako bo filozofska dru\u0161\u010dina tokrat re\u0161ila detektivsko uganko? Preveri v novi knjigi Nenavaden primer brezglavega pianista.\" \/>\n<meta property=\"og:url\" content=\"https:\/\/www.iskreni.net\/trgovina\/product\/nenavaden-primer-brezglavega-pianista\/\" \/>\n<meta property=\"og:site_name\" content=\"Zavod Iskreni\" \/>\n<meta property=\"article:modified_time\" content=\"2025-09-17T11:46:46+00:00\" \/>\n<meta property=\"og:image\" content=\"https:\/\/www.iskreni.net\/trgovina\/wp-content\/uploads\/2025\/01\/Nenavaden.png\" \/>\n\t<meta property=\"og:image:width\" content=\"2018\" \/>\n\t<meta property=\"og:image:height\" content=\"2018\" \/>\n\t<meta property=\"og:image:type\" content=\"image\/png\" \/>\n<meta name=\"twitter:card\" content=\"summary_large_image\" \/>\n<meta name=\"twitter:label1\" content=\"Est. reading time\" \/>\n\t<meta name=\"twitter:data1\" content=\"3 minute\" \/>\n<script type=\"application\/ld+json\" class=\"yoast-schema-graph\">{\"@context\":\"https:\/\/schema.org\",\"@graph\":[{\"@type\":\"WebPage\",\"@id\":\"https:\/\/www.iskreni.net\/trgovina\/product\/nenavaden-primer-brezglavega-pianista\/\",\"url\":\"https:\/\/www.iskreni.net\/trgovina\/product\/nenavaden-primer-brezglavega-pianista\/\",\"name\":\"Nenavaden primer brezglavega pianista - Zavod Iskreni\",\"isPartOf\":{\"@id\":\"https:\/\/www.iskreni.net\/trgovina\/#website\"},\"primaryImageOfPage\":{\"@id\":\"https:\/\/www.iskreni.net\/trgovina\/product\/nenavaden-primer-brezglavega-pianista\/#primaryimage\"},\"image\":{\"@id\":\"https:\/\/www.iskreni.net\/trgovina\/product\/nenavaden-primer-brezglavega-pianista\/#primaryimage\"},\"thumbnailUrl\":\"https:\/\/www.iskreni.net\/trgovina\/wp-content\/uploads\/2025\/01\/Nenavaden.png\",\"datePublished\":\"2025-01-24T10:36:10+00:00\",\"dateModified\":\"2025-09-17T11:46:46+00:00\",\"description\":\"Kako bo filozofska dru\u0161\u010dina tokrat re\u0161ila detektivsko uganko? Preveri v novi knjigi Nenavaden primer brezglavega pianista.\",\"breadcrumb\":{\"@id\":\"https:\/\/www.iskreni.net\/trgovina\/product\/nenavaden-primer-brezglavega-pianista\/#breadcrumb\"},\"inLanguage\":\"sl-SI\",\"potentialAction\":[{\"@type\":\"ReadAction\",\"target\":[\"https:\/\/www.iskreni.net\/trgovina\/product\/nenavaden-primer-brezglavega-pianista\/\"]}]},{\"@type\":\"ImageObject\",\"inLanguage\":\"sl-SI\",\"@id\":\"https:\/\/www.iskreni.net\/trgovina\/product\/nenavaden-primer-brezglavega-pianista\/#primaryimage\",\"url\":\"https:\/\/www.iskreni.net\/trgovina\/wp-content\/uploads\/2025\/01\/Nenavaden.png\",\"contentUrl\":\"https:\/\/www.iskreni.net\/trgovina\/wp-content\/uploads\/2025\/01\/Nenavaden.png\",\"width\":2018,\"height\":2018,\"caption\":\"Nenavaden\"},{\"@type\":\"BreadcrumbList\",\"@id\":\"https:\/\/www.iskreni.net\/trgovina\/product\/nenavaden-primer-brezglavega-pianista\/#breadcrumb\",\"itemListElement\":[{\"@type\":\"ListItem\",\"position\":1,\"name\":\"Home\",\"item\":\"https:\/\/www.iskreni.net\/trgovina\/\"},{\"@type\":\"ListItem\",\"position\":2,\"name\":\"Trgovina\",\"item\":\"https:\/\/www.iskreni.net\/trgovina\/trgovina\/\"},{\"@type\":\"ListItem\",\"position\":3,\"name\":\"Nenavaden primer brezglavega pianista\"}]},{\"@type\":\"WebSite\",\"@id\":\"https:\/\/www.iskreni.net\/trgovina\/#website\",\"url\":\"https:\/\/www.iskreni.net\/trgovina\/\",\"name\":\"Zavod Iskreni\",\"description\":\"trgovina\",\"potentialAction\":[{\"@type\":\"SearchAction\",\"target\":{\"@type\":\"EntryPoint\",\"urlTemplate\":\"https:\/\/www.iskreni.net\/trgovina\/?s={search_term_string}\"},\"query-input\":{\"@type\":\"PropertyValueSpecification\",\"valueRequired\":true,\"valueName\":\"search_term_string\"}}],\"inLanguage\":\"sl-SI\"}]}<\/script>\n<!-- \/ Yoast SEO plugin. -->","yoast_head_json":{"title":"Nenavaden primer brezglavega pianista - Zavod Iskreni","description":"Kako bo filozofska dru\u0161\u010dina tokrat re\u0161ila detektivsko uganko? Preveri v novi knjigi Nenavaden primer brezglavega pianista.","robots":{"index":"index","follow":"follow","max-snippet":"max-snippet:-1","max-image-preview":"max-image-preview:large","max-video-preview":"max-video-preview:-1"},"canonical":"https:\/\/www.iskreni.net\/trgovina\/product\/nenavaden-primer-brezglavega-pianista\/","og_locale":"sl_SI","og_type":"article","og_title":"Nenavaden primer brezglavega pianista - Zavod Iskreni","og_description":"Kako bo filozofska dru\u0161\u010dina tokrat re\u0161ila detektivsko uganko? Preveri v novi knjigi Nenavaden primer brezglavega pianista.","og_url":"https:\/\/www.iskreni.net\/trgovina\/product\/nenavaden-primer-brezglavega-pianista\/","og_site_name":"Zavod Iskreni","article_modified_time":"2025-09-17T11:46:46+00:00","og_image":[{"width":2018,"height":2018,"url":"https:\/\/www.iskreni.net\/trgovina\/wp-content\/uploads\/2025\/01\/Nenavaden.png","type":"image\/png"}],"twitter_card":"summary_large_image","twitter_misc":{"Est. reading time":"3 minute"},"schema":{"@context":"https:\/\/schema.org","@graph":[{"@type":"WebPage","@id":"https:\/\/www.iskreni.net\/trgovina\/product\/nenavaden-primer-brezglavega-pianista\/","url":"https:\/\/www.iskreni.net\/trgovina\/product\/nenavaden-primer-brezglavega-pianista\/","name":"Nenavaden primer brezglavega pianista - Zavod Iskreni","isPartOf":{"@id":"https:\/\/www.iskreni.net\/trgovina\/#website"},"primaryImageOfPage":{"@id":"https:\/\/www.iskreni.net\/trgovina\/product\/nenavaden-primer-brezglavega-pianista\/#primaryimage"},"image":{"@id":"https:\/\/www.iskreni.net\/trgovina\/product\/nenavaden-primer-brezglavega-pianista\/#primaryimage"},"thumbnailUrl":"https:\/\/www.iskreni.net\/trgovina\/wp-content\/uploads\/2025\/01\/Nenavaden.png","datePublished":"2025-01-24T10:36:10+00:00","dateModified":"2025-09-17T11:46:46+00:00","description":"Kako bo filozofska dru\u0161\u010dina tokrat re\u0161ila detektivsko uganko? Preveri v novi knjigi Nenavaden primer brezglavega pianista.","breadcrumb":{"@id":"https:\/\/www.iskreni.net\/trgovina\/product\/nenavaden-primer-brezglavega-pianista\/#breadcrumb"},"inLanguage":"sl-SI","potentialAction":[{"@type":"ReadAction","target":["https:\/\/www.iskreni.net\/trgovina\/product\/nenavaden-primer-brezglavega-pianista\/"]}]},{"@type":"ImageObject","inLanguage":"sl-SI","@id":"https:\/\/www.iskreni.net\/trgovina\/product\/nenavaden-primer-brezglavega-pianista\/#primaryimage","url":"https:\/\/www.iskreni.net\/trgovina\/wp-content\/uploads\/2025\/01\/Nenavaden.png","contentUrl":"https:\/\/www.iskreni.net\/trgovina\/wp-content\/uploads\/2025\/01\/Nenavaden.png","width":2018,"height":2018,"caption":"Nenavaden"},{"@type":"BreadcrumbList","@id":"https:\/\/www.iskreni.net\/trgovina\/product\/nenavaden-primer-brezglavega-pianista\/#breadcrumb","itemListElement":[{"@type":"ListItem","position":1,"name":"Home","item":"https:\/\/www.iskreni.net\/trgovina\/"},{"@type":"ListItem","position":2,"name":"Trgovina","item":"https:\/\/www.iskreni.net\/trgovina\/trgovina\/"},{"@type":"ListItem","position":3,"name":"Nenavaden primer brezglavega pianista"}]},{"@type":"WebSite","@id":"https:\/\/www.iskreni.net\/trgovina\/#website","url":"https:\/\/www.iskreni.net\/trgovina\/","name":"Zavod Iskreni","description":"trgovina","potentialAction":[{"@type":"SearchAction","target":{"@type":"EntryPoint","urlTemplate":"https:\/\/www.iskreni.net\/trgovina\/?s={search_term_string}"},"query-input":{"@type":"PropertyValueSpecification","valueRequired":true,"valueName":"search_term_string"}}],"inLanguage":"sl-SI"}]}},"_links":{"self":[{"href":"https:\/\/www.iskreni.net\/trgovina\/wp-json\/wp\/v2\/product\/83615","targetHints":{"allow":["GET"]}}],"collection":[{"href":"https:\/\/www.iskreni.net\/trgovina\/wp-json\/wp\/v2\/product"}],"about":[{"href":"https:\/\/www.iskreni.net\/trgovina\/wp-json\/wp\/v2\/types\/product"}],"replies":[{"embeddable":true,"href":"https:\/\/www.iskreni.net\/trgovina\/wp-json\/wp\/v2\/comments?post=83615"}],"version-history":[{"count":2,"href":"https:\/\/www.iskreni.net\/trgovina\/wp-json\/wp\/v2\/product\/83615\/revisions"}],"predecessor-version":[{"id":83775,"href":"https:\/\/www.iskreni.net\/trgovina\/wp-json\/wp\/v2\/product\/83615\/revisions\/83775"}],"wp:featuredmedia":[{"embeddable":true,"href":"https:\/\/www.iskreni.net\/trgovina\/wp-json\/wp\/v2\/media\/83778"}],"wp:attachment":[{"href":"https:\/\/www.iskreni.net\/trgovina\/wp-json\/wp\/v2\/media?parent=83615"}],"wp:term":[{"taxonomy":"product_brand","embeddable":true,"href":"https:\/\/www.iskreni.net\/trgovina\/wp-json\/wp\/v2\/product_brand?post=83615"},{"taxonomy":"product_cat","embeddable":true,"href":"https:\/\/www.iskreni.net\/trgovina\/wp-json\/wp\/v2\/product_cat?post=83615"},{"taxonomy":"product_tag","embeddable":true,"href":"https:\/\/www.iskreni.net\/trgovina\/wp-json\/wp\/v2\/product_tag?post=83615"},{"taxonomy":"avtor","embeddable":true,"href":"https:\/\/www.iskreni.net\/trgovina\/wp-json\/wp\/v2\/avtor?post=83615"},{"taxonomy":"zalozba","embeddable":true,"href":"https:\/\/www.iskreni.net\/trgovina\/wp-json\/wp\/v2\/zalozba?post=83615"},{"taxonomy":"vezava","embeddable":true,"href":"https:\/\/www.iskreni.net\/trgovina\/wp-json\/wp\/v2\/vezava?post=83615"}],"curies":[{"name":"wp","href":"https:\/\/api.w.org\/{rel}","templated":true}]}}