{"id":83326,"date":"2025-01-21T12:24:39","date_gmt":"2025-01-21T11:24:39","guid":{"rendered":"https:\/\/www.iskreni.net\/trgovina\/?post_type=product&#038;p=83326"},"modified":"2025-04-25T12:33:15","modified_gmt":"2025-04-25T10:33:15","slug":"nenacrtovano","status":"publish","type":"product","link":"https:\/\/www.iskreni.net\/trgovina\/product\/nenacrtovano\/","title":{"rendered":"Nena\u010drtovano"},"content":{"rendered":"<h2>O knjigi <em>Nena\u010drtovano<\/em>:<\/h2>\n<p><em>Abby Johnson oktobra 2009 pusti slu\u017ebo. To preprosto dejanje postane nacionalna novica, saj je Abby direktorica klinike Na\u010drtovano star\u0161evstvo v Teksasu. Potem ko prvi\u010d v \u017eivljenju sodeluje pri dejanskem postopku splava, odide skozi vrata in se pridru\u017ei Koaliciji za \u017eivljenje \u2026<\/em><\/p>\n<p><strong>Nena\u010drtovano<\/strong> je pretresljiva osebna drama o dojemanju \u017eivljenja in smrti, notranjih bitkah in bitkah na sodi\u0161\u010du, duhovni preobrazbi in politi\u010dni kontroverznosti, ki se dr\u017ei tega vpra\u0161anja. Na okope trdnih stali\u0161\u010d in\u00a0 nepremakljivih prepri\u010danj vna\u0161a upanje in so\u010dutje. Knjiga <strong>Nena\u010drtovano <\/strong>pripoveduje zgodbo Abby Johnson z obeh strani ograje klinike za splav. Obvezno branje za vse, ki jim ni vseeno za debato o \u017eivljenju ter pravice in pomo\u010d \u017eenskam, ki se soo\u010dajo s kriznimi nose\u010dnostmi.<\/p>\n<p>Knjiga\u00a0<strong>Nena\u010drtovano<\/strong> brez obsojanja predstavi stali\u0161\u010da zagovornikov ene in druge strani ter ko\u010dljive dru\u017ebeno-politi\u010dne teme, katere te\u017eo simbolno predstavlja ograja okrog klinike. Abby Johnson tako z ene kot druge strani prihaja povsem do \u017eeleznih re\u0161etk in posku\u0161a ljudi na drugi strani videti z vsem, kar jih oblikuje, kar nosijo s seboj in v kar verjamejo.<\/p>\n<blockquote><p>Dramati\u010dna resni\u010dna zgodba nekdanje vodje organizacije Na\u010drtovano star\u0161evstvo o presunljivem razodetju med potovanjem \u010dez \u010drto \u017eivljenja!<\/p><\/blockquote>\n<h2>O avtorici:<\/h2>\n<p><strong>Abby Johnson<\/strong> je svojo kariero v organizaciji Na\u010drtovano star\u0161evstvo za\u010dela kot prostovoljka, saj je \u017eelela pomagati \u017eenskam v stiski. Tudi slu\u017ebo in celo vodenje enote sprejme v prepri\u010danju, da bo tako prispevala k zmanj\u0161anju \u0161tevila splavov. Ko pa se mora kot direktorica, odgovorna tudi za finan\u010dno poslovanje, soo\u010diti z dejstvom, da opravljanje splavov kliniki prina\u0161a denar, preventiva, izobra\u017eevanje in deljenje kontracepcije pa so stro\u0161ek, se prvi\u010d znajde v navzkri\u017eju s svojimi prepri\u010danji. Nato jo splet naklju\u010dij pripelje do tega, da prvi\u010d dejansko prisostvuje posegu in iz prve roke. Takrat vidi, kaj pravzaprav pomeni \u00bbprekinitev nose\u010dnosti\u00ab. Prisiljena je pogledati resnici v o\u010di ter se soo\u010diti sama s seboj in s svojimi vrednotami.<\/p>\n<p><strong>Nena\u010drtovano\u00a0<\/strong>je pretresljiva osebna drama o dojemanju \u017eivljenja in smrti, notranjih bitkah in bitkah na sodi\u0161\u010du, duhovni preobrazbi in politi\u010dni kontroverznosti, ki se dr\u017ei tega vpra\u0161anja. Na okope trdnih stali\u0161\u010d in nepremakljivih prepri\u010danj vna\u0161a upanje in so\u010dutje. Knjiga, ki pripoveduje Abbyjino zgodbo z obeh strani ograje klinike za splav, je obvezno branje za vse, ki jim ni vseeno za razpravo o \u017eivljenju ter pravice in pomo\u010d \u017eenskam, ki se soo\u010dajo s kriznimi nose\u010dnostmi.<\/p>\n<h2>Odlomek iz knjige:<\/h2>\n<p><em>Verjela sem la\u017ei! Tako dolgo sem slepo podpirala \u00bblinijo podjetja\u00ab. Zakaj? Zakaj nisem sama iskala resnice? <\/em><em>Zakaj sem si zatiskala u\u0161esa pred argumenti, ki sem jih sli\u0161ala? O, ljubi Bog, kaj sem naredila?<\/em><\/p>\n<p><em>Roko sem \u0161e vedno dr\u017eala na pacientkinem trebuhu in spreletelo me je, da sem ji s to roko pravkar nekaj odvzela. Oropala sem jo. In roka me je za\u010dela boleti \u2013 za\u010dutila sem dejansko telesno bole\u010dino. In prav tam, ko sem stala ob operacijski mizi, z roko na trebuhu jokajo\u010de \u017eenske, se je globoko v meni porodila ta misel: Nikoli ve\u010d! Nikoli ve\u010d. Preklopila sem na avtopilota. Medtem ko je sestra umivala \u017eensko, sem odmaknila ultrazvo\u010dni aparat, potem pa ne\u017eno predramila pacientko, ki je bila mlahava in omoti\u010dna. Pomagala sem ji, da je sedla, jo prestavila v invalidski vozi\u010dek in jo odpeljala v sobo za okrevanje. Pokrila sem jo z lahko odejo in ji jo poravnala.<\/em><\/p>\n<p><em>Tako kot toliko drugih pacientk, ki sem jih videla \u017ee prej, je \u0161e naprej jokala, o\u010ditno v \u010dustvenih in telesnih bole\u010dinah. Po najbolj\u0161ih mo\u010deh sem se potrudila, da bi ji bilo udobneje. Deset minut, morda najve\u010d petnajst, je minilo, odkar me je Cheryl prosila, naj grem pomagat v ordinacijo. In v teh nekaj minutah se je vse spremenilo. Drasti\u010dno. V mislih se mi je ves \u010das vrtela podoba tistega drobnega otro\u010di\u010dka, ki se je zvijal in boril. In pacientka. Tako krivo sem se po\u010dutila. Vzela sem ji nekaj dragocenega, pa tega sploh ni vedela.<\/em><\/p>\n","protected":false},"excerpt":{"rendered":"<div><b>Drugi sodelujo\u010di avtorji<\/b>:\u00a0<a href=\"https:\/\/www.mohorjeva.org\/cindy-lambert\">Cindy Lambert<\/a><\/div>\n<div><b>Prevod<\/b>:\u00a0<a href=\"https:\/\/www.mohorjeva.org\/neubauer-niki\">Niki Neubauer<\/a><\/div>\n<div><b>Strani<\/b>: 268<\/div>\n<div><b>Format<\/b>: 135 mm x 210 mm<\/div>\n<div><b>Vezava<\/b>: mehka<\/div>\n<div><b>Leto izdaje<\/b>: 2024<\/div>\n<div><\/div>\n<h5><a href=\"https:\/\/www.iskreni.net\/trgovina\/wp-content\/uploads\/2025\/01\/Johnson-Abby-2024-Nenacrtovano_prelistaj-knjigo.pdf\" target=\"_blank\" rel=\"noopener\">Prelistaj knjigo<\/a><\/h5>\n","protected":false},"featured_media":83327,"comment_status":"open","ping_status":"closed","template":"","meta":[],"product_brand":[],"product_cat":[2326],"product_tag":[793,1488,809,2622,1784],"avtor":[2874],"zalozba":[2337],"vezava":[2307],"class_list":{"0":"post-83326","1":"product","2":"type-product","3":"status-publish","4":"has-post-thumbnail","6":"product_cat-druzbena-vprasanja-in-humanistika","7":"product_tag-biografija","8":"product_tag-resnicna-zgodba","9":"product_tag-splav","10":"product_tag-spomini","11":"product_tag-zivljenjska-zgodba","12":"avtor-abby-johnson","13":"zalozba-celjska-mohorjeva-druzba","14":"vezava-mehka","16":"first","17":"instock","18":"taxable","19":"shipping-taxable","20":"purchasable","21":"product-type-simple"},"yoast_head":"<!-- This site is optimized with the Yoast SEO plugin v26.3 - https:\/\/yoast.com\/wordpress\/plugins\/seo\/ -->\n<title>Nena\u010drtovano - Zavod Iskreni<\/title>\n<meta name=\"description\" content=\"Nena\u010drtovano pripoveduje zgodbo Abby Johnson z obeh strani ograje klinike za splav. Obvezno branje za vse, ki jim ni vseeno za debato o \u017eivljenju!\" \/>\n<meta name=\"robots\" content=\"index, follow, max-snippet:-1, max-image-preview:large, max-video-preview:-1\" \/>\n<link rel=\"canonical\" href=\"https:\/\/www.iskreni.net\/trgovina\/product\/nenacrtovano\/\" \/>\n<meta property=\"og:locale\" content=\"sl_SI\" \/>\n<meta property=\"og:type\" content=\"article\" \/>\n<meta property=\"og:title\" content=\"Nena\u010drtovano - Zavod Iskreni\" \/>\n<meta property=\"og:description\" content=\"Nena\u010drtovano pripoveduje zgodbo Abby Johnson z obeh strani ograje klinike za splav. Obvezno branje za vse, ki jim ni vseeno za debato o \u017eivljenju!\" \/>\n<meta property=\"og:url\" content=\"https:\/\/www.iskreni.net\/trgovina\/product\/nenacrtovano\/\" \/>\n<meta property=\"og:site_name\" content=\"Zavod Iskreni\" \/>\n<meta property=\"article:modified_time\" content=\"2025-04-25T10:33:15+00:00\" \/>\n<meta property=\"og:image\" content=\"https:\/\/www.iskreni.net\/trgovina\/wp-content\/uploads\/2025\/01\/abby.png\" \/>\n\t<meta property=\"og:image:width\" content=\"902\" \/>\n\t<meta property=\"og:image:height\" content=\"902\" \/>\n\t<meta property=\"og:image:type\" content=\"image\/png\" \/>\n<meta name=\"twitter:card\" content=\"summary_large_image\" \/>\n<meta name=\"twitter:label1\" content=\"Est. reading time\" \/>\n\t<meta name=\"twitter:data1\" content=\"4 minute\" \/>\n<script type=\"application\/ld+json\" class=\"yoast-schema-graph\">{\"@context\":\"https:\/\/schema.org\",\"@graph\":[{\"@type\":\"WebPage\",\"@id\":\"https:\/\/www.iskreni.net\/trgovina\/product\/nenacrtovano\/\",\"url\":\"https:\/\/www.iskreni.net\/trgovina\/product\/nenacrtovano\/\",\"name\":\"Nena\u010drtovano - Zavod Iskreni\",\"isPartOf\":{\"@id\":\"https:\/\/www.iskreni.net\/trgovina\/#website\"},\"primaryImageOfPage\":{\"@id\":\"https:\/\/www.iskreni.net\/trgovina\/product\/nenacrtovano\/#primaryimage\"},\"image\":{\"@id\":\"https:\/\/www.iskreni.net\/trgovina\/product\/nenacrtovano\/#primaryimage\"},\"thumbnailUrl\":\"https:\/\/www.iskreni.net\/trgovina\/wp-content\/uploads\/2025\/01\/abby.png\",\"datePublished\":\"2025-01-21T11:24:39+00:00\",\"dateModified\":\"2025-04-25T10:33:15+00:00\",\"description\":\"Nena\u010drtovano pripoveduje zgodbo Abby Johnson z obeh strani ograje klinike za splav. Obvezno branje za vse, ki jim ni vseeno za debato o \u017eivljenju!\",\"breadcrumb\":{\"@id\":\"https:\/\/www.iskreni.net\/trgovina\/product\/nenacrtovano\/#breadcrumb\"},\"inLanguage\":\"sl-SI\",\"potentialAction\":[{\"@type\":\"ReadAction\",\"target\":[\"https:\/\/www.iskreni.net\/trgovina\/product\/nenacrtovano\/\"]}]},{\"@type\":\"ImageObject\",\"inLanguage\":\"sl-SI\",\"@id\":\"https:\/\/www.iskreni.net\/trgovina\/product\/nenacrtovano\/#primaryimage\",\"url\":\"https:\/\/www.iskreni.net\/trgovina\/wp-content\/uploads\/2025\/01\/abby.png\",\"contentUrl\":\"https:\/\/www.iskreni.net\/trgovina\/wp-content\/uploads\/2025\/01\/abby.png\",\"width\":902,\"height\":902,\"caption\":\"Nena\u010drtovano\"},{\"@type\":\"BreadcrumbList\",\"@id\":\"https:\/\/www.iskreni.net\/trgovina\/product\/nenacrtovano\/#breadcrumb\",\"itemListElement\":[{\"@type\":\"ListItem\",\"position\":1,\"name\":\"Home\",\"item\":\"https:\/\/www.iskreni.net\/trgovina\/\"},{\"@type\":\"ListItem\",\"position\":2,\"name\":\"Trgovina\",\"item\":\"https:\/\/www.iskreni.net\/trgovina\/trgovina\/\"},{\"@type\":\"ListItem\",\"position\":3,\"name\":\"Nena\u010drtovano\"}]},{\"@type\":\"WebSite\",\"@id\":\"https:\/\/www.iskreni.net\/trgovina\/#website\",\"url\":\"https:\/\/www.iskreni.net\/trgovina\/\",\"name\":\"Zavod Iskreni\",\"description\":\"trgovina\",\"potentialAction\":[{\"@type\":\"SearchAction\",\"target\":{\"@type\":\"EntryPoint\",\"urlTemplate\":\"https:\/\/www.iskreni.net\/trgovina\/?s={search_term_string}\"},\"query-input\":{\"@type\":\"PropertyValueSpecification\",\"valueRequired\":true,\"valueName\":\"search_term_string\"}}],\"inLanguage\":\"sl-SI\"}]}<\/script>\n<!-- \/ Yoast SEO plugin. -->","yoast_head_json":{"title":"Nena\u010drtovano - Zavod Iskreni","description":"Nena\u010drtovano pripoveduje zgodbo Abby Johnson z obeh strani ograje klinike za splav. Obvezno branje za vse, ki jim ni vseeno za debato o \u017eivljenju!","robots":{"index":"index","follow":"follow","max-snippet":"max-snippet:-1","max-image-preview":"max-image-preview:large","max-video-preview":"max-video-preview:-1"},"canonical":"https:\/\/www.iskreni.net\/trgovina\/product\/nenacrtovano\/","og_locale":"sl_SI","og_type":"article","og_title":"Nena\u010drtovano - Zavod Iskreni","og_description":"Nena\u010drtovano pripoveduje zgodbo Abby Johnson z obeh strani ograje klinike za splav. Obvezno branje za vse, ki jim ni vseeno za debato o \u017eivljenju!","og_url":"https:\/\/www.iskreni.net\/trgovina\/product\/nenacrtovano\/","og_site_name":"Zavod Iskreni","article_modified_time":"2025-04-25T10:33:15+00:00","og_image":[{"width":902,"height":902,"url":"https:\/\/www.iskreni.net\/trgovina\/wp-content\/uploads\/2025\/01\/abby.png","type":"image\/png"}],"twitter_card":"summary_large_image","twitter_misc":{"Est. reading time":"4 minute"},"schema":{"@context":"https:\/\/schema.org","@graph":[{"@type":"WebPage","@id":"https:\/\/www.iskreni.net\/trgovina\/product\/nenacrtovano\/","url":"https:\/\/www.iskreni.net\/trgovina\/product\/nenacrtovano\/","name":"Nena\u010drtovano - Zavod Iskreni","isPartOf":{"@id":"https:\/\/www.iskreni.net\/trgovina\/#website"},"primaryImageOfPage":{"@id":"https:\/\/www.iskreni.net\/trgovina\/product\/nenacrtovano\/#primaryimage"},"image":{"@id":"https:\/\/www.iskreni.net\/trgovina\/product\/nenacrtovano\/#primaryimage"},"thumbnailUrl":"https:\/\/www.iskreni.net\/trgovina\/wp-content\/uploads\/2025\/01\/abby.png","datePublished":"2025-01-21T11:24:39+00:00","dateModified":"2025-04-25T10:33:15+00:00","description":"Nena\u010drtovano pripoveduje zgodbo Abby Johnson z obeh strani ograje klinike za splav. Obvezno branje za vse, ki jim ni vseeno za debato o \u017eivljenju!","breadcrumb":{"@id":"https:\/\/www.iskreni.net\/trgovina\/product\/nenacrtovano\/#breadcrumb"},"inLanguage":"sl-SI","potentialAction":[{"@type":"ReadAction","target":["https:\/\/www.iskreni.net\/trgovina\/product\/nenacrtovano\/"]}]},{"@type":"ImageObject","inLanguage":"sl-SI","@id":"https:\/\/www.iskreni.net\/trgovina\/product\/nenacrtovano\/#primaryimage","url":"https:\/\/www.iskreni.net\/trgovina\/wp-content\/uploads\/2025\/01\/abby.png","contentUrl":"https:\/\/www.iskreni.net\/trgovina\/wp-content\/uploads\/2025\/01\/abby.png","width":902,"height":902,"caption":"Nena\u010drtovano"},{"@type":"BreadcrumbList","@id":"https:\/\/www.iskreni.net\/trgovina\/product\/nenacrtovano\/#breadcrumb","itemListElement":[{"@type":"ListItem","position":1,"name":"Home","item":"https:\/\/www.iskreni.net\/trgovina\/"},{"@type":"ListItem","position":2,"name":"Trgovina","item":"https:\/\/www.iskreni.net\/trgovina\/trgovina\/"},{"@type":"ListItem","position":3,"name":"Nena\u010drtovano"}]},{"@type":"WebSite","@id":"https:\/\/www.iskreni.net\/trgovina\/#website","url":"https:\/\/www.iskreni.net\/trgovina\/","name":"Zavod Iskreni","description":"trgovina","potentialAction":[{"@type":"SearchAction","target":{"@type":"EntryPoint","urlTemplate":"https:\/\/www.iskreni.net\/trgovina\/?s={search_term_string}"},"query-input":{"@type":"PropertyValueSpecification","valueRequired":true,"valueName":"search_term_string"}}],"inLanguage":"sl-SI"}]}},"_links":{"self":[{"href":"https:\/\/www.iskreni.net\/trgovina\/wp-json\/wp\/v2\/product\/83326","targetHints":{"allow":["GET"]}}],"collection":[{"href":"https:\/\/www.iskreni.net\/trgovina\/wp-json\/wp\/v2\/product"}],"about":[{"href":"https:\/\/www.iskreni.net\/trgovina\/wp-json\/wp\/v2\/types\/product"}],"replies":[{"embeddable":true,"href":"https:\/\/www.iskreni.net\/trgovina\/wp-json\/wp\/v2\/comments?post=83326"}],"version-history":[{"count":7,"href":"https:\/\/www.iskreni.net\/trgovina\/wp-json\/wp\/v2\/product\/83326\/revisions"}],"predecessor-version":[{"id":83335,"href":"https:\/\/www.iskreni.net\/trgovina\/wp-json\/wp\/v2\/product\/83326\/revisions\/83335"}],"wp:featuredmedia":[{"embeddable":true,"href":"https:\/\/www.iskreni.net\/trgovina\/wp-json\/wp\/v2\/media\/83327"}],"wp:attachment":[{"href":"https:\/\/www.iskreni.net\/trgovina\/wp-json\/wp\/v2\/media?parent=83326"}],"wp:term":[{"taxonomy":"product_brand","embeddable":true,"href":"https:\/\/www.iskreni.net\/trgovina\/wp-json\/wp\/v2\/product_brand?post=83326"},{"taxonomy":"product_cat","embeddable":true,"href":"https:\/\/www.iskreni.net\/trgovina\/wp-json\/wp\/v2\/product_cat?post=83326"},{"taxonomy":"product_tag","embeddable":true,"href":"https:\/\/www.iskreni.net\/trgovina\/wp-json\/wp\/v2\/product_tag?post=83326"},{"taxonomy":"avtor","embeddable":true,"href":"https:\/\/www.iskreni.net\/trgovina\/wp-json\/wp\/v2\/avtor?post=83326"},{"taxonomy":"zalozba","embeddable":true,"href":"https:\/\/www.iskreni.net\/trgovina\/wp-json\/wp\/v2\/zalozba?post=83326"},{"taxonomy":"vezava","embeddable":true,"href":"https:\/\/www.iskreni.net\/trgovina\/wp-json\/wp\/v2\/vezava?post=83326"}],"curies":[{"name":"wp","href":"https:\/\/api.w.org\/{rel}","templated":true}]}}