{"id":80339,"date":"2024-11-13T13:38:55","date_gmt":"2024-11-13T12:38:55","guid":{"rendered":"https:\/\/www.iskreni.net\/trgovina\/?post_type=product&#038;p=80339"},"modified":"2025-11-28T10:44:14","modified_gmt":"2025-11-28T09:44:14","slug":"najboljsa-bozicna-predstava-vseh-casov","status":"publish","type":"product","link":"https:\/\/www.iskreni.net\/trgovina\/product\/najboljsa-bozicna-predstava-vseh-casov\/","title":{"rendered":"Najbolj\u0161a bo\u017ei\u010dna predstava vseh \u010dasov"},"content":{"rendered":"<blockquote><p>Knjiga, po kateri je bil letos posnet celove\u010derni film v re\u017eiji Dallasa Jenkinsa, avtorja priljubljene serije Izvoljeni.<\/p><\/blockquote>\n<h3><strong>O knjigi:<\/strong><\/h3>\n<p>Herdmanovi so najhuj\u0161i otroci v zgodovini.<\/p>\n<p>La\u017eejo, kradejo, kadijo cigare, preklinjajo in pretepajo majhne otroke.<\/p>\n<p>Za\u017egali so vrtno uto Freda Shoemakerja, zastra\u0161evali Wando Pierce, da jim je dala zapestnico, in se nor\u010devali iz Alice Wendelken, ker je imela u\u0161i (pa jih sploh nima ve\u010d!).<\/p>\n<p>Ko se neko nedeljo pojavijo v cerkvi in se odlo\u010dijo zaigrati v vsakoletni bo\u017ei\u010dni predstavi, to ni v\u0161e\u010d prav nikomur.<\/p>\n<p>Nih\u010de izmed Herdmanovih ni \u0161e nikoli sli\u0161al bo\u017ei\u010dne zgodbe.<\/p>\n<p>Njihova interpretacija pripovedi \u2013 modri so tolpa umazanih vohunov,\u00a0Heroda pa bi bilo treba temeljito pretepsti \u2013 razburja ob\u010destvo.<\/p>\n<p><b>O\u010ditno je, da se iz tega ne bo izcimilo ni\u010d dobrega.<\/b><\/p>\n<p>Toda nekdo, ki \u0161e nikoli ni sli\u0161al bo\u017ei\u010dne zgodbe, si jo veliko la\u017eje predstavlja druga\u010de, bolj sve\u017ee in brez tradicionalnih predstav, ki z bistvom bo\u017ei\u010da morda nimajo veliko skupnega.<\/p>\n<p>In zaradi tega bo leto\u0161nja bo\u017ei\u010dna predstava \u010disto druga\u010dna od vsega, kar smo kdaj videli, in\u00a0<b>morda celo najbolj\u0161a predstava vseh \u010dasov<\/b>.<\/p>\n<h3><\/h3>\n<h3><strong>O avtorici:<\/strong><\/h3>\n<p><strong>Barbara Robinson<\/strong> (1927\u20132013) se je rodila v Portsmouthu v Ohiu. Bila je diplomantka Allegheny Collegea, kjer\u00a0je prejela \u010dastni doktorat iz literature. Napisala je ve\u010d priljubljenih knjig za otroke, med njimi <em>My Brother Louis Measures Worms<\/em> (Moj brat Louis meri \u010drve), <em>The Best School Year Ever<\/em> (Najbolj\u0161e \u0161olsko leto vseh \u010dasov),<em> The Best Halloween Ever<\/em> (Najbolj\u0161a no\u010d \u010darovnic vseh \u010dasov) ter izjemno priljubljeno in prodajano zgodbo <em>Najbolj\u0161a bo\u017ei\u010dna predstava vseh \u010dasov<\/em>, ki je prvi\u010d iz\u0161la leta 1972.<\/p>\n<p>Po njej je Barbara Robinson napisala tudi igro Najbolj\u0161a bo\u017ei\u010dna predstava vseh \u010dasov, ki jo vsako leto uprizarjajo v gledali\u0161\u010dih, \u0161olah in cerkvah po vseh ZDA. Leta 1983 je bil\u00a0po knjigi posnet TV film, leta 2024 pa celove\u010derni film v re\u017eiji Dallasa Jenkinsa, avtorja priljubljene serije Izvoljeni.<\/p>\n<p>Barbara Robinson ima dve h\u010deri in tri vnuke.<\/p>\n<p>&nbsp;<\/p>\n<h3><strong>Odlomek iz knjige:<\/strong><\/h3>\n<p><em>Nenadoma me je v rebra s komolcem dregnila Imogene Herdman. Ima najbolj ostre komolce od vseh, ki jih poznam. \u00bbKaj za ena predstava je to?\u00ab je vpra\u0161ala.<br \/>\n<\/em><em>\u00bbTo je igrica,\u00ab sem rekla in prvi\u010d tisti dan (razen ko je videla\u00a0ko\u0161arico za darove) se mi je zdelo, da se je v Imogene zbudilo za nimanje.<br \/>\n<\/em><em>\u00bbO \u010dem pa govori ta igrica?\u00ab je vpra\u0161ala Imogene.<br \/>\n<\/em><em>\u00bbO Jezusu,\u00ab sem rekla.<br \/>\n<\/em><em>\u00bbTukaj je vse o njem,\u00ab je zamrmrala, zato sem si mislila, da Imogene za bo\u017ei\u010dno predstavo ni mar.<br \/>\n<\/em><em>Vendar sem se zmotila.<\/em><\/p>\n","protected":false},"excerpt":{"rendered":"<p><strong>Prevedel: <\/strong>Leon Jagodic<br \/>\n<strong>Ilustracije: <\/strong>Patrik Benedi\u010di\u010d<strong><br \/>\nLeto izdaje:<\/strong>\u00a02024<br \/>\n<strong>\u0160tevilo strani:<\/strong> 76<strong><br \/>\n<\/strong><strong>Mere: <\/strong>135 x 185 mm<\/p>\n<p><span style=\"font-size: 18pt; color: #ff0000;\"><strong>Hej! Dete vam je rojeno!<\/strong><\/span><\/p>\n","protected":false},"featured_media":80341,"comment_status":"open","ping_status":"closed","template":"","meta":[],"product_brand":[],"product_cat":[2324,1430,63,135],"product_tag":[1344,1711,3227,1429],"avtor":[2846],"zalozba":[2305],"vezava":[2307],"class_list":{"0":"post-80339","1":"product","2":"type-product","3":"status-publish","4":"has-post-thumbnail","6":"product_cat-duhovnost-in-osebna-rast","7":"product_cat-iz-nase-zalozbe","8":"product_cat-knjige","9":"product_cat-za-otroke","10":"product_tag-advent-in-bozic","11":"product_tag-krscanstvo","12":"product_tag-miklavz-2025","13":"product_tag-zavod-iskreni","14":"avtor-barbara-robinson","15":"zalozba-zavod-iskreni","16":"vezava-mehka","18":"first","19":"instock","20":"taxable","21":"shipping-taxable","22":"purchasable","23":"product-type-simple"},"yoast_head":"<!-- This site is optimized with the Yoast SEO plugin v26.3 - https:\/\/yoast.com\/wordpress\/plugins\/seo\/ -->\n<title>Najbolj\u0161a bo\u017ei\u010dna predstava vseh \u010dasov - Iskreni<\/title>\n<meta name=\"description\" content=\"Nih\u010de izmed Herdmanovih \u0161e nikoli ni sli\u0161al bo\u017ei\u010dne zgodbe. Toda zaradi tega bo leto\u0161nja bo\u017ei\u010dna predstava morda celo najbolj\u0161a predstava vseh \u010dasov.\" \/>\n<meta name=\"robots\" content=\"index, follow, max-snippet:-1, max-image-preview:large, max-video-preview:-1\" \/>\n<link rel=\"canonical\" href=\"https:\/\/www.iskreni.net\/trgovina\/product\/najboljsa-bozicna-predstava-vseh-casov\/\" \/>\n<meta property=\"og:locale\" content=\"sl_SI\" \/>\n<meta property=\"og:type\" content=\"article\" \/>\n<meta property=\"og:title\" content=\"Najbolj\u0161a bo\u017ei\u010dna predstava vseh \u010dasov - Iskreni\" \/>\n<meta property=\"og:description\" content=\"Nih\u010de izmed Herdmanovih \u0161e nikoli ni sli\u0161al bo\u017ei\u010dne zgodbe. Toda zaradi tega bo leto\u0161nja bo\u017ei\u010dna predstava morda celo najbolj\u0161a predstava vseh \u010dasov.\" \/>\n<meta property=\"og:url\" content=\"https:\/\/www.iskreni.net\/trgovina\/product\/najboljsa-bozicna-predstava-vseh-casov\/\" \/>\n<meta property=\"og:site_name\" content=\"Zavod Iskreni\" \/>\n<meta property=\"article:modified_time\" content=\"2025-11-28T09:44:14+00:00\" \/>\n<meta property=\"og:image\" content=\"https:\/\/www.iskreni.net\/trgovina\/wp-content\/uploads\/2024\/11\/Bozicna-predstava-3D-kvadrat.jpg\" \/>\n\t<meta property=\"og:image:width\" content=\"951\" \/>\n\t<meta property=\"og:image:height\" content=\"951\" \/>\n\t<meta property=\"og:image:type\" content=\"image\/jpeg\" \/>\n<meta name=\"twitter:card\" content=\"summary_large_image\" \/>\n<meta name=\"twitter:label1\" content=\"Est. reading time\" \/>\n\t<meta name=\"twitter:data1\" content=\"3 minute\" \/>\n<script type=\"application\/ld+json\" class=\"yoast-schema-graph\">{\"@context\":\"https:\/\/schema.org\",\"@graph\":[{\"@type\":\"WebPage\",\"@id\":\"https:\/\/www.iskreni.net\/trgovina\/product\/najboljsa-bozicna-predstava-vseh-casov\/\",\"url\":\"https:\/\/www.iskreni.net\/trgovina\/product\/najboljsa-bozicna-predstava-vseh-casov\/\",\"name\":\"Najbolj\u0161a bo\u017ei\u010dna predstava vseh \u010dasov - Iskreni\",\"isPartOf\":{\"@id\":\"https:\/\/www.iskreni.net\/trgovina\/#website\"},\"primaryImageOfPage\":{\"@id\":\"https:\/\/www.iskreni.net\/trgovina\/product\/najboljsa-bozicna-predstava-vseh-casov\/#primaryimage\"},\"image\":{\"@id\":\"https:\/\/www.iskreni.net\/trgovina\/product\/najboljsa-bozicna-predstava-vseh-casov\/#primaryimage\"},\"thumbnailUrl\":\"https:\/\/www.iskreni.net\/trgovina\/wp-content\/uploads\/2024\/11\/Bozicna-predstava-3D-kvadrat.jpg\",\"datePublished\":\"2024-11-13T12:38:55+00:00\",\"dateModified\":\"2025-11-28T09:44:14+00:00\",\"description\":\"Nih\u010de izmed Herdmanovih \u0161e nikoli ni sli\u0161al bo\u017ei\u010dne zgodbe. Toda zaradi tega bo leto\u0161nja bo\u017ei\u010dna predstava morda celo najbolj\u0161a predstava vseh \u010dasov.\",\"breadcrumb\":{\"@id\":\"https:\/\/www.iskreni.net\/trgovina\/product\/najboljsa-bozicna-predstava-vseh-casov\/#breadcrumb\"},\"inLanguage\":\"sl-SI\",\"potentialAction\":[{\"@type\":\"ReadAction\",\"target\":[\"https:\/\/www.iskreni.net\/trgovina\/product\/najboljsa-bozicna-predstava-vseh-casov\/\"]}]},{\"@type\":\"ImageObject\",\"inLanguage\":\"sl-SI\",\"@id\":\"https:\/\/www.iskreni.net\/trgovina\/product\/najboljsa-bozicna-predstava-vseh-casov\/#primaryimage\",\"url\":\"https:\/\/www.iskreni.net\/trgovina\/wp-content\/uploads\/2024\/11\/Bozicna-predstava-3D-kvadrat.jpg\",\"contentUrl\":\"https:\/\/www.iskreni.net\/trgovina\/wp-content\/uploads\/2024\/11\/Bozicna-predstava-3D-kvadrat.jpg\",\"width\":951,\"height\":951,\"caption\":\"Najbolj\u0161a bo\u017ei\u010dna predstava vseh \u010dasov\"},{\"@type\":\"BreadcrumbList\",\"@id\":\"https:\/\/www.iskreni.net\/trgovina\/product\/najboljsa-bozicna-predstava-vseh-casov\/#breadcrumb\",\"itemListElement\":[{\"@type\":\"ListItem\",\"position\":1,\"name\":\"Home\",\"item\":\"https:\/\/www.iskreni.net\/trgovina\/\"},{\"@type\":\"ListItem\",\"position\":2,\"name\":\"Trgovina\",\"item\":\"https:\/\/www.iskreni.net\/trgovina\/trgovina\/\"},{\"@type\":\"ListItem\",\"position\":3,\"name\":\"Najbolj\u0161a bo\u017ei\u010dna predstava vseh \u010dasov\"}]},{\"@type\":\"WebSite\",\"@id\":\"https:\/\/www.iskreni.net\/trgovina\/#website\",\"url\":\"https:\/\/www.iskreni.net\/trgovina\/\",\"name\":\"Zavod Iskreni\",\"description\":\"trgovina\",\"potentialAction\":[{\"@type\":\"SearchAction\",\"target\":{\"@type\":\"EntryPoint\",\"urlTemplate\":\"https:\/\/www.iskreni.net\/trgovina\/?s={search_term_string}\"},\"query-input\":{\"@type\":\"PropertyValueSpecification\",\"valueRequired\":true,\"valueName\":\"search_term_string\"}}],\"inLanguage\":\"sl-SI\"}]}<\/script>\n<!-- \/ Yoast SEO plugin. -->","yoast_head_json":{"title":"Najbolj\u0161a bo\u017ei\u010dna predstava vseh \u010dasov - Iskreni","description":"Nih\u010de izmed Herdmanovih \u0161e nikoli ni sli\u0161al bo\u017ei\u010dne zgodbe. Toda zaradi tega bo leto\u0161nja bo\u017ei\u010dna predstava morda celo najbolj\u0161a predstava vseh \u010dasov.","robots":{"index":"index","follow":"follow","max-snippet":"max-snippet:-1","max-image-preview":"max-image-preview:large","max-video-preview":"max-video-preview:-1"},"canonical":"https:\/\/www.iskreni.net\/trgovina\/product\/najboljsa-bozicna-predstava-vseh-casov\/","og_locale":"sl_SI","og_type":"article","og_title":"Najbolj\u0161a bo\u017ei\u010dna predstava vseh \u010dasov - Iskreni","og_description":"Nih\u010de izmed Herdmanovih \u0161e nikoli ni sli\u0161al bo\u017ei\u010dne zgodbe. Toda zaradi tega bo leto\u0161nja bo\u017ei\u010dna predstava morda celo najbolj\u0161a predstava vseh \u010dasov.","og_url":"https:\/\/www.iskreni.net\/trgovina\/product\/najboljsa-bozicna-predstava-vseh-casov\/","og_site_name":"Zavod Iskreni","article_modified_time":"2025-11-28T09:44:14+00:00","og_image":[{"width":951,"height":951,"url":"https:\/\/www.iskreni.net\/trgovina\/wp-content\/uploads\/2024\/11\/Bozicna-predstava-3D-kvadrat.jpg","type":"image\/jpeg"}],"twitter_card":"summary_large_image","twitter_misc":{"Est. reading time":"3 minute"},"schema":{"@context":"https:\/\/schema.org","@graph":[{"@type":"WebPage","@id":"https:\/\/www.iskreni.net\/trgovina\/product\/najboljsa-bozicna-predstava-vseh-casov\/","url":"https:\/\/www.iskreni.net\/trgovina\/product\/najboljsa-bozicna-predstava-vseh-casov\/","name":"Najbolj\u0161a bo\u017ei\u010dna predstava vseh \u010dasov - Iskreni","isPartOf":{"@id":"https:\/\/www.iskreni.net\/trgovina\/#website"},"primaryImageOfPage":{"@id":"https:\/\/www.iskreni.net\/trgovina\/product\/najboljsa-bozicna-predstava-vseh-casov\/#primaryimage"},"image":{"@id":"https:\/\/www.iskreni.net\/trgovina\/product\/najboljsa-bozicna-predstava-vseh-casov\/#primaryimage"},"thumbnailUrl":"https:\/\/www.iskreni.net\/trgovina\/wp-content\/uploads\/2024\/11\/Bozicna-predstava-3D-kvadrat.jpg","datePublished":"2024-11-13T12:38:55+00:00","dateModified":"2025-11-28T09:44:14+00:00","description":"Nih\u010de izmed Herdmanovih \u0161e nikoli ni sli\u0161al bo\u017ei\u010dne zgodbe. Toda zaradi tega bo leto\u0161nja bo\u017ei\u010dna predstava morda celo najbolj\u0161a predstava vseh \u010dasov.","breadcrumb":{"@id":"https:\/\/www.iskreni.net\/trgovina\/product\/najboljsa-bozicna-predstava-vseh-casov\/#breadcrumb"},"inLanguage":"sl-SI","potentialAction":[{"@type":"ReadAction","target":["https:\/\/www.iskreni.net\/trgovina\/product\/najboljsa-bozicna-predstava-vseh-casov\/"]}]},{"@type":"ImageObject","inLanguage":"sl-SI","@id":"https:\/\/www.iskreni.net\/trgovina\/product\/najboljsa-bozicna-predstava-vseh-casov\/#primaryimage","url":"https:\/\/www.iskreni.net\/trgovina\/wp-content\/uploads\/2024\/11\/Bozicna-predstava-3D-kvadrat.jpg","contentUrl":"https:\/\/www.iskreni.net\/trgovina\/wp-content\/uploads\/2024\/11\/Bozicna-predstava-3D-kvadrat.jpg","width":951,"height":951,"caption":"Najbolj\u0161a bo\u017ei\u010dna predstava vseh \u010dasov"},{"@type":"BreadcrumbList","@id":"https:\/\/www.iskreni.net\/trgovina\/product\/najboljsa-bozicna-predstava-vseh-casov\/#breadcrumb","itemListElement":[{"@type":"ListItem","position":1,"name":"Home","item":"https:\/\/www.iskreni.net\/trgovina\/"},{"@type":"ListItem","position":2,"name":"Trgovina","item":"https:\/\/www.iskreni.net\/trgovina\/trgovina\/"},{"@type":"ListItem","position":3,"name":"Najbolj\u0161a bo\u017ei\u010dna predstava vseh \u010dasov"}]},{"@type":"WebSite","@id":"https:\/\/www.iskreni.net\/trgovina\/#website","url":"https:\/\/www.iskreni.net\/trgovina\/","name":"Zavod Iskreni","description":"trgovina","potentialAction":[{"@type":"SearchAction","target":{"@type":"EntryPoint","urlTemplate":"https:\/\/www.iskreni.net\/trgovina\/?s={search_term_string}"},"query-input":{"@type":"PropertyValueSpecification","valueRequired":true,"valueName":"search_term_string"}}],"inLanguage":"sl-SI"}]}},"_links":{"self":[{"href":"https:\/\/www.iskreni.net\/trgovina\/wp-json\/wp\/v2\/product\/80339","targetHints":{"allow":["GET"]}}],"collection":[{"href":"https:\/\/www.iskreni.net\/trgovina\/wp-json\/wp\/v2\/product"}],"about":[{"href":"https:\/\/www.iskreni.net\/trgovina\/wp-json\/wp\/v2\/types\/product"}],"replies":[{"embeddable":true,"href":"https:\/\/www.iskreni.net\/trgovina\/wp-json\/wp\/v2\/comments?post=80339"}],"version-history":[{"count":15,"href":"https:\/\/www.iskreni.net\/trgovina\/wp-json\/wp\/v2\/product\/80339\/revisions"}],"predecessor-version":[{"id":80404,"href":"https:\/\/www.iskreni.net\/trgovina\/wp-json\/wp\/v2\/product\/80339\/revisions\/80404"}],"wp:featuredmedia":[{"embeddable":true,"href":"https:\/\/www.iskreni.net\/trgovina\/wp-json\/wp\/v2\/media\/80341"}],"wp:attachment":[{"href":"https:\/\/www.iskreni.net\/trgovina\/wp-json\/wp\/v2\/media?parent=80339"}],"wp:term":[{"taxonomy":"product_brand","embeddable":true,"href":"https:\/\/www.iskreni.net\/trgovina\/wp-json\/wp\/v2\/product_brand?post=80339"},{"taxonomy":"product_cat","embeddable":true,"href":"https:\/\/www.iskreni.net\/trgovina\/wp-json\/wp\/v2\/product_cat?post=80339"},{"taxonomy":"product_tag","embeddable":true,"href":"https:\/\/www.iskreni.net\/trgovina\/wp-json\/wp\/v2\/product_tag?post=80339"},{"taxonomy":"avtor","embeddable":true,"href":"https:\/\/www.iskreni.net\/trgovina\/wp-json\/wp\/v2\/avtor?post=80339"},{"taxonomy":"zalozba","embeddable":true,"href":"https:\/\/www.iskreni.net\/trgovina\/wp-json\/wp\/v2\/zalozba?post=80339"},{"taxonomy":"vezava","embeddable":true,"href":"https:\/\/www.iskreni.net\/trgovina\/wp-json\/wp\/v2\/vezava?post=80339"}],"curies":[{"name":"wp","href":"https:\/\/api.w.org\/{rel}","templated":true}]}}