{"id":77942,"date":"2024-07-30T09:03:35","date_gmt":"2024-07-30T07:03:35","guid":{"rendered":"https:\/\/www.iskreni.net\/trgovina\/?post_type=product&#038;p=77942"},"modified":"2026-02-20T10:48:16","modified_gmt":"2026-02-20T09:48:16","slug":"sos-na-severnem-polu","status":"publish","type":"product","link":"https:\/\/www.iskreni.net\/trgovina\/product\/sos-na-severnem-polu\/","title":{"rendered":"SOS na severnem polu"},"content":{"rendered":"<h3 id=\"anchor-o-izdelku\" class=\"title\">O knjigi SOS na severnem polu:<\/h3>\n<div class=\"tab-description js-tab-singleProduct-description content-tab\">\n<div class=\"x11i5rnm xat24cr x1mh8g0r x1vvkbs xtlvy1s x126k92a\">\n<div dir=\"auto\">\n<p>Na severnem polu polarni medved v morju najde neznan predmet. Ko vanj ugrizne, se mu ko\u0161\u010dek zatakne v grlu in ga za\u010dne du\u0161iti. Na njegove klice na se odzovejo trije prijatelji. Preberite si, kako so mu pomagali in tudi druge \u017eivali opozorili na nevarnost.<\/p>\n<p>Slikanica, namenjena ozave\u0161\u010danju skrbi za okolje, prepre\u010devanju onesna\u017eevanja in metanja plastike v morje, je namenjena vsem mali in velikim bralcem, saj je \u0161e kako aktualna, da takoj poskrbimo za na\u0161 skupni dom.<\/p>\n<h4>O avtorjih:<\/h4>\n<p>ALESSANDRA CERRETTI je diplomirala iz tujih jezikov in knji\u017eevnosti. Rada bere knjige in poslu\u0161a otroke, ki ji dajejo navdih za njene zabavne in pou\u010dne zgodbe. Zelo rada tudi potuje, kamor vedno vzame svoj blok in si zapisuje vse, kar pritegne njeno pozornost. Pi\u0161e dvojezi\u010dne knjige in sodeluje pri izobra\u017eevalnih in bralnih projektih. Eno od njenih zgodb so uprizorili u\u010denci osnovne \u0161ole \u00bbDante Alighieri\u00ab v argentinskem San Carlosu.<\/p>\n<p>SILVIA BARONCELLI je po diplomi na Akademiji za likovno umetnost v Firencah vzela svoje barve in \u010dopi\u010de ter od\u0161la v London, kjer se je v Britanskem muzeju zaposlila kot \u00bbmuzejska umetnica. V sodelovanju z italijanskimi in tujimi zalo\u017ebami je ilustrirala \u0161tevilne otro\u0161ke knjige. Poleg tega pou\u010duje kot docentka na LABA (Svobodni akademiji likovnih umetnosti) v Firencah. Rada se sre\u010duje z mladimi bralci, za katere organizira zabavne delavnice.<\/p>\n<\/div>\n<\/div>\n<\/div>\n","protected":false},"excerpt":{"rendered":"<p><strong>Leto izdaje:<\/strong> 2024<br \/>\n<strong>\u0160tevilo strani:<\/strong> 40<br \/>\n<strong>Mere:<\/strong> 200 x 220 mm<\/p>\n<h5><a href=\"https:\/\/www.salve.si\/wp-content\/uploads\/2024\/06\/SOS-na-severnem-polu_PREDSTAVITVENE-STRANI-1.pdf\">PREDOGLED<\/a><\/h5>\n","protected":false},"featured_media":77945,"comment_status":"open","ping_status":"closed","template":"","meta":[],"product_brand":[],"product_cat":[63,135],"product_tag":[],"avtor":[2822],"zalozba":[2336],"vezava":[2306],"class_list":{"0":"post-77942","1":"product","2":"type-product","3":"status-publish","4":"has-post-thumbnail","6":"product_cat-knjige","7":"product_cat-za-otroke","8":"avtor-alessandra-cerretti","9":"zalozba-salve","10":"vezava-trda","12":"first","13":"instock","14":"taxable","15":"shipping-taxable","16":"purchasable","17":"product-type-simple"},"yoast_head":"<!-- This site is optimized with the Yoast SEO plugin v26.3 - https:\/\/yoast.com\/wordpress\/plugins\/seo\/ -->\n<title>SOS na severnem polu - trgovina Iskreni<\/title>\n<meta name=\"description\" content=\"Slikanica, namenjena ozave\u0161\u010danju skrbi za okolje, prepre\u010devanju onesna\u017eevanja in metanja plastike v morje, namenjena tako malim kot velikim bralcem.\" \/>\n<meta name=\"robots\" content=\"index, follow, max-snippet:-1, max-image-preview:large, max-video-preview:-1\" \/>\n<link rel=\"canonical\" href=\"https:\/\/www.iskreni.net\/trgovina\/product\/sos-na-severnem-polu\/\" \/>\n<meta property=\"og:locale\" content=\"sl_SI\" \/>\n<meta property=\"og:type\" content=\"article\" \/>\n<meta property=\"og:title\" content=\"SOS na severnem polu\" \/>\n<meta property=\"og:description\" content=\"Slikanica, namenjena ozave\u0161\u010danju skrbi za okolje, prepre\u010devanju onesna\u017eevanja in metanja plastike v morje, namenjena tako malim kot velikim bralcem.\" \/>\n<meta property=\"og:url\" content=\"https:\/\/www.iskreni.net\/trgovina\/product\/sos-na-severnem-polu\/\" \/>\n<meta property=\"og:site_name\" content=\"Zavod Iskreni\" \/>\n<meta property=\"article:modified_time\" content=\"2026-02-20T09:48:16+00:00\" \/>\n<meta property=\"og:image\" content=\"https:\/\/www.iskreni.net\/trgovina\/wp-content\/uploads\/2024\/07\/Slike-za-v-spletno-trgovino-2024-07-30T090441.083.jpg\" \/>\n\t<meta property=\"og:image:width\" content=\"600\" \/>\n\t<meta property=\"og:image:height\" content=\"600\" \/>\n\t<meta property=\"og:image:type\" content=\"image\/jpeg\" \/>\n<meta name=\"twitter:card\" content=\"summary_large_image\" \/>\n<meta name=\"twitter:label1\" content=\"Est. reading time\" \/>\n\t<meta name=\"twitter:data1\" content=\"2 minuti\" \/>\n<script type=\"application\/ld+json\" class=\"yoast-schema-graph\">{\"@context\":\"https:\/\/schema.org\",\"@graph\":[{\"@type\":\"WebPage\",\"@id\":\"https:\/\/www.iskreni.net\/trgovina\/product\/sos-na-severnem-polu\/\",\"url\":\"https:\/\/www.iskreni.net\/trgovina\/product\/sos-na-severnem-polu\/\",\"name\":\"SOS na severnem polu - trgovina Iskreni\",\"isPartOf\":{\"@id\":\"https:\/\/www.iskreni.net\/trgovina\/#website\"},\"primaryImageOfPage\":{\"@id\":\"https:\/\/www.iskreni.net\/trgovina\/product\/sos-na-severnem-polu\/#primaryimage\"},\"image\":{\"@id\":\"https:\/\/www.iskreni.net\/trgovina\/product\/sos-na-severnem-polu\/#primaryimage\"},\"thumbnailUrl\":\"https:\/\/www.iskreni.net\/trgovina\/wp-content\/uploads\/2024\/07\/Slike-za-v-spletno-trgovino-2024-07-30T090441.083.jpg\",\"datePublished\":\"2024-07-30T07:03:35+00:00\",\"dateModified\":\"2026-02-20T09:48:16+00:00\",\"description\":\"Slikanica, namenjena ozave\u0161\u010danju skrbi za okolje, prepre\u010devanju onesna\u017eevanja in metanja plastike v morje, namenjena tako malim kot velikim bralcem.\",\"breadcrumb\":{\"@id\":\"https:\/\/www.iskreni.net\/trgovina\/product\/sos-na-severnem-polu\/#breadcrumb\"},\"inLanguage\":\"sl-SI\",\"potentialAction\":[{\"@type\":\"ReadAction\",\"target\":[\"https:\/\/www.iskreni.net\/trgovina\/product\/sos-na-severnem-polu\/\"]}]},{\"@type\":\"ImageObject\",\"inLanguage\":\"sl-SI\",\"@id\":\"https:\/\/www.iskreni.net\/trgovina\/product\/sos-na-severnem-polu\/#primaryimage\",\"url\":\"https:\/\/www.iskreni.net\/trgovina\/wp-content\/uploads\/2024\/07\/Slike-za-v-spletno-trgovino-2024-07-30T090441.083.jpg\",\"contentUrl\":\"https:\/\/www.iskreni.net\/trgovina\/wp-content\/uploads\/2024\/07\/Slike-za-v-spletno-trgovino-2024-07-30T090441.083.jpg\",\"width\":600,\"height\":600},{\"@type\":\"BreadcrumbList\",\"@id\":\"https:\/\/www.iskreni.net\/trgovina\/product\/sos-na-severnem-polu\/#breadcrumb\",\"itemListElement\":[{\"@type\":\"ListItem\",\"position\":1,\"name\":\"Home\",\"item\":\"https:\/\/www.iskreni.net\/trgovina\/\"},{\"@type\":\"ListItem\",\"position\":2,\"name\":\"Trgovina\",\"item\":\"https:\/\/www.iskreni.net\/trgovina\/trgovina\/\"},{\"@type\":\"ListItem\",\"position\":3,\"name\":\"SOS na severnem polu\"}]},{\"@type\":\"WebSite\",\"@id\":\"https:\/\/www.iskreni.net\/trgovina\/#website\",\"url\":\"https:\/\/www.iskreni.net\/trgovina\/\",\"name\":\"Zavod Iskreni\",\"description\":\"trgovina\",\"potentialAction\":[{\"@type\":\"SearchAction\",\"target\":{\"@type\":\"EntryPoint\",\"urlTemplate\":\"https:\/\/www.iskreni.net\/trgovina\/?s={search_term_string}\"},\"query-input\":{\"@type\":\"PropertyValueSpecification\",\"valueRequired\":true,\"valueName\":\"search_term_string\"}}],\"inLanguage\":\"sl-SI\"}]}<\/script>\n<!-- \/ Yoast SEO plugin. -->","yoast_head_json":{"title":"SOS na severnem polu - trgovina Iskreni","description":"Slikanica, namenjena ozave\u0161\u010danju skrbi za okolje, prepre\u010devanju onesna\u017eevanja in metanja plastike v morje, namenjena tako malim kot velikim bralcem.","robots":{"index":"index","follow":"follow","max-snippet":"max-snippet:-1","max-image-preview":"max-image-preview:large","max-video-preview":"max-video-preview:-1"},"canonical":"https:\/\/www.iskreni.net\/trgovina\/product\/sos-na-severnem-polu\/","og_locale":"sl_SI","og_type":"article","og_title":"SOS na severnem polu","og_description":"Slikanica, namenjena ozave\u0161\u010danju skrbi za okolje, prepre\u010devanju onesna\u017eevanja in metanja plastike v morje, namenjena tako malim kot velikim bralcem.","og_url":"https:\/\/www.iskreni.net\/trgovina\/product\/sos-na-severnem-polu\/","og_site_name":"Zavod Iskreni","article_modified_time":"2026-02-20T09:48:16+00:00","og_image":[{"width":600,"height":600,"url":"https:\/\/www.iskreni.net\/trgovina\/wp-content\/uploads\/2024\/07\/Slike-za-v-spletno-trgovino-2024-07-30T090441.083.jpg","type":"image\/jpeg"}],"twitter_card":"summary_large_image","twitter_misc":{"Est. reading time":"2 minuti"},"schema":{"@context":"https:\/\/schema.org","@graph":[{"@type":"WebPage","@id":"https:\/\/www.iskreni.net\/trgovina\/product\/sos-na-severnem-polu\/","url":"https:\/\/www.iskreni.net\/trgovina\/product\/sos-na-severnem-polu\/","name":"SOS na severnem polu - trgovina Iskreni","isPartOf":{"@id":"https:\/\/www.iskreni.net\/trgovina\/#website"},"primaryImageOfPage":{"@id":"https:\/\/www.iskreni.net\/trgovina\/product\/sos-na-severnem-polu\/#primaryimage"},"image":{"@id":"https:\/\/www.iskreni.net\/trgovina\/product\/sos-na-severnem-polu\/#primaryimage"},"thumbnailUrl":"https:\/\/www.iskreni.net\/trgovina\/wp-content\/uploads\/2024\/07\/Slike-za-v-spletno-trgovino-2024-07-30T090441.083.jpg","datePublished":"2024-07-30T07:03:35+00:00","dateModified":"2026-02-20T09:48:16+00:00","description":"Slikanica, namenjena ozave\u0161\u010danju skrbi za okolje, prepre\u010devanju onesna\u017eevanja in metanja plastike v morje, namenjena tako malim kot velikim bralcem.","breadcrumb":{"@id":"https:\/\/www.iskreni.net\/trgovina\/product\/sos-na-severnem-polu\/#breadcrumb"},"inLanguage":"sl-SI","potentialAction":[{"@type":"ReadAction","target":["https:\/\/www.iskreni.net\/trgovina\/product\/sos-na-severnem-polu\/"]}]},{"@type":"ImageObject","inLanguage":"sl-SI","@id":"https:\/\/www.iskreni.net\/trgovina\/product\/sos-na-severnem-polu\/#primaryimage","url":"https:\/\/www.iskreni.net\/trgovina\/wp-content\/uploads\/2024\/07\/Slike-za-v-spletno-trgovino-2024-07-30T090441.083.jpg","contentUrl":"https:\/\/www.iskreni.net\/trgovina\/wp-content\/uploads\/2024\/07\/Slike-za-v-spletno-trgovino-2024-07-30T090441.083.jpg","width":600,"height":600},{"@type":"BreadcrumbList","@id":"https:\/\/www.iskreni.net\/trgovina\/product\/sos-na-severnem-polu\/#breadcrumb","itemListElement":[{"@type":"ListItem","position":1,"name":"Home","item":"https:\/\/www.iskreni.net\/trgovina\/"},{"@type":"ListItem","position":2,"name":"Trgovina","item":"https:\/\/www.iskreni.net\/trgovina\/trgovina\/"},{"@type":"ListItem","position":3,"name":"SOS na severnem polu"}]},{"@type":"WebSite","@id":"https:\/\/www.iskreni.net\/trgovina\/#website","url":"https:\/\/www.iskreni.net\/trgovina\/","name":"Zavod Iskreni","description":"trgovina","potentialAction":[{"@type":"SearchAction","target":{"@type":"EntryPoint","urlTemplate":"https:\/\/www.iskreni.net\/trgovina\/?s={search_term_string}"},"query-input":{"@type":"PropertyValueSpecification","valueRequired":true,"valueName":"search_term_string"}}],"inLanguage":"sl-SI"}]}},"_links":{"self":[{"href":"https:\/\/www.iskreni.net\/trgovina\/wp-json\/wp\/v2\/product\/77942","targetHints":{"allow":["GET"]}}],"collection":[{"href":"https:\/\/www.iskreni.net\/trgovina\/wp-json\/wp\/v2\/product"}],"about":[{"href":"https:\/\/www.iskreni.net\/trgovina\/wp-json\/wp\/v2\/types\/product"}],"replies":[{"embeddable":true,"href":"https:\/\/www.iskreni.net\/trgovina\/wp-json\/wp\/v2\/comments?post=77942"}],"version-history":[{"count":2,"href":"https:\/\/www.iskreni.net\/trgovina\/wp-json\/wp\/v2\/product\/77942\/revisions"}],"predecessor-version":[{"id":77946,"href":"https:\/\/www.iskreni.net\/trgovina\/wp-json\/wp\/v2\/product\/77942\/revisions\/77946"}],"wp:featuredmedia":[{"embeddable":true,"href":"https:\/\/www.iskreni.net\/trgovina\/wp-json\/wp\/v2\/media\/77945"}],"wp:attachment":[{"href":"https:\/\/www.iskreni.net\/trgovina\/wp-json\/wp\/v2\/media?parent=77942"}],"wp:term":[{"taxonomy":"product_brand","embeddable":true,"href":"https:\/\/www.iskreni.net\/trgovina\/wp-json\/wp\/v2\/product_brand?post=77942"},{"taxonomy":"product_cat","embeddable":true,"href":"https:\/\/www.iskreni.net\/trgovina\/wp-json\/wp\/v2\/product_cat?post=77942"},{"taxonomy":"product_tag","embeddable":true,"href":"https:\/\/www.iskreni.net\/trgovina\/wp-json\/wp\/v2\/product_tag?post=77942"},{"taxonomy":"avtor","embeddable":true,"href":"https:\/\/www.iskreni.net\/trgovina\/wp-json\/wp\/v2\/avtor?post=77942"},{"taxonomy":"zalozba","embeddable":true,"href":"https:\/\/www.iskreni.net\/trgovina\/wp-json\/wp\/v2\/zalozba?post=77942"},{"taxonomy":"vezava","embeddable":true,"href":"https:\/\/www.iskreni.net\/trgovina\/wp-json\/wp\/v2\/vezava?post=77942"}],"curies":[{"name":"wp","href":"https:\/\/api.w.org\/{rel}","templated":true}]}}