{"id":77148,"date":"2024-06-28T11:10:02","date_gmt":"2024-06-28T09:10:02","guid":{"rendered":"https:\/\/www.iskreni.net\/trgovina\/?post_type=product&#038;p=77148"},"modified":"2024-07-26T14:21:42","modified_gmt":"2024-07-26T12:21:42","slug":"posameznik-in-njegova-religioznost","status":"publish","type":"product","link":"https:\/\/www.iskreni.net\/trgovina\/product\/posameznik-in-njegova-religioznost\/","title":{"rendered":"Posameznik in njegova religioznost"},"content":{"rendered":"<h3 class=\"title\">O knjigi Posameznik in njegova religioznost:<\/h3>\n<p>Sodobni \u010dlovek na kri\u017epotju duhovnosti, vere in religije<\/p>\n<p>Zakaj sem in nisem veren? Kaj mi pomeni duhovnost in kaj religioznost? Kaj sploh pomeni biti veren? To so globoko individualna, hkrati pa izjemno dru\u017ebeno vpeta vpra\u0161anja, ki jih postavlja vsak \u010das in prostor na novo. Harmoni\u010dno ponotranjeni verski nauki so za posameznika lahko bla\u017eilec anksioznosti in strahu pred smrtjo, ko so le me\u0161anica zunanje forme, dopu\u0161\u010danja ne\u010desa vi\u0161jega in skepse, pa lahko strah in tesnobo celo okrepijo. Toda v svojem bistvu vsakdo hrepeni po notranji ubranosti. A tako kot tkalec, ki ustvarja tapiserijo, je posameznik svoj \u017eivljenjski vzorec prisiljen ustvarjati v ozadju. \u017de ob pogledu na osupljivi plete\u017e niti in preje za statvami \u010dloveku pogosto zastane dih, oblikovanje celovitega vzorca, ki se poka\u017ee \u0161ele na drugi strani, pa je naloga, ki jo posameznik uresni\u010duje vse \u017eivljenje.<\/p>\n<p>Knjigo Gordona W. Allporta \u010clovek in njegova religioznost dobivamo v slovenskem prevodu 75 let po izidu izvirnika. Da se bo na\u0161a tiso\u010dletna kultura \u0161e naprej lahko razvijala enakopravno z drugimi svetovnimi jeziki, moramo imeti od antike naprej v sloven\u0161\u010dino prevedena klasi\u010dna dela vseh strok. Za pri\u010dujo\u010di prevod sta \u0161e dva razloga. Prvi je na verski strani. Slovenija je bila do druge svetovne vojne de\u017eela katoli\u0161ke civilizacije, ta pa je do drugega vatikanskega koncila (1962\u20131965) na psiholo\u0161ko in drugo znanstveno raziskovanje verovanja gledala sumljivo. Drugi razlog je politi\u010dni. Od druge svetovne vojne do osamosvojitve nam je vladal marksisti\u010dni komunizem, ki je verovanje preziral in ga sku\u0161al uni\u010diti. Kulturni razvoj naroda pa ne more presko\u010diti prepadov. Ta knjiga je kakovosten most \u010dez jarek, ki je nastal po neurju komunisti\u010dnega prezira duhovnosti in verovanja ter po slabi letini katoli\u0161kega tradicionalizma v 19. in v prvi polovici 20. stoletja.<br \/>\nIz spremne besede dr. Jo\u017eeta Ramov\u0161a<\/p>\n<h4>Odlomek iz knjige:<\/h4>\n<p>\u010ce je mladostni\u0161ko nezadovoljstvo z institucionalno religijo tolik\u0161no, kako je potem mogo\u010de, da tak\u0161na religija \u0161e kar vztraja? \u010ce namre\u010d vsako generacijo polovica \u0161tudentske populacije zapusti cerkev svojih prednikov, hkrati pa ta med \u0161tudenti pridobi zgolj pe\u0161\u010dico novih privr\u017eencev, ali ne bi potem pri\u010dakovali, da bo prej ali slej dose\u017eena ni\u010delna to\u010dka? Odgovor na to uganko najdemo v dveh premislekih. Prvi\u010d: po nereligioznih dvajsetih letih 20. stoletja, torej obdobju, ki ga obravnavamo tukaj, se \u0161tevilni mladi dejansko sami, v\u010dasih celo z veliko vnemo, vra\u010dajo k institucionalnim oblikam, ki so se jim poprej uprli. Drugi\u010d: kot smo \u017ee spoznali, tudi med mladino, ki se je cerkvenemu nauku skorajda docela izneverila, \u0161e vedno zasledimo ostaline konfesionalne pripadnosti, ki se odra\u017ea v nominalnem \u010dlanstvu in vsaj ob\u010dasni udele\u017ebi pri verskih obredih. Na splo\u0161no vzeto torej ta proces cerkev kot institucijo prizadeva manj kot dogmatsko vero njenih mladih \u010dlanov. S \u0161irjenjem dru\u017ebenih dejavnosti in krepitvijo dobrodelnosti ima protestantska cerkev vsaj mo\u017enost obdr\u017eati kolikortolik\u0161no vitalnost, \u010deprav s spremenljivo funkcijo.<br \/>\n(Str. 72)<\/p>\n<h4>O avtorju:<\/h4>\n<p>Gordon W. Allport (1897\u20131967), eden najuglednej\u0161ih psihologov 20. stoletja,<br \/>\nje diplomiral in doktoriral na Harvardu. V \u010dasu, ko je v ZDA prevladoval<br \/>\nvedenjski, drugod pa psihoanaliti\u010dni pristop, se je Allport zavzemal za empiri\u010dno metodologijo, ki je upo\u0161tevala vplive trenutnega konteksta in zavestne<br \/>\nmotivacije, ne da bi pri tem zanikal mo\u017een prispevek nezavednih spominov<br \/>\nin\/ali mehanizmov k \u010dlovekovemu razmi\u0161ljanju in vedenju. Pustil je izjemen<br \/>\npe\u010dat, ki izhaja tudi iz njegove obravnave pomembnih tem, kot so npr. govorice, predsodki, religija, lastnosti. Kot eden prvih ameri\u0161kih eskistencialistov<br \/>\nje potrditev svojih dognanj na\u0161el v filozofiji Viktorja E. Frankla in poskrbel,<br \/>\nda so njegove knjige v prej\u0161njem stoletju za\u010dele mno\u017ei\u010dno izhajati v ZDA.<\/p>\n","protected":false},"excerpt":{"rendered":"<div id=\"tab-opis_tab\" class=\"tab-pane active\">\n<p><strong>Leto izdaje:<\/strong> 2024<br \/>\n<strong>\u0160tevilo strani:<\/strong> 228<br \/>\n<strong>Format:<\/strong> 135 mm x 210 mm<\/p>\n<\/div>\n<p><a href=\"https:\/\/www.mohorjeva.org\/wp-content\/uploads\/2024\/06\/Allport-Gordon-2024-posameznik-in-njegova-religioznost-PL.pdf\">Prelistajte knjigo<\/a><\/p>\n","protected":false},"featured_media":77150,"comment_status":"open","ping_status":"closed","template":"","meta":[],"product_brand":[],"product_cat":[2324,63],"product_tag":[1687],"avtor":[2813],"zalozba":[2337],"vezava":[2307],"class_list":{"0":"post-77148","1":"product","2":"type-product","3":"status-publish","4":"has-post-thumbnail","6":"product_cat-duhovnost-in-osebna-rast","7":"product_cat-knjige","8":"product_tag-rojstni-dan","9":"avtor-gordon-w-allport","10":"zalozba-celjska-mohorjeva-druzba","11":"vezava-mehka","13":"first","14":"instock","15":"taxable","16":"shipping-taxable","17":"purchasable","18":"product-type-simple"},"yoast_head":"<!-- This site is optimized with the Yoast SEO plugin v26.3 - https:\/\/yoast.com\/wordpress\/plugins\/seo\/ -->\n<title>Posameznik in njegova religioznost- trgovina Iskreni<\/title>\n<meta name=\"description\" content=\"Posameznik in njegova religioznost : klasi\u010dna \u0161tudija funkcije religioznega ob\u010dutja v posameznikovi osebnosti : psiholo\u0161ka interpretacija\" \/>\n<meta name=\"robots\" content=\"index, follow, max-snippet:-1, max-image-preview:large, max-video-preview:-1\" \/>\n<link rel=\"canonical\" href=\"https:\/\/www.iskreni.net\/trgovina\/product\/posameznik-in-njegova-religioznost\/\" \/>\n<meta property=\"og:locale\" content=\"sl_SI\" \/>\n<meta property=\"og:type\" content=\"article\" \/>\n<meta property=\"og:title\" content=\"Posameznik in njegova religioznost\" \/>\n<meta property=\"og:description\" content=\"Posameznik in njegova religioznost : klasi\u010dna \u0161tudija funkcije religioznega ob\u010dutja v posameznikovi osebnosti : psiholo\u0161ka interpretacija\" \/>\n<meta property=\"og:url\" content=\"https:\/\/www.iskreni.net\/trgovina\/product\/posameznik-in-njegova-religioznost\/\" \/>\n<meta property=\"og:site_name\" content=\"Zavod Iskreni\" \/>\n<meta property=\"article:modified_time\" content=\"2024-07-26T12:21:42+00:00\" \/>\n<meta property=\"og:image\" content=\"https:\/\/www.iskreni.net\/trgovina\/wp-content\/uploads\/2024\/06\/Slike-za-v-spletno-trgovino-2024-06-28T111232.226.jpg\" \/>\n\t<meta property=\"og:image:width\" content=\"600\" \/>\n\t<meta property=\"og:image:height\" content=\"600\" \/>\n\t<meta property=\"og:image:type\" content=\"image\/jpeg\" \/>\n<meta name=\"twitter:card\" content=\"summary_large_image\" \/>\n<meta name=\"twitter:label1\" content=\"Est. reading time\" \/>\n\t<meta name=\"twitter:data1\" content=\"4 minute\" \/>\n<script type=\"application\/ld+json\" class=\"yoast-schema-graph\">{\"@context\":\"https:\/\/schema.org\",\"@graph\":[{\"@type\":\"WebPage\",\"@id\":\"https:\/\/www.iskreni.net\/trgovina\/product\/posameznik-in-njegova-religioznost\/\",\"url\":\"https:\/\/www.iskreni.net\/trgovina\/product\/posameznik-in-njegova-religioznost\/\",\"name\":\"Posameznik in njegova religioznost- trgovina Iskreni\",\"isPartOf\":{\"@id\":\"https:\/\/www.iskreni.net\/trgovina\/#website\"},\"primaryImageOfPage\":{\"@id\":\"https:\/\/www.iskreni.net\/trgovina\/product\/posameznik-in-njegova-religioznost\/#primaryimage\"},\"image\":{\"@id\":\"https:\/\/www.iskreni.net\/trgovina\/product\/posameznik-in-njegova-religioznost\/#primaryimage\"},\"thumbnailUrl\":\"https:\/\/www.iskreni.net\/trgovina\/wp-content\/uploads\/2024\/06\/Slike-za-v-spletno-trgovino-2024-06-28T111232.226.jpg\",\"datePublished\":\"2024-06-28T09:10:02+00:00\",\"dateModified\":\"2024-07-26T12:21:42+00:00\",\"description\":\"Posameznik in njegova religioznost : klasi\u010dna \u0161tudija funkcije religioznega ob\u010dutja v posameznikovi osebnosti : psiholo\u0161ka interpretacija\",\"breadcrumb\":{\"@id\":\"https:\/\/www.iskreni.net\/trgovina\/product\/posameznik-in-njegova-religioznost\/#breadcrumb\"},\"inLanguage\":\"sl-SI\",\"potentialAction\":[{\"@type\":\"ReadAction\",\"target\":[\"https:\/\/www.iskreni.net\/trgovina\/product\/posameznik-in-njegova-religioznost\/\"]}]},{\"@type\":\"ImageObject\",\"inLanguage\":\"sl-SI\",\"@id\":\"https:\/\/www.iskreni.net\/trgovina\/product\/posameznik-in-njegova-religioznost\/#primaryimage\",\"url\":\"https:\/\/www.iskreni.net\/trgovina\/wp-content\/uploads\/2024\/06\/Slike-za-v-spletno-trgovino-2024-06-28T111232.226.jpg\",\"contentUrl\":\"https:\/\/www.iskreni.net\/trgovina\/wp-content\/uploads\/2024\/06\/Slike-za-v-spletno-trgovino-2024-06-28T111232.226.jpg\",\"width\":600,\"height\":600},{\"@type\":\"BreadcrumbList\",\"@id\":\"https:\/\/www.iskreni.net\/trgovina\/product\/posameznik-in-njegova-religioznost\/#breadcrumb\",\"itemListElement\":[{\"@type\":\"ListItem\",\"position\":1,\"name\":\"Home\",\"item\":\"https:\/\/www.iskreni.net\/trgovina\/\"},{\"@type\":\"ListItem\",\"position\":2,\"name\":\"Trgovina\",\"item\":\"https:\/\/www.iskreni.net\/trgovina\/trgovina\/\"},{\"@type\":\"ListItem\",\"position\":3,\"name\":\"Posameznik in njegova religioznost\"}]},{\"@type\":\"WebSite\",\"@id\":\"https:\/\/www.iskreni.net\/trgovina\/#website\",\"url\":\"https:\/\/www.iskreni.net\/trgovina\/\",\"name\":\"Zavod Iskreni\",\"description\":\"trgovina\",\"potentialAction\":[{\"@type\":\"SearchAction\",\"target\":{\"@type\":\"EntryPoint\",\"urlTemplate\":\"https:\/\/www.iskreni.net\/trgovina\/?s={search_term_string}\"},\"query-input\":{\"@type\":\"PropertyValueSpecification\",\"valueRequired\":true,\"valueName\":\"search_term_string\"}}],\"inLanguage\":\"sl-SI\"}]}<\/script>\n<!-- \/ Yoast SEO plugin. -->","yoast_head_json":{"title":"Posameznik in njegova religioznost- trgovina Iskreni","description":"Posameznik in njegova religioznost : klasi\u010dna \u0161tudija funkcije religioznega ob\u010dutja v posameznikovi osebnosti : psiholo\u0161ka interpretacija","robots":{"index":"index","follow":"follow","max-snippet":"max-snippet:-1","max-image-preview":"max-image-preview:large","max-video-preview":"max-video-preview:-1"},"canonical":"https:\/\/www.iskreni.net\/trgovina\/product\/posameznik-in-njegova-religioznost\/","og_locale":"sl_SI","og_type":"article","og_title":"Posameznik in njegova religioznost","og_description":"Posameznik in njegova religioznost : klasi\u010dna \u0161tudija funkcije religioznega ob\u010dutja v posameznikovi osebnosti : psiholo\u0161ka interpretacija","og_url":"https:\/\/www.iskreni.net\/trgovina\/product\/posameznik-in-njegova-religioznost\/","og_site_name":"Zavod Iskreni","article_modified_time":"2024-07-26T12:21:42+00:00","og_image":[{"width":600,"height":600,"url":"https:\/\/www.iskreni.net\/trgovina\/wp-content\/uploads\/2024\/06\/Slike-za-v-spletno-trgovino-2024-06-28T111232.226.jpg","type":"image\/jpeg"}],"twitter_card":"summary_large_image","twitter_misc":{"Est. reading time":"4 minute"},"schema":{"@context":"https:\/\/schema.org","@graph":[{"@type":"WebPage","@id":"https:\/\/www.iskreni.net\/trgovina\/product\/posameznik-in-njegova-religioznost\/","url":"https:\/\/www.iskreni.net\/trgovina\/product\/posameznik-in-njegova-religioznost\/","name":"Posameznik in njegova religioznost- trgovina Iskreni","isPartOf":{"@id":"https:\/\/www.iskreni.net\/trgovina\/#website"},"primaryImageOfPage":{"@id":"https:\/\/www.iskreni.net\/trgovina\/product\/posameznik-in-njegova-religioznost\/#primaryimage"},"image":{"@id":"https:\/\/www.iskreni.net\/trgovina\/product\/posameznik-in-njegova-religioznost\/#primaryimage"},"thumbnailUrl":"https:\/\/www.iskreni.net\/trgovina\/wp-content\/uploads\/2024\/06\/Slike-za-v-spletno-trgovino-2024-06-28T111232.226.jpg","datePublished":"2024-06-28T09:10:02+00:00","dateModified":"2024-07-26T12:21:42+00:00","description":"Posameznik in njegova religioznost : klasi\u010dna \u0161tudija funkcije religioznega ob\u010dutja v posameznikovi osebnosti : psiholo\u0161ka interpretacija","breadcrumb":{"@id":"https:\/\/www.iskreni.net\/trgovina\/product\/posameznik-in-njegova-religioznost\/#breadcrumb"},"inLanguage":"sl-SI","potentialAction":[{"@type":"ReadAction","target":["https:\/\/www.iskreni.net\/trgovina\/product\/posameznik-in-njegova-religioznost\/"]}]},{"@type":"ImageObject","inLanguage":"sl-SI","@id":"https:\/\/www.iskreni.net\/trgovina\/product\/posameznik-in-njegova-religioznost\/#primaryimage","url":"https:\/\/www.iskreni.net\/trgovina\/wp-content\/uploads\/2024\/06\/Slike-za-v-spletno-trgovino-2024-06-28T111232.226.jpg","contentUrl":"https:\/\/www.iskreni.net\/trgovina\/wp-content\/uploads\/2024\/06\/Slike-za-v-spletno-trgovino-2024-06-28T111232.226.jpg","width":600,"height":600},{"@type":"BreadcrumbList","@id":"https:\/\/www.iskreni.net\/trgovina\/product\/posameznik-in-njegova-religioznost\/#breadcrumb","itemListElement":[{"@type":"ListItem","position":1,"name":"Home","item":"https:\/\/www.iskreni.net\/trgovina\/"},{"@type":"ListItem","position":2,"name":"Trgovina","item":"https:\/\/www.iskreni.net\/trgovina\/trgovina\/"},{"@type":"ListItem","position":3,"name":"Posameznik in njegova religioznost"}]},{"@type":"WebSite","@id":"https:\/\/www.iskreni.net\/trgovina\/#website","url":"https:\/\/www.iskreni.net\/trgovina\/","name":"Zavod Iskreni","description":"trgovina","potentialAction":[{"@type":"SearchAction","target":{"@type":"EntryPoint","urlTemplate":"https:\/\/www.iskreni.net\/trgovina\/?s={search_term_string}"},"query-input":{"@type":"PropertyValueSpecification","valueRequired":true,"valueName":"search_term_string"}}],"inLanguage":"sl-SI"}]}},"_links":{"self":[{"href":"https:\/\/www.iskreni.net\/trgovina\/wp-json\/wp\/v2\/product\/77148","targetHints":{"allow":["GET"]}}],"collection":[{"href":"https:\/\/www.iskreni.net\/trgovina\/wp-json\/wp\/v2\/product"}],"about":[{"href":"https:\/\/www.iskreni.net\/trgovina\/wp-json\/wp\/v2\/types\/product"}],"replies":[{"embeddable":true,"href":"https:\/\/www.iskreni.net\/trgovina\/wp-json\/wp\/v2\/comments?post=77148"}],"version-history":[{"count":3,"href":"https:\/\/www.iskreni.net\/trgovina\/wp-json\/wp\/v2\/product\/77148\/revisions"}],"predecessor-version":[{"id":77154,"href":"https:\/\/www.iskreni.net\/trgovina\/wp-json\/wp\/v2\/product\/77148\/revisions\/77154"}],"wp:featuredmedia":[{"embeddable":true,"href":"https:\/\/www.iskreni.net\/trgovina\/wp-json\/wp\/v2\/media\/77150"}],"wp:attachment":[{"href":"https:\/\/www.iskreni.net\/trgovina\/wp-json\/wp\/v2\/media?parent=77148"}],"wp:term":[{"taxonomy":"product_brand","embeddable":true,"href":"https:\/\/www.iskreni.net\/trgovina\/wp-json\/wp\/v2\/product_brand?post=77148"},{"taxonomy":"product_cat","embeddable":true,"href":"https:\/\/www.iskreni.net\/trgovina\/wp-json\/wp\/v2\/product_cat?post=77148"},{"taxonomy":"product_tag","embeddable":true,"href":"https:\/\/www.iskreni.net\/trgovina\/wp-json\/wp\/v2\/product_tag?post=77148"},{"taxonomy":"avtor","embeddable":true,"href":"https:\/\/www.iskreni.net\/trgovina\/wp-json\/wp\/v2\/avtor?post=77148"},{"taxonomy":"zalozba","embeddable":true,"href":"https:\/\/www.iskreni.net\/trgovina\/wp-json\/wp\/v2\/zalozba?post=77148"},{"taxonomy":"vezava","embeddable":true,"href":"https:\/\/www.iskreni.net\/trgovina\/wp-json\/wp\/v2\/vezava?post=77148"}],"curies":[{"name":"wp","href":"https:\/\/api.w.org\/{rel}","templated":true}]}}