{"id":75542,"date":"2024-06-07T09:38:08","date_gmt":"2024-06-07T07:38:08","guid":{"rendered":"https:\/\/www.iskreni.net\/trgovina\/?post_type=product&#038;p=75542"},"modified":"2026-02-20T12:29:56","modified_gmt":"2026-02-20T11:29:56","slug":"podedovane-druzinske-travme","status":"publish","type":"product","link":"https:\/\/www.iskreni.net\/trgovina\/product\/podedovane-druzinske-travme\/","title":{"rendered":"Podedovane dru\u017einske travme"},"content":{"rendered":"<h4>O knjigi Podedovane dru\u017einske travme:<\/h4>\n<p>Depresija. Anksioznost. Kroni\u010dne bole\u010dine. Fobije. Obsesivne misli.<\/p>\n<p>Vzroki teh te\u017eav morda ne le\u017eijo v na\u0161ih \u017eivljenjskih izku\u0161njah ali v kemi\u010dnem neravnovesju v mo\u017eganih, ampak v \u017eivljenjih na\u0161ih star\u0161ev, starih star\u0161ev in celo prastarih star\u0161ev.<\/p>\n<p>Najnovej\u0161e znanstvene raziskave namre\u010d dokazujejo, da se travmati\u010dne izku\u0161nje lahko prena\u0161ajo skozi generacije.<\/p>\n<p>Mark Wolynn je pionir raziskovanja podedovanih dru\u017einskih travm, ta knjiga pa je pragmati\u010den in jasen vodnik po njegovi metodi, ki obsega:<\/p>\n<ul>\n<li>vpra\u0161anja za samodiagnozo, ki omogo\u010da odkrivanje strahov in anksioznosti, ki se izra\u017eajo v na\u0161ih vsakdanjih besedah, vedenju in telesnih simptomih,<\/li>\n<li>navodila za oblikovanje genograma oziroma raz\u0161irjenega dru\u017einskega drevesa, ki nam pomaga prepoznati izku\u0161nje, ki se vijejo skozi generacije,<\/li>\n<li>vizualizacijo, aktivno imaginacijo in neposreden pogovor, ki omogo\u010dajo ponovno povezovanje s samim seboj, integracijo ter ponovno vzpostavitev nadzora nad svojim \u017eivljenjem in zdravjem.<\/li>\n<\/ul>\n<h4>O avtorju:<\/h4>\n<p>MARK WOLYNN je vodilni strokovnjak na podro\u010dju podedovanih dru\u017einskih travm. Leta 2016 je prejel srebrno nagrado Nautilus na podro\u010dju psihologije. Kot direktor in\u0161tituta Family Constellation v San Franciscu je vodil usposabljanja ve\u010d tiso\u010d zdravnikov in obravnaval ve\u010d tiso\u010d pacientov, ki so trpeli za depresijo, anksioznostjo, pani\u010dno motnjo, obsesivnimi mislimi, \u017eeljo po samopo\u0161kodovanju, kroni\u010dnimi bole\u010dinami in boleznimi.<\/p>\n<p>Je iskan predavatelj, ki vodi delavnice v bolni\u0161nicah, klinikah, na konferencah in u\u010dnih centrih po vsem svetu. Pou\u010deval je na univerzi v Pittsburghu, na in\u0161titutu Western Psychiatric Institute v Kripalu, na in\u0161titutu The Omega Institute, na centru The New York Open Center in na kalifornijskem in\u0161titutu za integrativne \u0161tudije. Njegovi \u010dlanki so bili objavljeni v revijah Psychology Today, Mind Body Green, MariaShriver.com, Elephant Journal in Psych Central, njegova poezija pa v reviji The New Yorker. Obi\u0161\u010dite njegovo spletno stran www. markwolynn.com.<\/p>\n","protected":false},"excerpt":{"rendered":"<p><strong>Leto izdaje:<\/strong> 2022<br \/>\n<strong>\u0160tevilo strani: <\/strong>284<br \/>\n<strong>Format:<\/strong> 140 x 220 mm<\/p>\n<p><a href=\"https:\/\/www.primus.si\/podedovane-druzinske-travme\">Prelistaj knjigo<\/a><\/p>\n","protected":false},"featured_media":75544,"comment_status":"open","ping_status":"closed","template":"","meta":[],"product_brand":[],"product_cat":[2322,2324,2327,2323,63],"product_tag":[],"avtor":[2795],"zalozba":[2780],"vezava":[2307],"class_list":{"0":"post-75542","1":"product","2":"type-product","3":"status-publish","4":"has-post-thumbnail","6":"product_cat-druzina-in-odnosi","7":"product_cat-duhovnost-in-osebna-rast","8":"product_cat-prirocniki-in-vodniki","9":"product_cat-vzgoja","10":"product_cat-knjige","11":"avtor-mark-wolynn","12":"zalozba-primus","13":"vezava-mehka","15":"first","16":"instock","17":"taxable","18":"shipping-taxable","19":"purchasable","20":"product-type-simple"},"yoast_head":"<!-- This site is optimized with the Yoast SEO plugin v26.3 - https:\/\/yoast.com\/wordpress\/plugins\/seo\/ -->\n<title>Podedovane dru\u017einske travme - trgovina iskreni<\/title>\n<meta name=\"description\" content=\"Kako nas oblikujejo vedenjski vzorci na\u0161ih prednikov in kako jih prekinemo.\" \/>\n<meta name=\"robots\" content=\"index, follow, max-snippet:-1, max-image-preview:large, max-video-preview:-1\" \/>\n<link rel=\"canonical\" href=\"https:\/\/www.iskreni.net\/trgovina\/product\/podedovane-druzinske-travme\/\" \/>\n<meta property=\"og:locale\" content=\"sl_SI\" \/>\n<meta property=\"og:type\" content=\"article\" \/>\n<meta property=\"og:title\" content=\"Podedovane dru\u017einske travme\" \/>\n<meta property=\"og:description\" content=\"Kako nas oblikujejo vedenjski vzorci na\u0161ih prednikov in kako jih prekinemo\" \/>\n<meta property=\"og:url\" content=\"https:\/\/www.iskreni.net\/trgovina\/product\/podedovane-druzinske-travme\/\" \/>\n<meta property=\"og:site_name\" content=\"Zavod Iskreni\" \/>\n<meta property=\"article:modified_time\" content=\"2026-02-20T11:29:56+00:00\" \/>\n<meta property=\"og:image\" content=\"https:\/\/www.iskreni.net\/trgovina\/wp-content\/uploads\/2024\/06\/Slike-za-v-spletno-trgovino-74.jpg\" \/>\n\t<meta property=\"og:image:width\" content=\"600\" \/>\n\t<meta property=\"og:image:height\" content=\"600\" \/>\n\t<meta property=\"og:image:type\" content=\"image\/jpeg\" \/>\n<meta name=\"twitter:card\" content=\"summary_large_image\" \/>\n<meta name=\"twitter:label1\" content=\"Est. reading time\" \/>\n\t<meta name=\"twitter:data1\" content=\"2 minuti\" \/>\n<script type=\"application\/ld+json\" class=\"yoast-schema-graph\">{\"@context\":\"https:\/\/schema.org\",\"@graph\":[{\"@type\":\"WebPage\",\"@id\":\"https:\/\/www.iskreni.net\/trgovina\/product\/podedovane-druzinske-travme\/\",\"url\":\"https:\/\/www.iskreni.net\/trgovina\/product\/podedovane-druzinske-travme\/\",\"name\":\"Podedovane dru\u017einske travme - trgovina iskreni\",\"isPartOf\":{\"@id\":\"https:\/\/www.iskreni.net\/trgovina\/#website\"},\"primaryImageOfPage\":{\"@id\":\"https:\/\/www.iskreni.net\/trgovina\/product\/podedovane-druzinske-travme\/#primaryimage\"},\"image\":{\"@id\":\"https:\/\/www.iskreni.net\/trgovina\/product\/podedovane-druzinske-travme\/#primaryimage\"},\"thumbnailUrl\":\"https:\/\/www.iskreni.net\/trgovina\/wp-content\/uploads\/2024\/06\/Slike-za-v-spletno-trgovino-74.jpg\",\"datePublished\":\"2024-06-07T07:38:08+00:00\",\"dateModified\":\"2026-02-20T11:29:56+00:00\",\"description\":\"Kako nas oblikujejo vedenjski vzorci na\u0161ih prednikov in kako jih prekinemo.\",\"breadcrumb\":{\"@id\":\"https:\/\/www.iskreni.net\/trgovina\/product\/podedovane-druzinske-travme\/#breadcrumb\"},\"inLanguage\":\"sl-SI\",\"potentialAction\":[{\"@type\":\"ReadAction\",\"target\":[\"https:\/\/www.iskreni.net\/trgovina\/product\/podedovane-druzinske-travme\/\"]}]},{\"@type\":\"ImageObject\",\"inLanguage\":\"sl-SI\",\"@id\":\"https:\/\/www.iskreni.net\/trgovina\/product\/podedovane-druzinske-travme\/#primaryimage\",\"url\":\"https:\/\/www.iskreni.net\/trgovina\/wp-content\/uploads\/2024\/06\/Slike-za-v-spletno-trgovino-74.jpg\",\"contentUrl\":\"https:\/\/www.iskreni.net\/trgovina\/wp-content\/uploads\/2024\/06\/Slike-za-v-spletno-trgovino-74.jpg\",\"width\":600,\"height\":600},{\"@type\":\"BreadcrumbList\",\"@id\":\"https:\/\/www.iskreni.net\/trgovina\/product\/podedovane-druzinske-travme\/#breadcrumb\",\"itemListElement\":[{\"@type\":\"ListItem\",\"position\":1,\"name\":\"Home\",\"item\":\"https:\/\/www.iskreni.net\/trgovina\/\"},{\"@type\":\"ListItem\",\"position\":2,\"name\":\"Trgovina\",\"item\":\"https:\/\/www.iskreni.net\/trgovina\/trgovina\/\"},{\"@type\":\"ListItem\",\"position\":3,\"name\":\"Podedovane dru\u017einske travme\"}]},{\"@type\":\"WebSite\",\"@id\":\"https:\/\/www.iskreni.net\/trgovina\/#website\",\"url\":\"https:\/\/www.iskreni.net\/trgovina\/\",\"name\":\"Zavod Iskreni\",\"description\":\"trgovina\",\"potentialAction\":[{\"@type\":\"SearchAction\",\"target\":{\"@type\":\"EntryPoint\",\"urlTemplate\":\"https:\/\/www.iskreni.net\/trgovina\/?s={search_term_string}\"},\"query-input\":{\"@type\":\"PropertyValueSpecification\",\"valueRequired\":true,\"valueName\":\"search_term_string\"}}],\"inLanguage\":\"sl-SI\"}]}<\/script>\n<!-- \/ Yoast SEO plugin. -->","yoast_head_json":{"title":"Podedovane dru\u017einske travme - trgovina iskreni","description":"Kako nas oblikujejo vedenjski vzorci na\u0161ih prednikov in kako jih prekinemo.","robots":{"index":"index","follow":"follow","max-snippet":"max-snippet:-1","max-image-preview":"max-image-preview:large","max-video-preview":"max-video-preview:-1"},"canonical":"https:\/\/www.iskreni.net\/trgovina\/product\/podedovane-druzinske-travme\/","og_locale":"sl_SI","og_type":"article","og_title":"Podedovane dru\u017einske travme","og_description":"Kako nas oblikujejo vedenjski vzorci na\u0161ih prednikov in kako jih prekinemo","og_url":"https:\/\/www.iskreni.net\/trgovina\/product\/podedovane-druzinske-travme\/","og_site_name":"Zavod Iskreni","article_modified_time":"2026-02-20T11:29:56+00:00","og_image":[{"width":600,"height":600,"url":"https:\/\/www.iskreni.net\/trgovina\/wp-content\/uploads\/2024\/06\/Slike-za-v-spletno-trgovino-74.jpg","type":"image\/jpeg"}],"twitter_card":"summary_large_image","twitter_misc":{"Est. reading time":"2 minuti"},"schema":{"@context":"https:\/\/schema.org","@graph":[{"@type":"WebPage","@id":"https:\/\/www.iskreni.net\/trgovina\/product\/podedovane-druzinske-travme\/","url":"https:\/\/www.iskreni.net\/trgovina\/product\/podedovane-druzinske-travme\/","name":"Podedovane dru\u017einske travme - trgovina iskreni","isPartOf":{"@id":"https:\/\/www.iskreni.net\/trgovina\/#website"},"primaryImageOfPage":{"@id":"https:\/\/www.iskreni.net\/trgovina\/product\/podedovane-druzinske-travme\/#primaryimage"},"image":{"@id":"https:\/\/www.iskreni.net\/trgovina\/product\/podedovane-druzinske-travme\/#primaryimage"},"thumbnailUrl":"https:\/\/www.iskreni.net\/trgovina\/wp-content\/uploads\/2024\/06\/Slike-za-v-spletno-trgovino-74.jpg","datePublished":"2024-06-07T07:38:08+00:00","dateModified":"2026-02-20T11:29:56+00:00","description":"Kako nas oblikujejo vedenjski vzorci na\u0161ih prednikov in kako jih prekinemo.","breadcrumb":{"@id":"https:\/\/www.iskreni.net\/trgovina\/product\/podedovane-druzinske-travme\/#breadcrumb"},"inLanguage":"sl-SI","potentialAction":[{"@type":"ReadAction","target":["https:\/\/www.iskreni.net\/trgovina\/product\/podedovane-druzinske-travme\/"]}]},{"@type":"ImageObject","inLanguage":"sl-SI","@id":"https:\/\/www.iskreni.net\/trgovina\/product\/podedovane-druzinske-travme\/#primaryimage","url":"https:\/\/www.iskreni.net\/trgovina\/wp-content\/uploads\/2024\/06\/Slike-za-v-spletno-trgovino-74.jpg","contentUrl":"https:\/\/www.iskreni.net\/trgovina\/wp-content\/uploads\/2024\/06\/Slike-za-v-spletno-trgovino-74.jpg","width":600,"height":600},{"@type":"BreadcrumbList","@id":"https:\/\/www.iskreni.net\/trgovina\/product\/podedovane-druzinske-travme\/#breadcrumb","itemListElement":[{"@type":"ListItem","position":1,"name":"Home","item":"https:\/\/www.iskreni.net\/trgovina\/"},{"@type":"ListItem","position":2,"name":"Trgovina","item":"https:\/\/www.iskreni.net\/trgovina\/trgovina\/"},{"@type":"ListItem","position":3,"name":"Podedovane dru\u017einske travme"}]},{"@type":"WebSite","@id":"https:\/\/www.iskreni.net\/trgovina\/#website","url":"https:\/\/www.iskreni.net\/trgovina\/","name":"Zavod Iskreni","description":"trgovina","potentialAction":[{"@type":"SearchAction","target":{"@type":"EntryPoint","urlTemplate":"https:\/\/www.iskreni.net\/trgovina\/?s={search_term_string}"},"query-input":{"@type":"PropertyValueSpecification","valueRequired":true,"valueName":"search_term_string"}}],"inLanguage":"sl-SI"}]}},"_links":{"self":[{"href":"https:\/\/www.iskreni.net\/trgovina\/wp-json\/wp\/v2\/product\/75542","targetHints":{"allow":["GET"]}}],"collection":[{"href":"https:\/\/www.iskreni.net\/trgovina\/wp-json\/wp\/v2\/product"}],"about":[{"href":"https:\/\/www.iskreni.net\/trgovina\/wp-json\/wp\/v2\/types\/product"}],"replies":[{"embeddable":true,"href":"https:\/\/www.iskreni.net\/trgovina\/wp-json\/wp\/v2\/comments?post=75542"}],"version-history":[{"count":2,"href":"https:\/\/www.iskreni.net\/trgovina\/wp-json\/wp\/v2\/product\/75542\/revisions"}],"predecessor-version":[{"id":75547,"href":"https:\/\/www.iskreni.net\/trgovina\/wp-json\/wp\/v2\/product\/75542\/revisions\/75547"}],"wp:featuredmedia":[{"embeddable":true,"href":"https:\/\/www.iskreni.net\/trgovina\/wp-json\/wp\/v2\/media\/75544"}],"wp:attachment":[{"href":"https:\/\/www.iskreni.net\/trgovina\/wp-json\/wp\/v2\/media?parent=75542"}],"wp:term":[{"taxonomy":"product_brand","embeddable":true,"href":"https:\/\/www.iskreni.net\/trgovina\/wp-json\/wp\/v2\/product_brand?post=75542"},{"taxonomy":"product_cat","embeddable":true,"href":"https:\/\/www.iskreni.net\/trgovina\/wp-json\/wp\/v2\/product_cat?post=75542"},{"taxonomy":"product_tag","embeddable":true,"href":"https:\/\/www.iskreni.net\/trgovina\/wp-json\/wp\/v2\/product_tag?post=75542"},{"taxonomy":"avtor","embeddable":true,"href":"https:\/\/www.iskreni.net\/trgovina\/wp-json\/wp\/v2\/avtor?post=75542"},{"taxonomy":"zalozba","embeddable":true,"href":"https:\/\/www.iskreni.net\/trgovina\/wp-json\/wp\/v2\/zalozba?post=75542"},{"taxonomy":"vezava","embeddable":true,"href":"https:\/\/www.iskreni.net\/trgovina\/wp-json\/wp\/v2\/vezava?post=75542"}],"curies":[{"name":"wp","href":"https:\/\/api.w.org\/{rel}","templated":true}]}}