{"id":75248,"date":"2024-05-27T15:17:11","date_gmt":"2024-05-27T13:17:11","guid":{"rendered":"https:\/\/www.iskreni.net\/trgovina\/?post_type=product&#038;p=75248"},"modified":"2024-05-27T15:27:36","modified_gmt":"2024-05-27T13:27:36","slug":"izvoljeni-pridi-in-poglej","status":"publish","type":"product","link":"https:\/\/www.iskreni.net\/trgovina\/product\/izvoljeni-pridi-in-poglej\/","title":{"rendered":"Izvoljeni: Pridi in poglej"},"content":{"rendered":"<h4>O knjigi Izvoljeni: Pridi in poglej:<\/h4>\n<p>Ko se je Jezusovo delovanje \u0161irilo, je vse ve\u010d ljudi \u017eelelo sli\u0161ati tega mo\u017ea, ki je trdil, da je Mesija; \u017eeleli so, da bi jih ozdravil. Nekateri so bili navdu\u0161eni, drugi kriti\u010dni in zadr\u017eani. Vsi pa so se po sre\u010danju z Jezusom za vedno spremenili. Spremljajte Jezusove u\u010dence, ko bodo pri\u010da \u010dude\u017enim ozdravljenjem, soo\u010denjem z verskimi oblastniki, vse ve\u010dji zaskrbljenosti med rimskimi uradniki zaradi Jezusove priljubljenosti in predvsem poosebljeni ljubezni.<\/p>\n<p>Avtor uspe\u0161nic z lestvice New York Timesa, Jerry B. Jenkins, je najbolj osupljivo zgodbo vseh \u010dasov \u2013 Jezusovo \u017eivljenje \u2013 povedal na sve\u017e in nov na\u010din.<\/p>\n<p>&nbsp;<\/p>\n<p><strong>Odlomek iz knjige:<\/strong><\/p>\n<p>\u00bbKak\u0161en smrad!\u00ab sikne mo\u017e in poka\u017ee zobe. Njegove o\u010di so divje. \u00bbVsi smrdite! Ampak huje! Po gnilobi!\u00ab<\/p>\n<p>Matej stopi naprej; v roki ima zajemalko. \u00bbNe bli\u017eaj se!\u00ab<\/p>\n<p>Mo\u017eak ga porogljivo gleda in se pribli\u017ea, ko prideta mlaj\u0161i Jakob in Natanael. Na Matejevo osuplost Marija stopi tik pred mo\u017eaka. \u010ceprav je bleda in prestra\u0161ena, mu uka\u017ee: \u00bbStoj!\u00ab<\/p>\n<p>\u00bbMarija!\u00ab krikne Matej.<\/p>\n<p>\u00bbLilit?\u00ab zaren\u010di mo\u017e.<\/p>\n<p>Spogleda se z njim. \u00bbNe sli\u0161im na to ime.\u00ab<\/p>\n<p>Obsedenec hripavo za\u0161epeta: \u00bbPovedali so mi zate.\u00ab<\/p>\n<p>\u00bbKaj res?\u00ab brezizrazno vpra\u0161a.<\/p>\n<p>\u00bbVseh sedem.\u00ab<\/p>\n<p>Premeri ga s pogledom. \u00bbIme mi je Marija. Od nekdaj sem Marija.\u00ab<\/p>\n<p>\u00bbOh,\u00ab odvrne mo\u017e in iz ust se mu kadi, kot bi bila zima, \u00bbkak\u0161ne zgodbe so pripovedovali.\u00ab Pribli\u017ea se ji in se heheta.<\/p>\n<p>\u00bbBoji\u0161 se.\u00ab<\/p>\n<p>Ne le da se Marija ne odmakne, ampak celo stopi bli\u017ee k njemu. \u00bbKako ti je ime?\u00ab<\/p>\n<p>\u00bbBelial,\u00ab odgovori, \u00bbiz Oriasovega legla, peti knez Legije.\u00ab<\/p>\n<p>Marija odkima. \u00bbKako ti je v resnici ime?\u00ab<\/p>\n<p>Mo\u017e se spa\u010di, davi in du\u0161i. \u00bbTa smrad,\u00ab pljune, \u00bbvsi smrdite!\u00ab<\/p>\n<p>\u00bbKako te je klicala mati?\u00ab<\/p>\n<p>Zgrabi se za vrat, ren\u010di in se o\u010ditno trudi odgovoriti.<\/p>\n<p>\u00bbK-Ka\u2026\u00ab Naposled neha in se nasmehne. \u00bbNe morem povedati.\u00ab Zakrohota se.<\/p>\n<p>\u00bbProsim, povej, kako ti je ime.\u00ab<\/p>\n<p>V tistem hipu plane nanjo, vendar ga zadr\u017ei Simon Gore\u010dnik, ki ga vr\u017ee na tla in izvle\u010de bodalo. \u00bbOdidi.\u00ab<\/p>\n<p>Mo\u017e se postavi na vse \u0161tiri, s te\u017eavo diha in se divje re\u017ei.<\/p>\n<p>Simon pogleda nazaj, da bi se prepri\u010dal, ali so se drugi odmaknili.<\/p>\n<p>Mo\u017eak sko\u010di na noge in napade, Simonu izbije bodalo iz rok in ga podre na tla.<\/p>\n<h4>O avtorju:<\/h4>\n<p><strong>Jerry Jenkins<\/strong> &#8211; njegov sin je re\u017eiser televizijske nadaljevanke Izvoljeni \u2013 je napisal ve\u010d kot dvesto knjig, ki so jih prodali v ve\u010d kot 72 milijonih izvodov, med njimi je enaindvajset uspe\u0161nic z lestvice New York Timesa. Znan je po svetopisemskem leposlovju, knjigah o koncu sveta (serija Left Behind) in \u0161tevilnih drugih \u017eanrih. Jerry je pomagal Billyju Grahamu napisati spomine, poleg tega je avtor \u0161tevilnih drugih \u017eivljenjepisov. Je \u010dlan Dvorane slavnih pisateljev v Koloradu in predava ustvarjalno pisanje na kr\u0161\u010danski univerzi v Koloradu. Z \u017eeno Dianno imata tri odrasle sinove.<\/p>\n","protected":false},"excerpt":{"rendered":"<p><strong>Leto izdaje:<\/strong> 2024<br \/>\n<strong>\u0160tevilo strani:<\/strong> 416<br \/>\n<strong>Mere:<\/strong> 140 x 210 mm<\/p>\n<p><a href=\"https:\/\/www.druzina.si\/storage\/app\/media\/Jo%C5%A1t\/Izvoljeni%202_vzorcne%20strani.pdf\">Prelistajte knjigo<\/a><\/p>\n","protected":false},"featured_media":75250,"comment_status":"open","ping_status":"closed","template":"","meta":[],"product_brand":[],"product_cat":[2325,63],"product_tag":[1687],"avtor":[2659],"zalozba":[2311],"vezava":[2307],"class_list":{"0":"post-75248","1":"product","2":"type-product","3":"status-publish","4":"has-post-thumbnail","6":"product_cat-leposlovje","7":"product_cat-knjige","8":"product_tag-rojstni-dan","9":"avtor-jerry-b-jenkins","10":"zalozba-druzina","11":"vezava-mehka","13":"first","14":"instock","15":"taxable","16":"shipping-taxable","17":"purchasable","18":"product-type-simple"},"yoast_head":"<!-- This site is optimized with the Yoast SEO plugin v26.3 - https:\/\/yoast.com\/wordpress\/plugins\/seo\/ -->\n<title>Izvoljeni: Pridi in poglej-iskreni<\/title>\n<meta name=\"description\" content=\"Druga knjiga o Jezusu, ki temelji na priljubljeni nadaljevanki The Chosen (Izvoljeni).\" \/>\n<meta name=\"robots\" content=\"index, follow, max-snippet:-1, max-image-preview:large, max-video-preview:-1\" \/>\n<link rel=\"canonical\" href=\"https:\/\/www.iskreni.net\/trgovina\/product\/izvoljeni-pridi-in-poglej\/\" \/>\n<meta property=\"og:locale\" content=\"sl_SI\" \/>\n<meta property=\"og:type\" content=\"article\" \/>\n<meta property=\"og:title\" content=\"Izvoljeni: Pridi in poglej\" \/>\n<meta property=\"og:description\" content=\"Druga knjiga o Jezusu, ki temelji na priljubljeni nadaljevanki The Chosen (Izvoljeni).\" \/>\n<meta property=\"og:url\" content=\"https:\/\/www.iskreni.net\/trgovina\/product\/izvoljeni-pridi-in-poglej\/\" \/>\n<meta property=\"og:site_name\" content=\"Zavod Iskreni\" \/>\n<meta property=\"article:modified_time\" content=\"2024-05-27T13:27:36+00:00\" \/>\n<meta property=\"og:image\" content=\"https:\/\/www.iskreni.net\/trgovina\/wp-content\/uploads\/2024\/05\/Slike-za-v-spletno-trgovino-53.jpg\" \/>\n\t<meta property=\"og:image:width\" content=\"600\" \/>\n\t<meta property=\"og:image:height\" content=\"600\" \/>\n\t<meta property=\"og:image:type\" content=\"image\/jpeg\" \/>\n<meta name=\"twitter:card\" content=\"summary_large_image\" \/>\n<meta name=\"twitter:label1\" content=\"Est. reading time\" \/>\n\t<meta name=\"twitter:data1\" content=\"3 minute\" \/>\n<script type=\"application\/ld+json\" class=\"yoast-schema-graph\">{\"@context\":\"https:\/\/schema.org\",\"@graph\":[{\"@type\":\"WebPage\",\"@id\":\"https:\/\/www.iskreni.net\/trgovina\/product\/izvoljeni-pridi-in-poglej\/\",\"url\":\"https:\/\/www.iskreni.net\/trgovina\/product\/izvoljeni-pridi-in-poglej\/\",\"name\":\"Izvoljeni: Pridi in poglej-iskreni\",\"isPartOf\":{\"@id\":\"https:\/\/www.iskreni.net\/trgovina\/#website\"},\"primaryImageOfPage\":{\"@id\":\"https:\/\/www.iskreni.net\/trgovina\/product\/izvoljeni-pridi-in-poglej\/#primaryimage\"},\"image\":{\"@id\":\"https:\/\/www.iskreni.net\/trgovina\/product\/izvoljeni-pridi-in-poglej\/#primaryimage\"},\"thumbnailUrl\":\"https:\/\/www.iskreni.net\/trgovina\/wp-content\/uploads\/2024\/05\/Slike-za-v-spletno-trgovino-53.jpg\",\"datePublished\":\"2024-05-27T13:17:11+00:00\",\"dateModified\":\"2024-05-27T13:27:36+00:00\",\"description\":\"Druga knjiga o Jezusu, ki temelji na priljubljeni nadaljevanki The Chosen (Izvoljeni).\",\"breadcrumb\":{\"@id\":\"https:\/\/www.iskreni.net\/trgovina\/product\/izvoljeni-pridi-in-poglej\/#breadcrumb\"},\"inLanguage\":\"sl-SI\",\"potentialAction\":[{\"@type\":\"ReadAction\",\"target\":[\"https:\/\/www.iskreni.net\/trgovina\/product\/izvoljeni-pridi-in-poglej\/\"]}]},{\"@type\":\"ImageObject\",\"inLanguage\":\"sl-SI\",\"@id\":\"https:\/\/www.iskreni.net\/trgovina\/product\/izvoljeni-pridi-in-poglej\/#primaryimage\",\"url\":\"https:\/\/www.iskreni.net\/trgovina\/wp-content\/uploads\/2024\/05\/Slike-za-v-spletno-trgovino-53.jpg\",\"contentUrl\":\"https:\/\/www.iskreni.net\/trgovina\/wp-content\/uploads\/2024\/05\/Slike-za-v-spletno-trgovino-53.jpg\",\"width\":600,\"height\":600},{\"@type\":\"BreadcrumbList\",\"@id\":\"https:\/\/www.iskreni.net\/trgovina\/product\/izvoljeni-pridi-in-poglej\/#breadcrumb\",\"itemListElement\":[{\"@type\":\"ListItem\",\"position\":1,\"name\":\"Home\",\"item\":\"https:\/\/www.iskreni.net\/trgovina\/\"},{\"@type\":\"ListItem\",\"position\":2,\"name\":\"Trgovina\",\"item\":\"https:\/\/www.iskreni.net\/trgovina\/trgovina\/\"},{\"@type\":\"ListItem\",\"position\":3,\"name\":\"Izvoljeni: Pridi in poglej\"}]},{\"@type\":\"WebSite\",\"@id\":\"https:\/\/www.iskreni.net\/trgovina\/#website\",\"url\":\"https:\/\/www.iskreni.net\/trgovina\/\",\"name\":\"Zavod Iskreni\",\"description\":\"trgovina\",\"potentialAction\":[{\"@type\":\"SearchAction\",\"target\":{\"@type\":\"EntryPoint\",\"urlTemplate\":\"https:\/\/www.iskreni.net\/trgovina\/?s={search_term_string}\"},\"query-input\":{\"@type\":\"PropertyValueSpecification\",\"valueRequired\":true,\"valueName\":\"search_term_string\"}}],\"inLanguage\":\"sl-SI\"}]}<\/script>\n<!-- \/ Yoast SEO plugin. -->","yoast_head_json":{"title":"Izvoljeni: Pridi in poglej-iskreni","description":"Druga knjiga o Jezusu, ki temelji na priljubljeni nadaljevanki The Chosen (Izvoljeni).","robots":{"index":"index","follow":"follow","max-snippet":"max-snippet:-1","max-image-preview":"max-image-preview:large","max-video-preview":"max-video-preview:-1"},"canonical":"https:\/\/www.iskreni.net\/trgovina\/product\/izvoljeni-pridi-in-poglej\/","og_locale":"sl_SI","og_type":"article","og_title":"Izvoljeni: Pridi in poglej","og_description":"Druga knjiga o Jezusu, ki temelji na priljubljeni nadaljevanki The Chosen (Izvoljeni).","og_url":"https:\/\/www.iskreni.net\/trgovina\/product\/izvoljeni-pridi-in-poglej\/","og_site_name":"Zavod Iskreni","article_modified_time":"2024-05-27T13:27:36+00:00","og_image":[{"width":600,"height":600,"url":"https:\/\/www.iskreni.net\/trgovina\/wp-content\/uploads\/2024\/05\/Slike-za-v-spletno-trgovino-53.jpg","type":"image\/jpeg"}],"twitter_card":"summary_large_image","twitter_misc":{"Est. reading time":"3 minute"},"schema":{"@context":"https:\/\/schema.org","@graph":[{"@type":"WebPage","@id":"https:\/\/www.iskreni.net\/trgovina\/product\/izvoljeni-pridi-in-poglej\/","url":"https:\/\/www.iskreni.net\/trgovina\/product\/izvoljeni-pridi-in-poglej\/","name":"Izvoljeni: Pridi in poglej-iskreni","isPartOf":{"@id":"https:\/\/www.iskreni.net\/trgovina\/#website"},"primaryImageOfPage":{"@id":"https:\/\/www.iskreni.net\/trgovina\/product\/izvoljeni-pridi-in-poglej\/#primaryimage"},"image":{"@id":"https:\/\/www.iskreni.net\/trgovina\/product\/izvoljeni-pridi-in-poglej\/#primaryimage"},"thumbnailUrl":"https:\/\/www.iskreni.net\/trgovina\/wp-content\/uploads\/2024\/05\/Slike-za-v-spletno-trgovino-53.jpg","datePublished":"2024-05-27T13:17:11+00:00","dateModified":"2024-05-27T13:27:36+00:00","description":"Druga knjiga o Jezusu, ki temelji na priljubljeni nadaljevanki The Chosen (Izvoljeni).","breadcrumb":{"@id":"https:\/\/www.iskreni.net\/trgovina\/product\/izvoljeni-pridi-in-poglej\/#breadcrumb"},"inLanguage":"sl-SI","potentialAction":[{"@type":"ReadAction","target":["https:\/\/www.iskreni.net\/trgovina\/product\/izvoljeni-pridi-in-poglej\/"]}]},{"@type":"ImageObject","inLanguage":"sl-SI","@id":"https:\/\/www.iskreni.net\/trgovina\/product\/izvoljeni-pridi-in-poglej\/#primaryimage","url":"https:\/\/www.iskreni.net\/trgovina\/wp-content\/uploads\/2024\/05\/Slike-za-v-spletno-trgovino-53.jpg","contentUrl":"https:\/\/www.iskreni.net\/trgovina\/wp-content\/uploads\/2024\/05\/Slike-za-v-spletno-trgovino-53.jpg","width":600,"height":600},{"@type":"BreadcrumbList","@id":"https:\/\/www.iskreni.net\/trgovina\/product\/izvoljeni-pridi-in-poglej\/#breadcrumb","itemListElement":[{"@type":"ListItem","position":1,"name":"Home","item":"https:\/\/www.iskreni.net\/trgovina\/"},{"@type":"ListItem","position":2,"name":"Trgovina","item":"https:\/\/www.iskreni.net\/trgovina\/trgovina\/"},{"@type":"ListItem","position":3,"name":"Izvoljeni: Pridi in poglej"}]},{"@type":"WebSite","@id":"https:\/\/www.iskreni.net\/trgovina\/#website","url":"https:\/\/www.iskreni.net\/trgovina\/","name":"Zavod Iskreni","description":"trgovina","potentialAction":[{"@type":"SearchAction","target":{"@type":"EntryPoint","urlTemplate":"https:\/\/www.iskreni.net\/trgovina\/?s={search_term_string}"},"query-input":{"@type":"PropertyValueSpecification","valueRequired":true,"valueName":"search_term_string"}}],"inLanguage":"sl-SI"}]}},"_links":{"self":[{"href":"https:\/\/www.iskreni.net\/trgovina\/wp-json\/wp\/v2\/product\/75248","targetHints":{"allow":["GET"]}}],"collection":[{"href":"https:\/\/www.iskreni.net\/trgovina\/wp-json\/wp\/v2\/product"}],"about":[{"href":"https:\/\/www.iskreni.net\/trgovina\/wp-json\/wp\/v2\/types\/product"}],"replies":[{"embeddable":true,"href":"https:\/\/www.iskreni.net\/trgovina\/wp-json\/wp\/v2\/comments?post=75248"}],"version-history":[{"count":2,"href":"https:\/\/www.iskreni.net\/trgovina\/wp-json\/wp\/v2\/product\/75248\/revisions"}],"predecessor-version":[{"id":75251,"href":"https:\/\/www.iskreni.net\/trgovina\/wp-json\/wp\/v2\/product\/75248\/revisions\/75251"}],"wp:featuredmedia":[{"embeddable":true,"href":"https:\/\/www.iskreni.net\/trgovina\/wp-json\/wp\/v2\/media\/75250"}],"wp:attachment":[{"href":"https:\/\/www.iskreni.net\/trgovina\/wp-json\/wp\/v2\/media?parent=75248"}],"wp:term":[{"taxonomy":"product_brand","embeddable":true,"href":"https:\/\/www.iskreni.net\/trgovina\/wp-json\/wp\/v2\/product_brand?post=75248"},{"taxonomy":"product_cat","embeddable":true,"href":"https:\/\/www.iskreni.net\/trgovina\/wp-json\/wp\/v2\/product_cat?post=75248"},{"taxonomy":"product_tag","embeddable":true,"href":"https:\/\/www.iskreni.net\/trgovina\/wp-json\/wp\/v2\/product_tag?post=75248"},{"taxonomy":"avtor","embeddable":true,"href":"https:\/\/www.iskreni.net\/trgovina\/wp-json\/wp\/v2\/avtor?post=75248"},{"taxonomy":"zalozba","embeddable":true,"href":"https:\/\/www.iskreni.net\/trgovina\/wp-json\/wp\/v2\/zalozba?post=75248"},{"taxonomy":"vezava","embeddable":true,"href":"https:\/\/www.iskreni.net\/trgovina\/wp-json\/wp\/v2\/vezava?post=75248"}],"curies":[{"name":"wp","href":"https:\/\/api.w.org\/{rel}","templated":true}]}}