{"id":74666,"date":"2024-04-24T08:13:23","date_gmt":"2024-04-24T06:13:23","guid":{"rendered":"https:\/\/www.iskreni.net\/trgovina\/?post_type=product&#038;p=74666"},"modified":"2024-04-26T11:20:09","modified_gmt":"2024-04-26T09:20:09","slug":"raziskava-o-svetem-pismu","status":"publish","type":"product","link":"https:\/\/www.iskreni.net\/trgovina\/product\/raziskava-o-svetem-pismu\/","title":{"rendered":"Raziskava o Svetem pismu"},"content":{"rendered":"<h4>O knjigi Raziskava o Svetem pismu:<\/h4>\n<p>V pri\u010dujo\u010di knjigi se bomo skozi Sveto pismo sprehodili s Toma\u017eem in Sofijo, ki bosta pomagala, da se bodo mladi la\u017ee zna\u0161li v njem. Knjiga je bogato ilustrirana in zaobjema tako Novo kot Staro zavezo. Kratek strip na za\u010detku vsakega poglavja je kratka popestritev sicer zahtevne tematike. Prav tako pa glavna junaka knjige, Toma\u017e in Sofija, pojasnjujeta zapletene besede na razumljiv na\u010din. Knjiga je zastavljena kot pravcata raziskava. Dvojne strani z dokumentarno vsebino pa razlagajo o \u017eivljenju v \u010dasu nastanka Svetega pisma.<\/p>\n<h4>O avtorjih:<\/h4>\n<p><strong>Fran\u00e7ois Campagnac<\/strong>, duhovnik francoske \u0161kofije Sens-Auxerre, je trenutno \u017eupnik v burgundski vasici Montr\u00e9al in dekan sedmih \u017eupnij v tamkaj\u0161njem departmaju Yonne. Kot \u0161kofijski vikar je v doma\u010di \u0161kofiji zadol\u017een za versko izobra\u017eevanje in spremljanje verskih gibanj. Je tudi duhovni spremljevalec na uradih za katehezo in katehumenat. Kot voditelj svetopisemskih skupin je napisal \u017ee ve\u010d del za otroke in mladino.<\/p>\n<p><strong>Cristophe Raimbault<\/strong>, generalni vikar francoske \u0161kofije Tours, je doktoriral iz teologije, zaklju\u010dil pa je tudi dodiplomski \u0161tudij na Francoski svetopisemski in arheolo\u0161ki \u0161oli v Jeruzalemu. Na Katoli\u0161kem in\u0161titutu v Parizu raziskuje in predava o svetem Pavlu, na Visokem in\u0161titutu za katehetsko pastoralo (ISPC) pa predava predmet Sveto pismo in kateheza. Napisal je ve\u010d knjig za otroke, mladino in odrasle.<\/p>\n<p><strong>Fabienne Py-Renaudie<\/strong> je doktorirala iz zgodovine verstev. \u0160tudirala je mladinsko knji\u017eevnost, raziskovalno pa se je posve\u010dala Svetemu pismu in svetim zgodbam za otroke, ki so bile v Franciji napisane v 19. in 20. stoletju.<\/p>\n<p>&nbsp;<\/p>\n","protected":false},"excerpt":{"rendered":"<p><strong>Leto izdaje:<\/strong> 2024<br \/>\n<strong>\u0160tevilo strani:<\/strong> 320<br \/>\n<strong>Mere:<\/strong> 190 x 260 mm<\/p>\n<p>Raziskava o Svetem pismu je nadaljevanje uspe\u0161nice Raziskava o Bogu.<\/p>\n","protected":false},"featured_media":74668,"comment_status":"open","ping_status":"closed","template":"","meta":[],"product_brand":[],"product_cat":[2350,63],"product_tag":[],"avtor":[2754,2752,2753],"zalozba":[2311],"vezava":[2306],"class_list":{"0":"post-74666","1":"product","2":"type-product","3":"status-publish","4":"has-post-thumbnail","6":"product_cat-za-mlade","7":"product_cat-knjige","8":"avtor-cristophe-raimbault","9":"avtor-fabienne-py-renaudie","10":"avtor-francois-campagnac","11":"zalozba-druzina","12":"vezava-trda","14":"first","15":"instock","16":"taxable","17":"shipping-taxable","18":"purchasable","19":"product-type-simple"},"yoast_head":"<!-- This site is optimized with the Yoast SEO plugin v26.3 - https:\/\/yoast.com\/wordpress\/plugins\/seo\/ -->\n<title>Raziskava o Svetem pismu-iskreni<\/title>\n<meta name=\"description\" content=\"Raziskava o Svetem pismu je nadaljevanje uspe\u0161nice Raziskava o Bogu. Glavna junaka z dokumentarno vsebino razlagata o \u017eivljenju v \u010dasu nastanka Svetega pisma.\" \/>\n<meta name=\"robots\" content=\"index, follow, max-snippet:-1, max-image-preview:large, max-video-preview:-1\" \/>\n<link rel=\"canonical\" href=\"https:\/\/www.iskreni.net\/trgovina\/product\/raziskava-o-svetem-pismu\/\" \/>\n<meta property=\"og:locale\" content=\"sl_SI\" \/>\n<meta property=\"og:type\" content=\"article\" \/>\n<meta property=\"og:title\" content=\"Raziskava o Svetem pismu\" \/>\n<meta property=\"og:description\" content=\"Raziskava o Svetem pismu je nadaljevanje uspe\u0161nice Raziskava o Bogu.\" \/>\n<meta property=\"og:url\" content=\"https:\/\/www.iskreni.net\/trgovina\/product\/raziskava-o-svetem-pismu\/\" \/>\n<meta property=\"og:site_name\" content=\"Zavod Iskreni\" \/>\n<meta property=\"article:modified_time\" content=\"2024-04-26T09:20:09+00:00\" \/>\n<meta property=\"og:image\" content=\"https:\/\/www.iskreni.net\/trgovina\/wp-content\/uploads\/2024\/04\/Slike-za-v-spletno-trgovino-29.jpg\" \/>\n\t<meta property=\"og:image:width\" content=\"600\" \/>\n\t<meta property=\"og:image:height\" content=\"600\" \/>\n\t<meta property=\"og:image:type\" content=\"image\/jpeg\" \/>\n<meta name=\"twitter:card\" content=\"summary_large_image\" \/>\n<meta name=\"twitter:label1\" content=\"Est. reading time\" \/>\n\t<meta name=\"twitter:data1\" content=\"2 minuti\" \/>\n<script type=\"application\/ld+json\" class=\"yoast-schema-graph\">{\"@context\":\"https:\/\/schema.org\",\"@graph\":[{\"@type\":\"WebPage\",\"@id\":\"https:\/\/www.iskreni.net\/trgovina\/product\/raziskava-o-svetem-pismu\/\",\"url\":\"https:\/\/www.iskreni.net\/trgovina\/product\/raziskava-o-svetem-pismu\/\",\"name\":\"Raziskava o Svetem pismu-iskreni\",\"isPartOf\":{\"@id\":\"https:\/\/www.iskreni.net\/trgovina\/#website\"},\"primaryImageOfPage\":{\"@id\":\"https:\/\/www.iskreni.net\/trgovina\/product\/raziskava-o-svetem-pismu\/#primaryimage\"},\"image\":{\"@id\":\"https:\/\/www.iskreni.net\/trgovina\/product\/raziskava-o-svetem-pismu\/#primaryimage\"},\"thumbnailUrl\":\"https:\/\/www.iskreni.net\/trgovina\/wp-content\/uploads\/2024\/04\/Slike-za-v-spletno-trgovino-29.jpg\",\"datePublished\":\"2024-04-24T06:13:23+00:00\",\"dateModified\":\"2024-04-26T09:20:09+00:00\",\"description\":\"Raziskava o Svetem pismu je nadaljevanje uspe\u0161nice Raziskava o Bogu. Glavna junaka z dokumentarno vsebino razlagata o \u017eivljenju v \u010dasu nastanka Svetega pisma.\",\"breadcrumb\":{\"@id\":\"https:\/\/www.iskreni.net\/trgovina\/product\/raziskava-o-svetem-pismu\/#breadcrumb\"},\"inLanguage\":\"sl-SI\",\"potentialAction\":[{\"@type\":\"ReadAction\",\"target\":[\"https:\/\/www.iskreni.net\/trgovina\/product\/raziskava-o-svetem-pismu\/\"]}]},{\"@type\":\"ImageObject\",\"inLanguage\":\"sl-SI\",\"@id\":\"https:\/\/www.iskreni.net\/trgovina\/product\/raziskava-o-svetem-pismu\/#primaryimage\",\"url\":\"https:\/\/www.iskreni.net\/trgovina\/wp-content\/uploads\/2024\/04\/Slike-za-v-spletno-trgovino-29.jpg\",\"contentUrl\":\"https:\/\/www.iskreni.net\/trgovina\/wp-content\/uploads\/2024\/04\/Slike-za-v-spletno-trgovino-29.jpg\",\"width\":600,\"height\":600},{\"@type\":\"BreadcrumbList\",\"@id\":\"https:\/\/www.iskreni.net\/trgovina\/product\/raziskava-o-svetem-pismu\/#breadcrumb\",\"itemListElement\":[{\"@type\":\"ListItem\",\"position\":1,\"name\":\"Home\",\"item\":\"https:\/\/www.iskreni.net\/trgovina\/\"},{\"@type\":\"ListItem\",\"position\":2,\"name\":\"Trgovina\",\"item\":\"https:\/\/www.iskreni.net\/trgovina\/trgovina\/\"},{\"@type\":\"ListItem\",\"position\":3,\"name\":\"Raziskava o Svetem pismu\"}]},{\"@type\":\"WebSite\",\"@id\":\"https:\/\/www.iskreni.net\/trgovina\/#website\",\"url\":\"https:\/\/www.iskreni.net\/trgovina\/\",\"name\":\"Zavod Iskreni\",\"description\":\"trgovina\",\"potentialAction\":[{\"@type\":\"SearchAction\",\"target\":{\"@type\":\"EntryPoint\",\"urlTemplate\":\"https:\/\/www.iskreni.net\/trgovina\/?s={search_term_string}\"},\"query-input\":{\"@type\":\"PropertyValueSpecification\",\"valueRequired\":true,\"valueName\":\"search_term_string\"}}],\"inLanguage\":\"sl-SI\"}]}<\/script>\n<!-- \/ Yoast SEO plugin. -->","yoast_head_json":{"title":"Raziskava o Svetem pismu-iskreni","description":"Raziskava o Svetem pismu je nadaljevanje uspe\u0161nice Raziskava o Bogu. Glavna junaka z dokumentarno vsebino razlagata o \u017eivljenju v \u010dasu nastanka Svetega pisma.","robots":{"index":"index","follow":"follow","max-snippet":"max-snippet:-1","max-image-preview":"max-image-preview:large","max-video-preview":"max-video-preview:-1"},"canonical":"https:\/\/www.iskreni.net\/trgovina\/product\/raziskava-o-svetem-pismu\/","og_locale":"sl_SI","og_type":"article","og_title":"Raziskava o Svetem pismu","og_description":"Raziskava o Svetem pismu je nadaljevanje uspe\u0161nice Raziskava o Bogu.","og_url":"https:\/\/www.iskreni.net\/trgovina\/product\/raziskava-o-svetem-pismu\/","og_site_name":"Zavod Iskreni","article_modified_time":"2024-04-26T09:20:09+00:00","og_image":[{"width":600,"height":600,"url":"https:\/\/www.iskreni.net\/trgovina\/wp-content\/uploads\/2024\/04\/Slike-za-v-spletno-trgovino-29.jpg","type":"image\/jpeg"}],"twitter_card":"summary_large_image","twitter_misc":{"Est. reading time":"2 minuti"},"schema":{"@context":"https:\/\/schema.org","@graph":[{"@type":"WebPage","@id":"https:\/\/www.iskreni.net\/trgovina\/product\/raziskava-o-svetem-pismu\/","url":"https:\/\/www.iskreni.net\/trgovina\/product\/raziskava-o-svetem-pismu\/","name":"Raziskava o Svetem pismu-iskreni","isPartOf":{"@id":"https:\/\/www.iskreni.net\/trgovina\/#website"},"primaryImageOfPage":{"@id":"https:\/\/www.iskreni.net\/trgovina\/product\/raziskava-o-svetem-pismu\/#primaryimage"},"image":{"@id":"https:\/\/www.iskreni.net\/trgovina\/product\/raziskava-o-svetem-pismu\/#primaryimage"},"thumbnailUrl":"https:\/\/www.iskreni.net\/trgovina\/wp-content\/uploads\/2024\/04\/Slike-za-v-spletno-trgovino-29.jpg","datePublished":"2024-04-24T06:13:23+00:00","dateModified":"2024-04-26T09:20:09+00:00","description":"Raziskava o Svetem pismu je nadaljevanje uspe\u0161nice Raziskava o Bogu. Glavna junaka z dokumentarno vsebino razlagata o \u017eivljenju v \u010dasu nastanka Svetega pisma.","breadcrumb":{"@id":"https:\/\/www.iskreni.net\/trgovina\/product\/raziskava-o-svetem-pismu\/#breadcrumb"},"inLanguage":"sl-SI","potentialAction":[{"@type":"ReadAction","target":["https:\/\/www.iskreni.net\/trgovina\/product\/raziskava-o-svetem-pismu\/"]}]},{"@type":"ImageObject","inLanguage":"sl-SI","@id":"https:\/\/www.iskreni.net\/trgovina\/product\/raziskava-o-svetem-pismu\/#primaryimage","url":"https:\/\/www.iskreni.net\/trgovina\/wp-content\/uploads\/2024\/04\/Slike-za-v-spletno-trgovino-29.jpg","contentUrl":"https:\/\/www.iskreni.net\/trgovina\/wp-content\/uploads\/2024\/04\/Slike-za-v-spletno-trgovino-29.jpg","width":600,"height":600},{"@type":"BreadcrumbList","@id":"https:\/\/www.iskreni.net\/trgovina\/product\/raziskava-o-svetem-pismu\/#breadcrumb","itemListElement":[{"@type":"ListItem","position":1,"name":"Home","item":"https:\/\/www.iskreni.net\/trgovina\/"},{"@type":"ListItem","position":2,"name":"Trgovina","item":"https:\/\/www.iskreni.net\/trgovina\/trgovina\/"},{"@type":"ListItem","position":3,"name":"Raziskava o Svetem pismu"}]},{"@type":"WebSite","@id":"https:\/\/www.iskreni.net\/trgovina\/#website","url":"https:\/\/www.iskreni.net\/trgovina\/","name":"Zavod Iskreni","description":"trgovina","potentialAction":[{"@type":"SearchAction","target":{"@type":"EntryPoint","urlTemplate":"https:\/\/www.iskreni.net\/trgovina\/?s={search_term_string}"},"query-input":{"@type":"PropertyValueSpecification","valueRequired":true,"valueName":"search_term_string"}}],"inLanguage":"sl-SI"}]}},"_links":{"self":[{"href":"https:\/\/www.iskreni.net\/trgovina\/wp-json\/wp\/v2\/product\/74666","targetHints":{"allow":["GET"]}}],"collection":[{"href":"https:\/\/www.iskreni.net\/trgovina\/wp-json\/wp\/v2\/product"}],"about":[{"href":"https:\/\/www.iskreni.net\/trgovina\/wp-json\/wp\/v2\/types\/product"}],"replies":[{"embeddable":true,"href":"https:\/\/www.iskreni.net\/trgovina\/wp-json\/wp\/v2\/comments?post=74666"}],"version-history":[{"count":2,"href":"https:\/\/www.iskreni.net\/trgovina\/wp-json\/wp\/v2\/product\/74666\/revisions"}],"predecessor-version":[{"id":74670,"href":"https:\/\/www.iskreni.net\/trgovina\/wp-json\/wp\/v2\/product\/74666\/revisions\/74670"}],"wp:featuredmedia":[{"embeddable":true,"href":"https:\/\/www.iskreni.net\/trgovina\/wp-json\/wp\/v2\/media\/74668"}],"wp:attachment":[{"href":"https:\/\/www.iskreni.net\/trgovina\/wp-json\/wp\/v2\/media?parent=74666"}],"wp:term":[{"taxonomy":"product_brand","embeddable":true,"href":"https:\/\/www.iskreni.net\/trgovina\/wp-json\/wp\/v2\/product_brand?post=74666"},{"taxonomy":"product_cat","embeddable":true,"href":"https:\/\/www.iskreni.net\/trgovina\/wp-json\/wp\/v2\/product_cat?post=74666"},{"taxonomy":"product_tag","embeddable":true,"href":"https:\/\/www.iskreni.net\/trgovina\/wp-json\/wp\/v2\/product_tag?post=74666"},{"taxonomy":"avtor","embeddable":true,"href":"https:\/\/www.iskreni.net\/trgovina\/wp-json\/wp\/v2\/avtor?post=74666"},{"taxonomy":"zalozba","embeddable":true,"href":"https:\/\/www.iskreni.net\/trgovina\/wp-json\/wp\/v2\/zalozba?post=74666"},{"taxonomy":"vezava","embeddable":true,"href":"https:\/\/www.iskreni.net\/trgovina\/wp-json\/wp\/v2\/vezava?post=74666"}],"curies":[{"name":"wp","href":"https:\/\/api.w.org\/{rel}","templated":true}]}}