{"id":74661,"date":"2024-04-24T08:02:19","date_gmt":"2024-04-24T06:02:19","guid":{"rendered":"https:\/\/www.iskreni.net\/trgovina\/?post_type=product&#038;p=74661"},"modified":"2024-04-26T11:18:53","modified_gmt":"2024-04-26T09:18:53","slug":"prirocnik-za-popolnega-animatorja","status":"publish","type":"product","link":"https:\/\/www.iskreni.net\/trgovina\/product\/prirocnik-za-popolnega-animatorja\/","title":{"rendered":"Priro\u010dnik za popolnega animatorja"},"content":{"rendered":"<h4>O knjigi Priro\u010dnik za popolnega animatorja:<\/h4>\n<p>Dobra volja ni dovolj za dobrega oratorijskega animatorja. \u010ce vam primanjkuje odgovornosti, ustvarjalnosti in znanja, se \u017ee na za\u010detku lahko zatakne in navdu\u0161enje hitro splahni. Po svojih najbolj\u0161ih mo\u010deh morajo animatorji izpolniti dol\u017enost do dru\u017ein, ki svoje otroke zaupajo \u017eupnijskemu oratoriju.<\/p>\n<p>Priljubljeni italijanski duhovnik in pisatelj pospremi poslanstvo animatorjev z 10 prakti\u010dnimi nasveti, ki jih obogati s humorjem in konkretnimi primeri. Knjiga spodbuja samostojno branje in skupinsko meditacijo va\u0161e \u017eupnijske ekipe.<\/p>\n<p>Od preprostega plakata do organizacije molitvenega sre\u010danja \u2026<\/p>\n<h4>O avtorju:<\/h4>\n<p>Diego Goso je duhovnik italijanske \u0161kofije Ventimiglia-Sanremo in vodja tamkaj\u0161njega urada za komunikacijo. Je tudi priljubljen predavatelj in pisatelj; zlasti pri Effat\u00e0 Editrice je izdal ve\u010d knjig za otroke in odrasle, v glavnem s podro\u010dja kateheze. Pri Zalo\u017ebi Dru\u017eina so \u017ee izdali prevod njegovega Priro\u010dnika za popolnega ministranta (2020).<\/p>\n<p>&nbsp;<\/p>\n","protected":false},"excerpt":{"rendered":"<p><strong>Leto izdaje:<\/strong> 2024<br \/>\n<strong>\u0160tevilo strani:<\/strong> 112<\/p>\n<p>10 prakti\u010dnih nasvetov za oblikovanje odli\u010dnih oratorijskih animatorjev.<\/p>\n<p>&nbsp;<\/p>\n","protected":false},"featured_media":74663,"comment_status":"open","ping_status":"closed","template":"","meta":[],"product_brand":[],"product_cat":[2350,63],"product_tag":[],"avtor":[2746],"zalozba":[2311],"vezava":[2307],"class_list":{"0":"post-74661","1":"product","2":"type-product","3":"status-publish","4":"has-post-thumbnail","6":"product_cat-za-mlade","7":"product_cat-knjige","8":"avtor-diego-goso","9":"zalozba-druzina","10":"vezava-mehka","12":"first","13":"instock","14":"taxable","15":"shipping-taxable","16":"purchasable","17":"product-type-simple"},"yoast_head":"<!-- This site is optimized with the Yoast SEO plugin v26.3 - https:\/\/yoast.com\/wordpress\/plugins\/seo\/ -->\n<title>Priro\u010dnik za popolnega animatorja-iskreni<\/title>\n<meta name=\"description\" content=\"10 prakti\u010dnih nasvetov za oblikovanje odli\u010dnih oratorijskih animatorjev. Knjiga spodbuja samostojno branje in skupinsko meditacijo va\u0161e \u017eupnijske ekipe.\" \/>\n<meta name=\"robots\" content=\"index, follow, max-snippet:-1, max-image-preview:large, max-video-preview:-1\" \/>\n<link rel=\"canonical\" href=\"https:\/\/www.iskreni.net\/trgovina\/product\/prirocnik-za-popolnega-animatorja\/\" \/>\n<meta property=\"og:locale\" content=\"sl_SI\" \/>\n<meta property=\"og:type\" content=\"article\" \/>\n<meta property=\"og:title\" content=\"Priro\u010dnik za popolnega animatorja\" \/>\n<meta property=\"og:description\" content=\"10 prakti\u010dnih nasvetov za oblikovanje odli\u010dnih oratorijskih animatorjev.\" \/>\n<meta property=\"og:url\" content=\"https:\/\/www.iskreni.net\/trgovina\/product\/prirocnik-za-popolnega-animatorja\/\" \/>\n<meta property=\"og:site_name\" content=\"Zavod Iskreni\" \/>\n<meta property=\"article:modified_time\" content=\"2024-04-26T09:18:53+00:00\" \/>\n<meta property=\"og:image\" content=\"https:\/\/www.iskreni.net\/trgovina\/wp-content\/uploads\/2024\/04\/Slike-za-v-spletno-trgovino-28.jpg\" \/>\n\t<meta property=\"og:image:width\" content=\"600\" \/>\n\t<meta property=\"og:image:height\" content=\"600\" \/>\n\t<meta property=\"og:image:type\" content=\"image\/jpeg\" \/>\n<meta name=\"twitter:card\" content=\"summary_large_image\" \/>\n<meta name=\"twitter:label1\" content=\"Est. reading time\" \/>\n\t<meta name=\"twitter:data1\" content=\"1 minuta\" \/>\n<script type=\"application\/ld+json\" class=\"yoast-schema-graph\">{\"@context\":\"https:\/\/schema.org\",\"@graph\":[{\"@type\":\"WebPage\",\"@id\":\"https:\/\/www.iskreni.net\/trgovina\/product\/prirocnik-za-popolnega-animatorja\/\",\"url\":\"https:\/\/www.iskreni.net\/trgovina\/product\/prirocnik-za-popolnega-animatorja\/\",\"name\":\"Priro\u010dnik za popolnega animatorja-iskreni\",\"isPartOf\":{\"@id\":\"https:\/\/www.iskreni.net\/trgovina\/#website\"},\"primaryImageOfPage\":{\"@id\":\"https:\/\/www.iskreni.net\/trgovina\/product\/prirocnik-za-popolnega-animatorja\/#primaryimage\"},\"image\":{\"@id\":\"https:\/\/www.iskreni.net\/trgovina\/product\/prirocnik-za-popolnega-animatorja\/#primaryimage\"},\"thumbnailUrl\":\"https:\/\/www.iskreni.net\/trgovina\/wp-content\/uploads\/2024\/04\/Slike-za-v-spletno-trgovino-28.jpg\",\"datePublished\":\"2024-04-24T06:02:19+00:00\",\"dateModified\":\"2024-04-26T09:18:53+00:00\",\"description\":\"10 prakti\u010dnih nasvetov za oblikovanje odli\u010dnih oratorijskih animatorjev. Knjiga spodbuja samostojno branje in skupinsko meditacijo va\u0161e \u017eupnijske ekipe.\",\"breadcrumb\":{\"@id\":\"https:\/\/www.iskreni.net\/trgovina\/product\/prirocnik-za-popolnega-animatorja\/#breadcrumb\"},\"inLanguage\":\"sl-SI\",\"potentialAction\":[{\"@type\":\"ReadAction\",\"target\":[\"https:\/\/www.iskreni.net\/trgovina\/product\/prirocnik-za-popolnega-animatorja\/\"]}]},{\"@type\":\"ImageObject\",\"inLanguage\":\"sl-SI\",\"@id\":\"https:\/\/www.iskreni.net\/trgovina\/product\/prirocnik-za-popolnega-animatorja\/#primaryimage\",\"url\":\"https:\/\/www.iskreni.net\/trgovina\/wp-content\/uploads\/2024\/04\/Slike-za-v-spletno-trgovino-28.jpg\",\"contentUrl\":\"https:\/\/www.iskreni.net\/trgovina\/wp-content\/uploads\/2024\/04\/Slike-za-v-spletno-trgovino-28.jpg\",\"width\":600,\"height\":600},{\"@type\":\"BreadcrumbList\",\"@id\":\"https:\/\/www.iskreni.net\/trgovina\/product\/prirocnik-za-popolnega-animatorja\/#breadcrumb\",\"itemListElement\":[{\"@type\":\"ListItem\",\"position\":1,\"name\":\"Home\",\"item\":\"https:\/\/www.iskreni.net\/trgovina\/\"},{\"@type\":\"ListItem\",\"position\":2,\"name\":\"Trgovina\",\"item\":\"https:\/\/www.iskreni.net\/trgovina\/trgovina\/\"},{\"@type\":\"ListItem\",\"position\":3,\"name\":\"Priro\u010dnik za popolnega animatorja\"}]},{\"@type\":\"WebSite\",\"@id\":\"https:\/\/www.iskreni.net\/trgovina\/#website\",\"url\":\"https:\/\/www.iskreni.net\/trgovina\/\",\"name\":\"Zavod Iskreni\",\"description\":\"trgovina\",\"potentialAction\":[{\"@type\":\"SearchAction\",\"target\":{\"@type\":\"EntryPoint\",\"urlTemplate\":\"https:\/\/www.iskreni.net\/trgovina\/?s={search_term_string}\"},\"query-input\":{\"@type\":\"PropertyValueSpecification\",\"valueRequired\":true,\"valueName\":\"search_term_string\"}}],\"inLanguage\":\"sl-SI\"}]}<\/script>\n<!-- \/ Yoast SEO plugin. -->","yoast_head_json":{"title":"Priro\u010dnik za popolnega animatorja-iskreni","description":"10 prakti\u010dnih nasvetov za oblikovanje odli\u010dnih oratorijskih animatorjev. Knjiga spodbuja samostojno branje in skupinsko meditacijo va\u0161e \u017eupnijske ekipe.","robots":{"index":"index","follow":"follow","max-snippet":"max-snippet:-1","max-image-preview":"max-image-preview:large","max-video-preview":"max-video-preview:-1"},"canonical":"https:\/\/www.iskreni.net\/trgovina\/product\/prirocnik-za-popolnega-animatorja\/","og_locale":"sl_SI","og_type":"article","og_title":"Priro\u010dnik za popolnega animatorja","og_description":"10 prakti\u010dnih nasvetov za oblikovanje odli\u010dnih oratorijskih animatorjev.","og_url":"https:\/\/www.iskreni.net\/trgovina\/product\/prirocnik-za-popolnega-animatorja\/","og_site_name":"Zavod Iskreni","article_modified_time":"2024-04-26T09:18:53+00:00","og_image":[{"width":600,"height":600,"url":"https:\/\/www.iskreni.net\/trgovina\/wp-content\/uploads\/2024\/04\/Slike-za-v-spletno-trgovino-28.jpg","type":"image\/jpeg"}],"twitter_card":"summary_large_image","twitter_misc":{"Est. reading time":"1 minuta"},"schema":{"@context":"https:\/\/schema.org","@graph":[{"@type":"WebPage","@id":"https:\/\/www.iskreni.net\/trgovina\/product\/prirocnik-za-popolnega-animatorja\/","url":"https:\/\/www.iskreni.net\/trgovina\/product\/prirocnik-za-popolnega-animatorja\/","name":"Priro\u010dnik za popolnega animatorja-iskreni","isPartOf":{"@id":"https:\/\/www.iskreni.net\/trgovina\/#website"},"primaryImageOfPage":{"@id":"https:\/\/www.iskreni.net\/trgovina\/product\/prirocnik-za-popolnega-animatorja\/#primaryimage"},"image":{"@id":"https:\/\/www.iskreni.net\/trgovina\/product\/prirocnik-za-popolnega-animatorja\/#primaryimage"},"thumbnailUrl":"https:\/\/www.iskreni.net\/trgovina\/wp-content\/uploads\/2024\/04\/Slike-za-v-spletno-trgovino-28.jpg","datePublished":"2024-04-24T06:02:19+00:00","dateModified":"2024-04-26T09:18:53+00:00","description":"10 prakti\u010dnih nasvetov za oblikovanje odli\u010dnih oratorijskih animatorjev. Knjiga spodbuja samostojno branje in skupinsko meditacijo va\u0161e \u017eupnijske ekipe.","breadcrumb":{"@id":"https:\/\/www.iskreni.net\/trgovina\/product\/prirocnik-za-popolnega-animatorja\/#breadcrumb"},"inLanguage":"sl-SI","potentialAction":[{"@type":"ReadAction","target":["https:\/\/www.iskreni.net\/trgovina\/product\/prirocnik-za-popolnega-animatorja\/"]}]},{"@type":"ImageObject","inLanguage":"sl-SI","@id":"https:\/\/www.iskreni.net\/trgovina\/product\/prirocnik-za-popolnega-animatorja\/#primaryimage","url":"https:\/\/www.iskreni.net\/trgovina\/wp-content\/uploads\/2024\/04\/Slike-za-v-spletno-trgovino-28.jpg","contentUrl":"https:\/\/www.iskreni.net\/trgovina\/wp-content\/uploads\/2024\/04\/Slike-za-v-spletno-trgovino-28.jpg","width":600,"height":600},{"@type":"BreadcrumbList","@id":"https:\/\/www.iskreni.net\/trgovina\/product\/prirocnik-za-popolnega-animatorja\/#breadcrumb","itemListElement":[{"@type":"ListItem","position":1,"name":"Home","item":"https:\/\/www.iskreni.net\/trgovina\/"},{"@type":"ListItem","position":2,"name":"Trgovina","item":"https:\/\/www.iskreni.net\/trgovina\/trgovina\/"},{"@type":"ListItem","position":3,"name":"Priro\u010dnik za popolnega animatorja"}]},{"@type":"WebSite","@id":"https:\/\/www.iskreni.net\/trgovina\/#website","url":"https:\/\/www.iskreni.net\/trgovina\/","name":"Zavod Iskreni","description":"trgovina","potentialAction":[{"@type":"SearchAction","target":{"@type":"EntryPoint","urlTemplate":"https:\/\/www.iskreni.net\/trgovina\/?s={search_term_string}"},"query-input":{"@type":"PropertyValueSpecification","valueRequired":true,"valueName":"search_term_string"}}],"inLanguage":"sl-SI"}]}},"_links":{"self":[{"href":"https:\/\/www.iskreni.net\/trgovina\/wp-json\/wp\/v2\/product\/74661","targetHints":{"allow":["GET"]}}],"collection":[{"href":"https:\/\/www.iskreni.net\/trgovina\/wp-json\/wp\/v2\/product"}],"about":[{"href":"https:\/\/www.iskreni.net\/trgovina\/wp-json\/wp\/v2\/types\/product"}],"replies":[{"embeddable":true,"href":"https:\/\/www.iskreni.net\/trgovina\/wp-json\/wp\/v2\/comments?post=74661"}],"version-history":[{"count":4,"href":"https:\/\/www.iskreni.net\/trgovina\/wp-json\/wp\/v2\/product\/74661\/revisions"}],"predecessor-version":[{"id":74691,"href":"https:\/\/www.iskreni.net\/trgovina\/wp-json\/wp\/v2\/product\/74661\/revisions\/74691"}],"wp:featuredmedia":[{"embeddable":true,"href":"https:\/\/www.iskreni.net\/trgovina\/wp-json\/wp\/v2\/media\/74663"}],"wp:attachment":[{"href":"https:\/\/www.iskreni.net\/trgovina\/wp-json\/wp\/v2\/media?parent=74661"}],"wp:term":[{"taxonomy":"product_brand","embeddable":true,"href":"https:\/\/www.iskreni.net\/trgovina\/wp-json\/wp\/v2\/product_brand?post=74661"},{"taxonomy":"product_cat","embeddable":true,"href":"https:\/\/www.iskreni.net\/trgovina\/wp-json\/wp\/v2\/product_cat?post=74661"},{"taxonomy":"product_tag","embeddable":true,"href":"https:\/\/www.iskreni.net\/trgovina\/wp-json\/wp\/v2\/product_tag?post=74661"},{"taxonomy":"avtor","embeddable":true,"href":"https:\/\/www.iskreni.net\/trgovina\/wp-json\/wp\/v2\/avtor?post=74661"},{"taxonomy":"zalozba","embeddable":true,"href":"https:\/\/www.iskreni.net\/trgovina\/wp-json\/wp\/v2\/zalozba?post=74661"},{"taxonomy":"vezava","embeddable":true,"href":"https:\/\/www.iskreni.net\/trgovina\/wp-json\/wp\/v2\/vezava?post=74661"}],"curies":[{"name":"wp","href":"https:\/\/api.w.org\/{rel}","templated":true}]}}