{"id":73007,"date":"2024-02-16T09:38:44","date_gmt":"2024-02-16T08:38:44","guid":{"rendered":"https:\/\/www.iskreni.net\/trgovina\/?post_type=product&#038;p=73007"},"modified":"2024-03-01T13:32:58","modified_gmt":"2024-03-01T12:32:58","slug":"arvo-part-iz-tisine","status":"publish","type":"product","link":"https:\/\/www.iskreni.net\/trgovina\/product\/arvo-part-iz-tisine\/","title":{"rendered":"Arvo P\u00e4rt: Iz ti\u0161ine"},"content":{"rendered":"<h4>O knjigi Arvo P\u00e4rt: Iz ti\u0161ine:<\/h4>\n<p>Rodil se je 11. septembra v Estoniji. P\u00e4rt je skozi svojo glasbeno kariero izoblikoval prepoznaven minimalisti\u010den slog, za katerega je zna\u010dilna kompozicijska tehnika tintinnabuli, ki jo je izumil sam. P\u00e4rt se v veliki meri navdihuje pri gregorijanskih koralih in pravoslavnih bogoslu\u017enih spevih. Njegova glasba in ustvarjalnost sta odmev globoko ukoreninjene duhovnosti in vere.<\/p>\n<p>P\u00e4rt je bil od leta 2011 do 2018 najve\u010dkrat izvajani \u017eive\u010di skladatelj na svetu. Njegova najznamenitej\u0161a dela so:\u00a0<em>F\u00fcr Alina<\/em>,\u00a0<em>Spiegel im Spiegel<\/em>\u00a0in\u00a0<em>Silvanova pese<\/em>m.<\/p>\n<p><em>Knji\u017eno delo je iz\u0161lo v okviru knji\u017enega programa, ki ga sofinancira Javna agencija za knjigo Republike Slovenije.<\/em><\/p>\n<h4>O avtorju:<\/h4>\n<p>&nbsp;<\/p>\n<h4><strong>Odlomek iz knjige:<\/strong><\/h4>\n<p>\u00bbGlasba je moja prijateljica: vselej razumevajo\u010da, so\u010dutna, odpu\u0161\u010dajo\u010da.<\/p>\n<p>Tola\u017enica je, robec, ki osu\u0161i moje solze \u017ealosti, vir mojih solza radosti, moja osvoboditev in beg. Pa tudi bole\u010di trn v mojem telesu in du\u0161i, ki me strezni in u\u010di poni\u017enosti.<\/p>\n<p>Ko pi\u0161e\u0161 glasbo, bodi kot bera\u010d \u2013 kar koli, kakor koli in kadar koli Bog da.<\/p>\n<p>Ne bi smeli \u017ealovati, ker pi\u0161emo malo ali slabo, ampak ker malo in slabo in mla\u010dno molimo in ker \u017eivimo napa\u010dno.<\/p>\n<p>Merilo mora biti vsepovsod in samo poni\u017enost.\u00ab<\/p>\n","protected":false},"excerpt":{"rendered":"<p><strong>Leto izdaje:<\/strong> 2024<br \/>\n<strong>\u0160tevilo strani:<\/strong> 256<br \/>\n<strong>Mere:<\/strong> 140 x 100 mm<\/p>\n","protected":false},"featured_media":73008,"comment_status":"open","ping_status":"closed","template":"","meta":[],"product_brand":[],"product_cat":[2325,63],"product_tag":[2070],"avtor":[2734],"zalozba":[2311],"vezava":[2306],"class_list":{"0":"post-73007","1":"product","2":"type-product","3":"status-publish","4":"has-post-thumbnail","6":"product_cat-leposlovje","7":"product_cat-knjige","8":"product_tag-zgodovina","9":"avtor-peter-c-bouteneff","10":"zalozba-druzina","11":"vezava-trda","13":"first","14":"instock","15":"taxable","16":"shipping-taxable","17":"purchasable","18":"product-type-simple"},"yoast_head":"<!-- This site is optimized with the Yoast SEO plugin v26.3 - https:\/\/yoast.com\/wordpress\/plugins\/seo\/ -->\n<title>Arvo P\u00e4rt: Iz ti\u0161ine - trgovina Iskreni<\/title>\n<meta name=\"description\" content=\"Arvo P\u00e4rt je prvi estonski skladatelj, ki do\u017eivlja veliko mednarodno priznanje. Njegova glasba je fenomen, ki ga mnogi opisujejo kot duhovni mir.\" \/>\n<meta name=\"robots\" content=\"index, follow, max-snippet:-1, max-image-preview:large, max-video-preview:-1\" \/>\n<link rel=\"canonical\" href=\"https:\/\/www.iskreni.net\/trgovina\/product\/arvo-part-iz-tisine\/\" \/>\n<meta property=\"og:locale\" content=\"sl_SI\" \/>\n<meta property=\"og:type\" content=\"article\" \/>\n<meta property=\"og:title\" content=\"Arvo P\u00e4rt: Iz ti\u0161ine\" \/>\n<meta property=\"og:description\" content=\"Arvo P\u00e4rt je prvi estonski skladatelj, ki do\u017eivlja veliko mednarodno priznanje. Njegova glasba je fenomen, ki ga mnogi opisujejo kot duhovni mir.\" \/>\n<meta property=\"og:url\" content=\"https:\/\/www.iskreni.net\/trgovina\/product\/arvo-part-iz-tisine\/\" \/>\n<meta property=\"og:site_name\" content=\"Zavod Iskreni\" \/>\n<meta property=\"article:modified_time\" content=\"2024-03-01T12:32:58+00:00\" \/>\n<meta property=\"og:image\" content=\"https:\/\/www.iskreni.net\/trgovina\/wp-content\/uploads\/2024\/01\/Slike-za-v-spletno-trgovino-56.jpg\" \/>\n\t<meta property=\"og:image:width\" content=\"600\" \/>\n\t<meta property=\"og:image:height\" content=\"600\" \/>\n\t<meta property=\"og:image:type\" content=\"image\/jpeg\" \/>\n<meta name=\"twitter:card\" content=\"summary_large_image\" \/>\n<meta name=\"twitter:label1\" content=\"Est. reading time\" \/>\n\t<meta name=\"twitter:data1\" content=\"2 minuti\" \/>\n<script type=\"application\/ld+json\" class=\"yoast-schema-graph\">{\"@context\":\"https:\/\/schema.org\",\"@graph\":[{\"@type\":\"WebPage\",\"@id\":\"https:\/\/www.iskreni.net\/trgovina\/product\/arvo-part-iz-tisine\/\",\"url\":\"https:\/\/www.iskreni.net\/trgovina\/product\/arvo-part-iz-tisine\/\",\"name\":\"Arvo P\u00e4rt: Iz ti\u0161ine - trgovina Iskreni\",\"isPartOf\":{\"@id\":\"https:\/\/www.iskreni.net\/trgovina\/#website\"},\"primaryImageOfPage\":{\"@id\":\"https:\/\/www.iskreni.net\/trgovina\/product\/arvo-part-iz-tisine\/#primaryimage\"},\"image\":{\"@id\":\"https:\/\/www.iskreni.net\/trgovina\/product\/arvo-part-iz-tisine\/#primaryimage\"},\"thumbnailUrl\":\"https:\/\/www.iskreni.net\/trgovina\/wp-content\/uploads\/2024\/01\/Slike-za-v-spletno-trgovino-56.jpg\",\"datePublished\":\"2024-02-16T08:38:44+00:00\",\"dateModified\":\"2024-03-01T12:32:58+00:00\",\"description\":\"Arvo P\u00e4rt je prvi estonski skladatelj, ki do\u017eivlja veliko mednarodno priznanje. Njegova glasba je fenomen, ki ga mnogi opisujejo kot duhovni mir.\",\"breadcrumb\":{\"@id\":\"https:\/\/www.iskreni.net\/trgovina\/product\/arvo-part-iz-tisine\/#breadcrumb\"},\"inLanguage\":\"sl-SI\",\"potentialAction\":[{\"@type\":\"ReadAction\",\"target\":[\"https:\/\/www.iskreni.net\/trgovina\/product\/arvo-part-iz-tisine\/\"]}]},{\"@type\":\"ImageObject\",\"inLanguage\":\"sl-SI\",\"@id\":\"https:\/\/www.iskreni.net\/trgovina\/product\/arvo-part-iz-tisine\/#primaryimage\",\"url\":\"https:\/\/www.iskreni.net\/trgovina\/wp-content\/uploads\/2024\/01\/Slike-za-v-spletno-trgovino-56.jpg\",\"contentUrl\":\"https:\/\/www.iskreni.net\/trgovina\/wp-content\/uploads\/2024\/01\/Slike-za-v-spletno-trgovino-56.jpg\",\"width\":600,\"height\":600},{\"@type\":\"BreadcrumbList\",\"@id\":\"https:\/\/www.iskreni.net\/trgovina\/product\/arvo-part-iz-tisine\/#breadcrumb\",\"itemListElement\":[{\"@type\":\"ListItem\",\"position\":1,\"name\":\"Home\",\"item\":\"https:\/\/www.iskreni.net\/trgovina\/\"},{\"@type\":\"ListItem\",\"position\":2,\"name\":\"Trgovina\",\"item\":\"https:\/\/www.iskreni.net\/trgovina\/trgovina\/\"},{\"@type\":\"ListItem\",\"position\":3,\"name\":\"Arvo P\u00e4rt: Iz ti\u0161ine\"}]},{\"@type\":\"WebSite\",\"@id\":\"https:\/\/www.iskreni.net\/trgovina\/#website\",\"url\":\"https:\/\/www.iskreni.net\/trgovina\/\",\"name\":\"Zavod Iskreni\",\"description\":\"trgovina\",\"potentialAction\":[{\"@type\":\"SearchAction\",\"target\":{\"@type\":\"EntryPoint\",\"urlTemplate\":\"https:\/\/www.iskreni.net\/trgovina\/?s={search_term_string}\"},\"query-input\":{\"@type\":\"PropertyValueSpecification\",\"valueRequired\":true,\"valueName\":\"search_term_string\"}}],\"inLanguage\":\"sl-SI\"}]}<\/script>\n<!-- \/ Yoast SEO plugin. -->","yoast_head_json":{"title":"Arvo P\u00e4rt: Iz ti\u0161ine - trgovina Iskreni","description":"Arvo P\u00e4rt je prvi estonski skladatelj, ki do\u017eivlja veliko mednarodno priznanje. Njegova glasba je fenomen, ki ga mnogi opisujejo kot duhovni mir.","robots":{"index":"index","follow":"follow","max-snippet":"max-snippet:-1","max-image-preview":"max-image-preview:large","max-video-preview":"max-video-preview:-1"},"canonical":"https:\/\/www.iskreni.net\/trgovina\/product\/arvo-part-iz-tisine\/","og_locale":"sl_SI","og_type":"article","og_title":"Arvo P\u00e4rt: Iz ti\u0161ine","og_description":"Arvo P\u00e4rt je prvi estonski skladatelj, ki do\u017eivlja veliko mednarodno priznanje. Njegova glasba je fenomen, ki ga mnogi opisujejo kot duhovni mir.","og_url":"https:\/\/www.iskreni.net\/trgovina\/product\/arvo-part-iz-tisine\/","og_site_name":"Zavod Iskreni","article_modified_time":"2024-03-01T12:32:58+00:00","og_image":[{"width":600,"height":600,"url":"https:\/\/www.iskreni.net\/trgovina\/wp-content\/uploads\/2024\/01\/Slike-za-v-spletno-trgovino-56.jpg","type":"image\/jpeg"}],"twitter_card":"summary_large_image","twitter_misc":{"Est. reading time":"2 minuti"},"schema":{"@context":"https:\/\/schema.org","@graph":[{"@type":"WebPage","@id":"https:\/\/www.iskreni.net\/trgovina\/product\/arvo-part-iz-tisine\/","url":"https:\/\/www.iskreni.net\/trgovina\/product\/arvo-part-iz-tisine\/","name":"Arvo P\u00e4rt: Iz ti\u0161ine - trgovina Iskreni","isPartOf":{"@id":"https:\/\/www.iskreni.net\/trgovina\/#website"},"primaryImageOfPage":{"@id":"https:\/\/www.iskreni.net\/trgovina\/product\/arvo-part-iz-tisine\/#primaryimage"},"image":{"@id":"https:\/\/www.iskreni.net\/trgovina\/product\/arvo-part-iz-tisine\/#primaryimage"},"thumbnailUrl":"https:\/\/www.iskreni.net\/trgovina\/wp-content\/uploads\/2024\/01\/Slike-za-v-spletno-trgovino-56.jpg","datePublished":"2024-02-16T08:38:44+00:00","dateModified":"2024-03-01T12:32:58+00:00","description":"Arvo P\u00e4rt je prvi estonski skladatelj, ki do\u017eivlja veliko mednarodno priznanje. Njegova glasba je fenomen, ki ga mnogi opisujejo kot duhovni mir.","breadcrumb":{"@id":"https:\/\/www.iskreni.net\/trgovina\/product\/arvo-part-iz-tisine\/#breadcrumb"},"inLanguage":"sl-SI","potentialAction":[{"@type":"ReadAction","target":["https:\/\/www.iskreni.net\/trgovina\/product\/arvo-part-iz-tisine\/"]}]},{"@type":"ImageObject","inLanguage":"sl-SI","@id":"https:\/\/www.iskreni.net\/trgovina\/product\/arvo-part-iz-tisine\/#primaryimage","url":"https:\/\/www.iskreni.net\/trgovina\/wp-content\/uploads\/2024\/01\/Slike-za-v-spletno-trgovino-56.jpg","contentUrl":"https:\/\/www.iskreni.net\/trgovina\/wp-content\/uploads\/2024\/01\/Slike-za-v-spletno-trgovino-56.jpg","width":600,"height":600},{"@type":"BreadcrumbList","@id":"https:\/\/www.iskreni.net\/trgovina\/product\/arvo-part-iz-tisine\/#breadcrumb","itemListElement":[{"@type":"ListItem","position":1,"name":"Home","item":"https:\/\/www.iskreni.net\/trgovina\/"},{"@type":"ListItem","position":2,"name":"Trgovina","item":"https:\/\/www.iskreni.net\/trgovina\/trgovina\/"},{"@type":"ListItem","position":3,"name":"Arvo P\u00e4rt: Iz ti\u0161ine"}]},{"@type":"WebSite","@id":"https:\/\/www.iskreni.net\/trgovina\/#website","url":"https:\/\/www.iskreni.net\/trgovina\/","name":"Zavod Iskreni","description":"trgovina","potentialAction":[{"@type":"SearchAction","target":{"@type":"EntryPoint","urlTemplate":"https:\/\/www.iskreni.net\/trgovina\/?s={search_term_string}"},"query-input":{"@type":"PropertyValueSpecification","valueRequired":true,"valueName":"search_term_string"}}],"inLanguage":"sl-SI"}]}},"_links":{"self":[{"href":"https:\/\/www.iskreni.net\/trgovina\/wp-json\/wp\/v2\/product\/73007","targetHints":{"allow":["GET"]}}],"collection":[{"href":"https:\/\/www.iskreni.net\/trgovina\/wp-json\/wp\/v2\/product"}],"about":[{"href":"https:\/\/www.iskreni.net\/trgovina\/wp-json\/wp\/v2\/types\/product"}],"replies":[{"embeddable":true,"href":"https:\/\/www.iskreni.net\/trgovina\/wp-json\/wp\/v2\/comments?post=73007"}],"version-history":[{"count":3,"href":"https:\/\/www.iskreni.net\/trgovina\/wp-json\/wp\/v2\/product\/73007\/revisions"}],"predecessor-version":[{"id":73327,"href":"https:\/\/www.iskreni.net\/trgovina\/wp-json\/wp\/v2\/product\/73007\/revisions\/73327"}],"wp:featuredmedia":[{"embeddable":true,"href":"https:\/\/www.iskreni.net\/trgovina\/wp-json\/wp\/v2\/media\/73008"}],"wp:attachment":[{"href":"https:\/\/www.iskreni.net\/trgovina\/wp-json\/wp\/v2\/media?parent=73007"}],"wp:term":[{"taxonomy":"product_brand","embeddable":true,"href":"https:\/\/www.iskreni.net\/trgovina\/wp-json\/wp\/v2\/product_brand?post=73007"},{"taxonomy":"product_cat","embeddable":true,"href":"https:\/\/www.iskreni.net\/trgovina\/wp-json\/wp\/v2\/product_cat?post=73007"},{"taxonomy":"product_tag","embeddable":true,"href":"https:\/\/www.iskreni.net\/trgovina\/wp-json\/wp\/v2\/product_tag?post=73007"},{"taxonomy":"avtor","embeddable":true,"href":"https:\/\/www.iskreni.net\/trgovina\/wp-json\/wp\/v2\/avtor?post=73007"},{"taxonomy":"zalozba","embeddable":true,"href":"https:\/\/www.iskreni.net\/trgovina\/wp-json\/wp\/v2\/zalozba?post=73007"},{"taxonomy":"vezava","embeddable":true,"href":"https:\/\/www.iskreni.net\/trgovina\/wp-json\/wp\/v2\/vezava?post=73007"}],"curies":[{"name":"wp","href":"https:\/\/api.w.org\/{rel}","templated":true}]}}