{"id":72857,"date":"2024-01-24T13:35:09","date_gmt":"2024-01-24T12:35:09","guid":{"rendered":"https:\/\/www.iskreni.net\/trgovina\/?post_type=product&#038;p=72857"},"modified":"2024-04-02T09:11:52","modified_gmt":"2024-04-02T07:11:52","slug":"premisli-preden-objavis","status":"publish","type":"product","link":"https:\/\/www.iskreni.net\/trgovina\/product\/premisli-preden-objavis\/","title":{"rendered":"Premisli, preden objavi\u0161"},"content":{"rendered":"<h4 id=\"anchor-o-izdelku\" class=\"title\">O knjigi Premisli, preden objavi\u0161:<\/h4>\n<div class=\"tab-description js-tab-singleProduct-description content-tab\">\n<p>Ta kratki vodnik za nenasilno komunikacijo je dragoceno branje za vse \u0161olarje, dijake, njihove star\u0161e in pedago\u0161ke delavce.<\/p>\n<p>V \u017eivem, dostopnem in razumljivem jeziku nas povede skozi labirinte sodobne komunikacije na spletu, zlasti na dru\u017eabnih omre\u017ejih. Z \u017eivljenjskimi primeri slehernega bralca pozove k razmisleku in mu pomaga najti pravi na\u010din za spo\u0161tljivo izra\u017eanje mnenja.<\/p>\n<p>Spro\u0161\u010deno branje za prijetno sobivanje.<\/p>\n<p>Znas\u030c komunicirati odgovorno do sebe in bliz\u030cnjih? Ko se pogovarjas\u030c s prijateljem, ko si v s\u030coli, ko objavljas\u030c na druz\u030cbenih omrez\u030cjih ali odgovarjas\u030c na sporoc\u030cilo, sam odloc\u030cas\u030c, kaj sporoc\u030cas\u030c okolici.<\/p>\n<p>Ta knjiga ni priroc\u030cnik o tem, kako se uporablja internet, ampak ti bo pomagala, da bos\u030c izboljs\u030cal svoje vedenje na spletu, pa tudi v resnic\u030cnem z\u030civljenju. Z\u030celis\u030c spremeniti svet, besedo za besedo?<\/p>\n<p><strong><a href=\"https:\/\/www.iskreni.net\/trgovina\/wp-content\/uploads\/2024\/01\/Premisli-preden-objavis-WWW.pdf\" target=\"_blank\" rel=\"noopener\">Prelistajte<\/a><a href=\"https:\/\/www.iskreni.net\/trgovina\/wp-content\/uploads\/2024\/01\/Premisli-preden-objavis-WWW.pdf\" target=\"_blank\" rel=\"noopener\"> knjigo<\/a><\/strong><\/p>\n<\/div>\n","protected":false},"excerpt":{"rendered":"<p><strong>Avtor prevoda:<\/strong> Tatjana \u0160ivic<br \/>\n<strong>Leto izdaje:<\/strong> 2023<br \/>\n<strong>\u0160tevilo strani:<\/strong> 168<\/p>\n<p><strong><a href=\"https:\/\/www.iskreni.net\/trgovina\/wp-content\/uploads\/2024\/01\/Premisli-preden-objavis-WWW.pdf\" target=\"_blank\" rel=\"noopener\">Prelistajte<\/a><a href=\"https:\/\/www.iskreni.net\/trgovina\/wp-content\/uploads\/2024\/01\/Premisli-preden-objavis-WWW.pdf\" target=\"_blank\" rel=\"noopener\"> knjigo<\/a><\/strong><\/p>\n","protected":false},"featured_media":70645,"comment_status":"open","ping_status":"closed","template":"","meta":[],"product_brand":[],"product_cat":[2327,63],"product_tag":[],"avtor":[2730,2731],"zalozba":[2365],"vezava":[2307],"class_list":{"0":"post-72857","1":"product","2":"type-product","3":"status-publish","4":"has-post-thumbnail","6":"product_cat-prirocniki-in-vodniki","7":"product_cat-knjige","8":"avtor-carlotta-cubeddu","9":"avtor-federico-taddia","10":"zalozba-vida","11":"vezava-mehka","13":"first","14":"instock","15":"taxable","16":"shipping-taxable","17":"purchasable","18":"product-type-simple"},"yoast_head":"<!-- This site is optimized with the Yoast SEO plugin v26.3 - https:\/\/yoast.com\/wordpress\/plugins\/seo\/ -->\n<title>Premisli, preden objavi\u0161 - Iskreni<\/title>\n<meta name=\"description\" content=\"Premisli, preden objavi\u0161 je kratek vodnik za nenasilno komunikacijo in dragoceno branje za vse \u0161olarje, dijake, njihove star\u0161e in pedago\u0161ke delavce.\" \/>\n<meta name=\"robots\" content=\"index, follow, max-snippet:-1, max-image-preview:large, max-video-preview:-1\" \/>\n<link rel=\"canonical\" href=\"https:\/\/www.iskreni.net\/trgovina\/product\/premisli-preden-objavis\/\" \/>\n<meta property=\"og:locale\" content=\"sl_SI\" \/>\n<meta property=\"og:type\" content=\"article\" \/>\n<meta property=\"og:title\" content=\"Premisli, preden objavi\u0161\" \/>\n<meta property=\"og:description\" content=\"Premisli, preden objavi\u0161 je kratek vodnik za nenasilno komunikacijo in dragoceno branje za vse \u0161olarje, dijake, njihove star\u0161e in pedago\u0161ke delavce.\" \/>\n<meta property=\"og:url\" content=\"https:\/\/www.iskreni.net\/trgovina\/product\/premisli-preden-objavis\/\" \/>\n<meta property=\"og:site_name\" content=\"Zavod Iskreni\" \/>\n<meta property=\"article:modified_time\" content=\"2024-04-02T07:11:52+00:00\" \/>\n<meta property=\"og:image\" content=\"https:\/\/www.iskreni.net\/trgovina\/wp-content\/uploads\/2023\/11\/10.jpg\" \/>\n\t<meta property=\"og:image:width\" content=\"600\" \/>\n\t<meta property=\"og:image:height\" content=\"600\" \/>\n\t<meta property=\"og:image:type\" content=\"image\/jpeg\" \/>\n<meta name=\"twitter:card\" content=\"summary_large_image\" \/>\n<meta name=\"twitter:label1\" content=\"Est. reading time\" \/>\n\t<meta name=\"twitter:data1\" content=\"1 minuta\" \/>\n<script type=\"application\/ld+json\" class=\"yoast-schema-graph\">{\"@context\":\"https:\/\/schema.org\",\"@graph\":[{\"@type\":\"WebPage\",\"@id\":\"https:\/\/www.iskreni.net\/trgovina\/product\/premisli-preden-objavis\/\",\"url\":\"https:\/\/www.iskreni.net\/trgovina\/product\/premisli-preden-objavis\/\",\"name\":\"Premisli, preden objavi\u0161 - Iskreni\",\"isPartOf\":{\"@id\":\"https:\/\/www.iskreni.net\/trgovina\/#website\"},\"primaryImageOfPage\":{\"@id\":\"https:\/\/www.iskreni.net\/trgovina\/product\/premisli-preden-objavis\/#primaryimage\"},\"image\":{\"@id\":\"https:\/\/www.iskreni.net\/trgovina\/product\/premisli-preden-objavis\/#primaryimage\"},\"thumbnailUrl\":\"https:\/\/www.iskreni.net\/trgovina\/wp-content\/uploads\/2023\/11\/10.jpg\",\"datePublished\":\"2024-01-24T12:35:09+00:00\",\"dateModified\":\"2024-04-02T07:11:52+00:00\",\"description\":\"Premisli, preden objavi\u0161 je kratek vodnik za nenasilno komunikacijo in dragoceno branje za vse \u0161olarje, dijake, njihove star\u0161e in pedago\u0161ke delavce.\",\"breadcrumb\":{\"@id\":\"https:\/\/www.iskreni.net\/trgovina\/product\/premisli-preden-objavis\/#breadcrumb\"},\"inLanguage\":\"sl-SI\",\"potentialAction\":[{\"@type\":\"ReadAction\",\"target\":[\"https:\/\/www.iskreni.net\/trgovina\/product\/premisli-preden-objavis\/\"]}]},{\"@type\":\"ImageObject\",\"inLanguage\":\"sl-SI\",\"@id\":\"https:\/\/www.iskreni.net\/trgovina\/product\/premisli-preden-objavis\/#primaryimage\",\"url\":\"https:\/\/www.iskreni.net\/trgovina\/wp-content\/uploads\/2023\/11\/10.jpg\",\"contentUrl\":\"https:\/\/www.iskreni.net\/trgovina\/wp-content\/uploads\/2023\/11\/10.jpg\",\"width\":600,\"height\":600},{\"@type\":\"BreadcrumbList\",\"@id\":\"https:\/\/www.iskreni.net\/trgovina\/product\/premisli-preden-objavis\/#breadcrumb\",\"itemListElement\":[{\"@type\":\"ListItem\",\"position\":1,\"name\":\"Home\",\"item\":\"https:\/\/www.iskreni.net\/trgovina\/\"},{\"@type\":\"ListItem\",\"position\":2,\"name\":\"Trgovina\",\"item\":\"https:\/\/www.iskreni.net\/trgovina\/trgovina\/\"},{\"@type\":\"ListItem\",\"position\":3,\"name\":\"Premisli, preden objavi\u0161\"}]},{\"@type\":\"WebSite\",\"@id\":\"https:\/\/www.iskreni.net\/trgovina\/#website\",\"url\":\"https:\/\/www.iskreni.net\/trgovina\/\",\"name\":\"Zavod Iskreni\",\"description\":\"trgovina\",\"potentialAction\":[{\"@type\":\"SearchAction\",\"target\":{\"@type\":\"EntryPoint\",\"urlTemplate\":\"https:\/\/www.iskreni.net\/trgovina\/?s={search_term_string}\"},\"query-input\":{\"@type\":\"PropertyValueSpecification\",\"valueRequired\":true,\"valueName\":\"search_term_string\"}}],\"inLanguage\":\"sl-SI\"}]}<\/script>\n<!-- \/ Yoast SEO plugin. -->","yoast_head_json":{"title":"Premisli, preden objavi\u0161 - Iskreni","description":"Premisli, preden objavi\u0161 je kratek vodnik za nenasilno komunikacijo in dragoceno branje za vse \u0161olarje, dijake, njihove star\u0161e in pedago\u0161ke delavce.","robots":{"index":"index","follow":"follow","max-snippet":"max-snippet:-1","max-image-preview":"max-image-preview:large","max-video-preview":"max-video-preview:-1"},"canonical":"https:\/\/www.iskreni.net\/trgovina\/product\/premisli-preden-objavis\/","og_locale":"sl_SI","og_type":"article","og_title":"Premisli, preden objavi\u0161","og_description":"Premisli, preden objavi\u0161 je kratek vodnik za nenasilno komunikacijo in dragoceno branje za vse \u0161olarje, dijake, njihove star\u0161e in pedago\u0161ke delavce.","og_url":"https:\/\/www.iskreni.net\/trgovina\/product\/premisli-preden-objavis\/","og_site_name":"Zavod Iskreni","article_modified_time":"2024-04-02T07:11:52+00:00","og_image":[{"width":600,"height":600,"url":"https:\/\/www.iskreni.net\/trgovina\/wp-content\/uploads\/2023\/11\/10.jpg","type":"image\/jpeg"}],"twitter_card":"summary_large_image","twitter_misc":{"Est. reading time":"1 minuta"},"schema":{"@context":"https:\/\/schema.org","@graph":[{"@type":"WebPage","@id":"https:\/\/www.iskreni.net\/trgovina\/product\/premisli-preden-objavis\/","url":"https:\/\/www.iskreni.net\/trgovina\/product\/premisli-preden-objavis\/","name":"Premisli, preden objavi\u0161 - Iskreni","isPartOf":{"@id":"https:\/\/www.iskreni.net\/trgovina\/#website"},"primaryImageOfPage":{"@id":"https:\/\/www.iskreni.net\/trgovina\/product\/premisli-preden-objavis\/#primaryimage"},"image":{"@id":"https:\/\/www.iskreni.net\/trgovina\/product\/premisli-preden-objavis\/#primaryimage"},"thumbnailUrl":"https:\/\/www.iskreni.net\/trgovina\/wp-content\/uploads\/2023\/11\/10.jpg","datePublished":"2024-01-24T12:35:09+00:00","dateModified":"2024-04-02T07:11:52+00:00","description":"Premisli, preden objavi\u0161 je kratek vodnik za nenasilno komunikacijo in dragoceno branje za vse \u0161olarje, dijake, njihove star\u0161e in pedago\u0161ke delavce.","breadcrumb":{"@id":"https:\/\/www.iskreni.net\/trgovina\/product\/premisli-preden-objavis\/#breadcrumb"},"inLanguage":"sl-SI","potentialAction":[{"@type":"ReadAction","target":["https:\/\/www.iskreni.net\/trgovina\/product\/premisli-preden-objavis\/"]}]},{"@type":"ImageObject","inLanguage":"sl-SI","@id":"https:\/\/www.iskreni.net\/trgovina\/product\/premisli-preden-objavis\/#primaryimage","url":"https:\/\/www.iskreni.net\/trgovina\/wp-content\/uploads\/2023\/11\/10.jpg","contentUrl":"https:\/\/www.iskreni.net\/trgovina\/wp-content\/uploads\/2023\/11\/10.jpg","width":600,"height":600},{"@type":"BreadcrumbList","@id":"https:\/\/www.iskreni.net\/trgovina\/product\/premisli-preden-objavis\/#breadcrumb","itemListElement":[{"@type":"ListItem","position":1,"name":"Home","item":"https:\/\/www.iskreni.net\/trgovina\/"},{"@type":"ListItem","position":2,"name":"Trgovina","item":"https:\/\/www.iskreni.net\/trgovina\/trgovina\/"},{"@type":"ListItem","position":3,"name":"Premisli, preden objavi\u0161"}]},{"@type":"WebSite","@id":"https:\/\/www.iskreni.net\/trgovina\/#website","url":"https:\/\/www.iskreni.net\/trgovina\/","name":"Zavod Iskreni","description":"trgovina","potentialAction":[{"@type":"SearchAction","target":{"@type":"EntryPoint","urlTemplate":"https:\/\/www.iskreni.net\/trgovina\/?s={search_term_string}"},"query-input":{"@type":"PropertyValueSpecification","valueRequired":true,"valueName":"search_term_string"}}],"inLanguage":"sl-SI"}]}},"_links":{"self":[{"href":"https:\/\/www.iskreni.net\/trgovina\/wp-json\/wp\/v2\/product\/72857","targetHints":{"allow":["GET"]}}],"collection":[{"href":"https:\/\/www.iskreni.net\/trgovina\/wp-json\/wp\/v2\/product"}],"about":[{"href":"https:\/\/www.iskreni.net\/trgovina\/wp-json\/wp\/v2\/types\/product"}],"replies":[{"embeddable":true,"href":"https:\/\/www.iskreni.net\/trgovina\/wp-json\/wp\/v2\/comments?post=72857"}],"version-history":[{"count":6,"href":"https:\/\/www.iskreni.net\/trgovina\/wp-json\/wp\/v2\/product\/72857\/revisions"}],"predecessor-version":[{"id":74192,"href":"https:\/\/www.iskreni.net\/trgovina\/wp-json\/wp\/v2\/product\/72857\/revisions\/74192"}],"wp:featuredmedia":[{"embeddable":true,"href":"https:\/\/www.iskreni.net\/trgovina\/wp-json\/wp\/v2\/media\/70645"}],"wp:attachment":[{"href":"https:\/\/www.iskreni.net\/trgovina\/wp-json\/wp\/v2\/media?parent=72857"}],"wp:term":[{"taxonomy":"product_brand","embeddable":true,"href":"https:\/\/www.iskreni.net\/trgovina\/wp-json\/wp\/v2\/product_brand?post=72857"},{"taxonomy":"product_cat","embeddable":true,"href":"https:\/\/www.iskreni.net\/trgovina\/wp-json\/wp\/v2\/product_cat?post=72857"},{"taxonomy":"product_tag","embeddable":true,"href":"https:\/\/www.iskreni.net\/trgovina\/wp-json\/wp\/v2\/product_tag?post=72857"},{"taxonomy":"avtor","embeddable":true,"href":"https:\/\/www.iskreni.net\/trgovina\/wp-json\/wp\/v2\/avtor?post=72857"},{"taxonomy":"zalozba","embeddable":true,"href":"https:\/\/www.iskreni.net\/trgovina\/wp-json\/wp\/v2\/zalozba?post=72857"},{"taxonomy":"vezava","embeddable":true,"href":"https:\/\/www.iskreni.net\/trgovina\/wp-json\/wp\/v2\/vezava?post=72857"}],"curies":[{"name":"wp","href":"https:\/\/api.w.org\/{rel}","templated":true}]}}