{"id":72622,"date":"2024-01-17T15:04:07","date_gmt":"2024-01-17T14:04:07","guid":{"rendered":"https:\/\/www.iskreni.net\/trgovina\/?post_type=product&#038;p=72622"},"modified":"2024-04-12T10:37:04","modified_gmt":"2024-04-12T08:37:04","slug":"pisma-sv-terezije-deteta-jezusa","status":"publish","type":"product","link":"https:\/\/www.iskreni.net\/trgovina\/product\/pisma-sv-terezije-deteta-jezusa\/","title":{"rendered":"Pisma sv. Terezije Deteta Jezusa"},"content":{"rendered":"<h4>O knjigi Pisma sv. Terezije Deteta Jezusa:<\/h4>\n<p>\u00bbSveta Terezija Deteta Jezusa je \u017ee kmalu po svoji smrti za\u010dela nagovarjati velike mno\u017eice ljudi in ker njeno sporo\u010dilo male poti ostaja aktualno tudi v dana\u0161njem \u010dasu: v svetu, kjer so na prvem mestu storilnost, uspe\u0161nost, zunanji videz, kjer nas vse sili v neko tekmo za to, kdo bo bolj\u0161i. Na robu pa ostajajo vsi, ki v ta merila ne sodijo. Vsi manj uspe\u0161ni, po\u010dasnej\u0161i, nepomembni, mali, ubogi. In med take sebe pri\u0161teva tudi Terezija. Zato se v njenem sporo\u010dilu lahko prepozna vsak. Zato vsak lahko pride do nje brez strahu, da ne bi bil sprejet. V Tereziji lahko najdemo zavetje vsi, ki nas te\u017eijo povsem vsakdanje skrbi in stiske.\u00ab (s. Sne\u017ena Poljan\u0161ek)<\/p>\n<h4>O avtorici:<\/h4>\n<p><strong>Sveta Terezija Deteta Jezusa<\/strong>\u00a0ali sveta Terezija iz Lisieuxa, poznana tudi kot Mala Terezika ali Mala cvetka (1873\u20131897) je ena najbolj priljubljenih svetnic v katoli\u0161ki Cerkvi, pa tudi \u0161ir\u0161e. Rodila se je kot deveti otrok v Alen\u00e7onu v Franciji. Pri petnajstih letih je vstopila v karmeli\u010danski samostan v Lisieuxu, kjer je pri rosnih \u0161tiriindvajsetih letih zaradi hitro napredujo\u010de bolezni umrla. Zapustila je avtobiografske spise z naslovom\u00a0<em>Povest du\u0161e<\/em>\u00a0(1997), ki so iz\u0161li posthumno. Tekom let pa je Terezija pisala tudi pisma, ki jih po izboru s. Sne\u017ene Poljan\u0161ek in s. Damjane Pintari\u010d sedaj lahko beremo tudi v sloven\u0161\u010dini. Prek njih vstopamo v Terezijin svet, poln bojev in preizku\u0161enj, pa tudi veselja in duhovne rasti.<\/p>\n<h4><strong>Odlomek iz knjige:<\/strong><\/h4>\n<p>\u00bbDraga Celina, ti si tista, ki zadnja prejema moje slovo temu letu \u2026 \u010cez nekaj ur bo minilo za vedno \u2026 postalo bo del ve\u010dnosti! \u2026 Ker je Celina v postelji, je na meni, da jo poi\u0161\u010dem in ji vo\u0161\u010dim sre\u010dno novo leto \u2026 Ali se spominja\u0161, kako je bilo v\u010dasih? \u2026 Leto, ki se kon\u010duje, je bilo dobro, za nebesa je bilo dragoceno, da bi bilo tudi prihodnje podobno! \u2026\u00ab<\/p>\n","protected":false},"excerpt":{"rendered":"<p><strong>Avtorica prevoda: <\/strong>s. Sne\u017ena Poljan\u0161ek<strong><br \/>\nLeto izdaje:<\/strong> 2023<br \/>\n<strong>\u0160tevilo strani:<\/strong> 440<br \/>\n<strong>Mere:<\/strong> 150 x 230 mm<\/p>\n","protected":false},"featured_media":71793,"comment_status":"open","ping_status":"closed","template":"","meta":[],"product_brand":[],"product_cat":[2324,63],"product_tag":[1619],"avtor":[2673],"zalozba":[2311],"vezava":[2306],"class_list":{"0":"post-72622","1":"product","2":"type-product","3":"status-publish","4":"has-post-thumbnail","6":"product_cat-duhovnost-in-osebna-rast","7":"product_cat-knjige","8":"product_tag-svetniki","9":"avtor-sv-terezija-deteta-jezusa","10":"zalozba-druzina","11":"vezava-trda","13":"first","14":"instock","15":"taxable","16":"shipping-taxable","17":"purchasable","18":"product-type-simple"},"yoast_head":"<!-- This site is optimized with the Yoast SEO plugin v26.3 - https:\/\/yoast.com\/wordpress\/plugins\/seo\/ -->\n<title>Pisma sv. Terezije Deteta Jezusa - trgovina Iskreni<\/title>\n<meta name=\"description\" content=\"Pisma sv. Terezije Deteta Jezusa nam pomagajo najti zavetje pri svetnici, ki so jo, tako kot nas, te\u017eile povsem vsakdanje skrbi in stiske.\" \/>\n<meta name=\"robots\" content=\"index, follow, max-snippet:-1, max-image-preview:large, max-video-preview:-1\" \/>\n<link rel=\"canonical\" href=\"https:\/\/www.iskreni.net\/trgovina\/product\/pisma-sv-terezije-deteta-jezusa\/\" \/>\n<meta property=\"og:locale\" content=\"sl_SI\" \/>\n<meta property=\"og:type\" content=\"article\" \/>\n<meta property=\"og:title\" content=\"Pisma sv. Terezije Deteta Jezusa\" \/>\n<meta property=\"og:description\" content=\"Pisma sv. Terezije Deteta Jezusa nam pomagajo najti zavetje pri svetnici, ki so jo, tako kot nas, te\u017eile povsem vsakdanje skrbi in stiske.\" \/>\n<meta property=\"og:url\" content=\"https:\/\/www.iskreni.net\/trgovina\/product\/pisma-sv-terezije-deteta-jezusa\/\" \/>\n<meta property=\"og:site_name\" content=\"Zavod Iskreni\" \/>\n<meta property=\"article:modified_time\" content=\"2024-04-12T08:37:04+00:00\" \/>\n<meta property=\"og:image\" content=\"https:\/\/www.iskreni.net\/trgovina\/wp-content\/uploads\/2023\/12\/4-2.jpg\" \/>\n\t<meta property=\"og:image:width\" content=\"600\" \/>\n\t<meta property=\"og:image:height\" content=\"600\" \/>\n\t<meta property=\"og:image:type\" content=\"image\/jpeg\" \/>\n<meta name=\"twitter:card\" content=\"summary_large_image\" \/>\n<meta name=\"twitter:label1\" content=\"Est. reading time\" \/>\n\t<meta name=\"twitter:data1\" content=\"2 minuti\" \/>\n<script type=\"application\/ld+json\" class=\"yoast-schema-graph\">{\"@context\":\"https:\/\/schema.org\",\"@graph\":[{\"@type\":\"WebPage\",\"@id\":\"https:\/\/www.iskreni.net\/trgovina\/product\/pisma-sv-terezije-deteta-jezusa\/\",\"url\":\"https:\/\/www.iskreni.net\/trgovina\/product\/pisma-sv-terezije-deteta-jezusa\/\",\"name\":\"Pisma sv. Terezije Deteta Jezusa - trgovina Iskreni\",\"isPartOf\":{\"@id\":\"https:\/\/www.iskreni.net\/trgovina\/#website\"},\"primaryImageOfPage\":{\"@id\":\"https:\/\/www.iskreni.net\/trgovina\/product\/pisma-sv-terezije-deteta-jezusa\/#primaryimage\"},\"image\":{\"@id\":\"https:\/\/www.iskreni.net\/trgovina\/product\/pisma-sv-terezije-deteta-jezusa\/#primaryimage\"},\"thumbnailUrl\":\"https:\/\/www.iskreni.net\/trgovina\/wp-content\/uploads\/2023\/12\/4-2.jpg\",\"datePublished\":\"2024-01-17T14:04:07+00:00\",\"dateModified\":\"2024-04-12T08:37:04+00:00\",\"description\":\"Pisma sv. Terezije Deteta Jezusa nam pomagajo najti zavetje pri svetnici, ki so jo, tako kot nas, te\u017eile povsem vsakdanje skrbi in stiske.\",\"breadcrumb\":{\"@id\":\"https:\/\/www.iskreni.net\/trgovina\/product\/pisma-sv-terezije-deteta-jezusa\/#breadcrumb\"},\"inLanguage\":\"sl-SI\",\"potentialAction\":[{\"@type\":\"ReadAction\",\"target\":[\"https:\/\/www.iskreni.net\/trgovina\/product\/pisma-sv-terezije-deteta-jezusa\/\"]}]},{\"@type\":\"ImageObject\",\"inLanguage\":\"sl-SI\",\"@id\":\"https:\/\/www.iskreni.net\/trgovina\/product\/pisma-sv-terezije-deteta-jezusa\/#primaryimage\",\"url\":\"https:\/\/www.iskreni.net\/trgovina\/wp-content\/uploads\/2023\/12\/4-2.jpg\",\"contentUrl\":\"https:\/\/www.iskreni.net\/trgovina\/wp-content\/uploads\/2023\/12\/4-2.jpg\",\"width\":600,\"height\":600},{\"@type\":\"BreadcrumbList\",\"@id\":\"https:\/\/www.iskreni.net\/trgovina\/product\/pisma-sv-terezije-deteta-jezusa\/#breadcrumb\",\"itemListElement\":[{\"@type\":\"ListItem\",\"position\":1,\"name\":\"Home\",\"item\":\"https:\/\/www.iskreni.net\/trgovina\/\"},{\"@type\":\"ListItem\",\"position\":2,\"name\":\"Trgovina\",\"item\":\"https:\/\/www.iskreni.net\/trgovina\/trgovina\/\"},{\"@type\":\"ListItem\",\"position\":3,\"name\":\"Pisma sv. Terezije Deteta Jezusa\"}]},{\"@type\":\"WebSite\",\"@id\":\"https:\/\/www.iskreni.net\/trgovina\/#website\",\"url\":\"https:\/\/www.iskreni.net\/trgovina\/\",\"name\":\"Zavod Iskreni\",\"description\":\"trgovina\",\"potentialAction\":[{\"@type\":\"SearchAction\",\"target\":{\"@type\":\"EntryPoint\",\"urlTemplate\":\"https:\/\/www.iskreni.net\/trgovina\/?s={search_term_string}\"},\"query-input\":{\"@type\":\"PropertyValueSpecification\",\"valueRequired\":true,\"valueName\":\"search_term_string\"}}],\"inLanguage\":\"sl-SI\"}]}<\/script>\n<!-- \/ Yoast SEO plugin. -->","yoast_head_json":{"title":"Pisma sv. Terezije Deteta Jezusa - trgovina Iskreni","description":"Pisma sv. Terezije Deteta Jezusa nam pomagajo najti zavetje pri svetnici, ki so jo, tako kot nas, te\u017eile povsem vsakdanje skrbi in stiske.","robots":{"index":"index","follow":"follow","max-snippet":"max-snippet:-1","max-image-preview":"max-image-preview:large","max-video-preview":"max-video-preview:-1"},"canonical":"https:\/\/www.iskreni.net\/trgovina\/product\/pisma-sv-terezije-deteta-jezusa\/","og_locale":"sl_SI","og_type":"article","og_title":"Pisma sv. Terezije Deteta Jezusa","og_description":"Pisma sv. Terezije Deteta Jezusa nam pomagajo najti zavetje pri svetnici, ki so jo, tako kot nas, te\u017eile povsem vsakdanje skrbi in stiske.","og_url":"https:\/\/www.iskreni.net\/trgovina\/product\/pisma-sv-terezije-deteta-jezusa\/","og_site_name":"Zavod Iskreni","article_modified_time":"2024-04-12T08:37:04+00:00","og_image":[{"width":600,"height":600,"url":"https:\/\/www.iskreni.net\/trgovina\/wp-content\/uploads\/2023\/12\/4-2.jpg","type":"image\/jpeg"}],"twitter_card":"summary_large_image","twitter_misc":{"Est. reading time":"2 minuti"},"schema":{"@context":"https:\/\/schema.org","@graph":[{"@type":"WebPage","@id":"https:\/\/www.iskreni.net\/trgovina\/product\/pisma-sv-terezije-deteta-jezusa\/","url":"https:\/\/www.iskreni.net\/trgovina\/product\/pisma-sv-terezije-deteta-jezusa\/","name":"Pisma sv. Terezije Deteta Jezusa - trgovina Iskreni","isPartOf":{"@id":"https:\/\/www.iskreni.net\/trgovina\/#website"},"primaryImageOfPage":{"@id":"https:\/\/www.iskreni.net\/trgovina\/product\/pisma-sv-terezije-deteta-jezusa\/#primaryimage"},"image":{"@id":"https:\/\/www.iskreni.net\/trgovina\/product\/pisma-sv-terezije-deteta-jezusa\/#primaryimage"},"thumbnailUrl":"https:\/\/www.iskreni.net\/trgovina\/wp-content\/uploads\/2023\/12\/4-2.jpg","datePublished":"2024-01-17T14:04:07+00:00","dateModified":"2024-04-12T08:37:04+00:00","description":"Pisma sv. Terezije Deteta Jezusa nam pomagajo najti zavetje pri svetnici, ki so jo, tako kot nas, te\u017eile povsem vsakdanje skrbi in stiske.","breadcrumb":{"@id":"https:\/\/www.iskreni.net\/trgovina\/product\/pisma-sv-terezije-deteta-jezusa\/#breadcrumb"},"inLanguage":"sl-SI","potentialAction":[{"@type":"ReadAction","target":["https:\/\/www.iskreni.net\/trgovina\/product\/pisma-sv-terezije-deteta-jezusa\/"]}]},{"@type":"ImageObject","inLanguage":"sl-SI","@id":"https:\/\/www.iskreni.net\/trgovina\/product\/pisma-sv-terezije-deteta-jezusa\/#primaryimage","url":"https:\/\/www.iskreni.net\/trgovina\/wp-content\/uploads\/2023\/12\/4-2.jpg","contentUrl":"https:\/\/www.iskreni.net\/trgovina\/wp-content\/uploads\/2023\/12\/4-2.jpg","width":600,"height":600},{"@type":"BreadcrumbList","@id":"https:\/\/www.iskreni.net\/trgovina\/product\/pisma-sv-terezije-deteta-jezusa\/#breadcrumb","itemListElement":[{"@type":"ListItem","position":1,"name":"Home","item":"https:\/\/www.iskreni.net\/trgovina\/"},{"@type":"ListItem","position":2,"name":"Trgovina","item":"https:\/\/www.iskreni.net\/trgovina\/trgovina\/"},{"@type":"ListItem","position":3,"name":"Pisma sv. Terezije Deteta Jezusa"}]},{"@type":"WebSite","@id":"https:\/\/www.iskreni.net\/trgovina\/#website","url":"https:\/\/www.iskreni.net\/trgovina\/","name":"Zavod Iskreni","description":"trgovina","potentialAction":[{"@type":"SearchAction","target":{"@type":"EntryPoint","urlTemplate":"https:\/\/www.iskreni.net\/trgovina\/?s={search_term_string}"},"query-input":{"@type":"PropertyValueSpecification","valueRequired":true,"valueName":"search_term_string"}}],"inLanguage":"sl-SI"}]}},"_links":{"self":[{"href":"https:\/\/www.iskreni.net\/trgovina\/wp-json\/wp\/v2\/product\/72622","targetHints":{"allow":["GET"]}}],"collection":[{"href":"https:\/\/www.iskreni.net\/trgovina\/wp-json\/wp\/v2\/product"}],"about":[{"href":"https:\/\/www.iskreni.net\/trgovina\/wp-json\/wp\/v2\/types\/product"}],"replies":[{"embeddable":true,"href":"https:\/\/www.iskreni.net\/trgovina\/wp-json\/wp\/v2\/comments?post=72622"}],"version-history":[{"count":2,"href":"https:\/\/www.iskreni.net\/trgovina\/wp-json\/wp\/v2\/product\/72622\/revisions"}],"predecessor-version":[{"id":72624,"href":"https:\/\/www.iskreni.net\/trgovina\/wp-json\/wp\/v2\/product\/72622\/revisions\/72624"}],"wp:featuredmedia":[{"embeddable":true,"href":"https:\/\/www.iskreni.net\/trgovina\/wp-json\/wp\/v2\/media\/71793"}],"wp:attachment":[{"href":"https:\/\/www.iskreni.net\/trgovina\/wp-json\/wp\/v2\/media?parent=72622"}],"wp:term":[{"taxonomy":"product_brand","embeddable":true,"href":"https:\/\/www.iskreni.net\/trgovina\/wp-json\/wp\/v2\/product_brand?post=72622"},{"taxonomy":"product_cat","embeddable":true,"href":"https:\/\/www.iskreni.net\/trgovina\/wp-json\/wp\/v2\/product_cat?post=72622"},{"taxonomy":"product_tag","embeddable":true,"href":"https:\/\/www.iskreni.net\/trgovina\/wp-json\/wp\/v2\/product_tag?post=72622"},{"taxonomy":"avtor","embeddable":true,"href":"https:\/\/www.iskreni.net\/trgovina\/wp-json\/wp\/v2\/avtor?post=72622"},{"taxonomy":"zalozba","embeddable":true,"href":"https:\/\/www.iskreni.net\/trgovina\/wp-json\/wp\/v2\/zalozba?post=72622"},{"taxonomy":"vezava","embeddable":true,"href":"https:\/\/www.iskreni.net\/trgovina\/wp-json\/wp\/v2\/vezava?post=72622"}],"curies":[{"name":"wp","href":"https:\/\/api.w.org\/{rel}","templated":true}]}}