{"id":72562,"date":"2024-01-17T10:24:32","date_gmt":"2024-01-17T09:24:32","guid":{"rendered":"https:\/\/www.iskreni.net\/trgovina\/?post_type=product&#038;p=72562"},"modified":"2024-05-24T11:38:19","modified_gmt":"2024-05-24T09:38:19","slug":"klic","status":"publish","type":"product","link":"https:\/\/www.iskreni.net\/trgovina\/product\/klic\/","title":{"rendered":"Klic"},"content":{"rendered":"<h4><strong>O izdelku:<\/strong><\/h4>\n<p>Omero Romeo je poklican za nadomestnega u\u010ditelja naravoslovja v razred problemati\u010dnih dijakov tik pred maturitetnimi izpiti. Ker je pred nekaj leti izgubil vid, se mu to sprva zdi nemogo\u010d izziv, vendar se mu prav zaradi svoje slepote uspe dotakniti \u017eivljenj mladih ljudi, ki so mu bili zaupani. Ker ne vidi njihovih obrazov, izumi nov na\u010din preverjanja prisotnosti, saj verjame, da svet lahko re\u0161imo le tako, da najprej re\u0161imo vsako ime posebej: tudi dekle, ki skriva nepojmljivo bole\u010dino, raperja, ki \u017eivi v prevzgojnem domu, sitne\u017ea, ki z drugimi navezuje stike le izza zaslona, zapu\u0161\u010deno h\u010der, ambicioznega boksarja, ki sanja, da bi postal kot Rocky \u2026<\/p>\n<p>Presunljiva zgodba o pomembnosti in odgovornosti u\u010diteljskega poslanstva, predvsem pa o tem, kako dragoceno je, kadar te nekdo zares \u00bbvidi\u00ab.<\/p>\n<h4><strong>O avtorju:<\/strong><\/h4>\n<p>Alessandro D&#8217;Avenia (1977) je priljubljeni italijanski pisatelj, scenarist in u\u010ditelj. Doktoriral je iz starogr\u0161ke in latinske knji\u017eevnosti, ki ju pou\u010duje na srednji \u0161oli v Milanu. V sloven\u0161\u010dini so pri zalo\u017ebi Dru\u017eina \u017ee iz\u0161le njegove uspe\u0161nice Umetnost krhkosti, Kar ni pekel, Stvari, ki jih nih\u010de ne ve in Bela kot mleko, rde\u010da kot kri.<\/p>\n<h4>Odlomek iz knjige:<\/h4>\n<p>Vsi se od jutra do ve\u010dera borimo, da bi bilo na\u0161e ime izgovorjeno, kot se spodobi. I\u0161\u010demo ga vsepovsod, na delovnem mestu, v intimnem odnosu, v novici, v obleki, v rekordu, v trpljenju, v sprevr\u017eenosti, v nasilju, v ambicijah, v odvisnosti in razdejanju, v prevladi in v u\u017eitkih, v grobu in v izbiri, \u010demu ali komu bomo pripadali; kajti to vse pomeni imeti ime: imeti nekaj ali nekoga, pri katerem je na\u0161e ime na varnem. Ime nas naredi nekoliko manj smrtne, in to je pravi boj za pre\u017eivetje, lastno \u0161e bolj kot pre\u017eivetje \u010dlove\u0161ke vrste. Preve\u010dkrat se na\u0161a lastna imena skr\u010dijo na posplo\u0161ena poimenovanja, pri katerih je eno enako dobro kot drugo: kro\u017enik, postelja, miza \u2026 Toda ko lastno ime postane posplo\u0161eno, preneha \u017eiveti: mar poezija ni namenjena prav temu, da vrne posplo\u0161enim poimenovanjem dostojanstvo lastnih imen? Prav zato so pesniki in najbolj\u0161i znanstveniki tisti, ki povezujejo ne\u017enost in ostrino. Dati lastno ime ali roditi je eno in isto. Odkar sem slep, razumem, da svetloba ni samo tisto, kar se odseva na stvareh, ampak predvsem soj, ki se pojavi, ko jih pokli\u010de\u0161 po imenu. Tistega dne, ko so mi zdravniki povedali, da bom v prihodnjih letih postal popolnoma slep, je bil dan mojega klica: \u017eivljenje me je poklicalo po imenu in me vpra\u0161alo, ali sem prisoten, sem doslej bil resni\u010dno prisoten ali pa sem se samo slepil in v resnici \u017eivel skrit za vsemi maskami, ki sem si jih natikal v vseh teh letih.<\/p>\n","protected":false},"excerpt":{"rendered":"<p><strong>Avtor prevoda: <\/strong>Mateja Gomboc<strong><br \/>\nLeto izdaje:<\/strong> 2024<br \/>\n<strong>Mere:<\/strong> 140 x 210 mm<\/p>\n<h4><\/h4>\n","protected":false},"featured_media":72572,"comment_status":"open","ping_status":"closed","template":"","meta":[],"product_brand":[],"product_cat":[2325,2350,63],"product_tag":[],"avtor":[2667],"zalozba":[2311],"vezava":[],"class_list":{"0":"post-72562","1":"product","2":"type-product","3":"status-publish","4":"has-post-thumbnail","6":"product_cat-leposlovje","7":"product_cat-za-mlade","8":"product_cat-knjige","9":"avtor-alessandro-davenia","10":"zalozba-druzina","12":"first","13":"instock","14":"taxable","15":"shipping-taxable","16":"purchasable","17":"product-type-simple"},"yoast_head":"<!-- This site is optimized with the Yoast SEO plugin v26.3 - https:\/\/yoast.com\/wordpress\/plugins\/seo\/ -->\n<title>Klic - trgovina Iskreni<\/title>\n<meta name=\"description\" content=\"Klic je novi mladinski roman priljubljenega italijanskega pisatelja Alessandra D&#039; Avenie o slepem u\u010ditelju, ki svoje u\u010dence zna gledati s srcem.\" \/>\n<meta name=\"robots\" content=\"index, follow, max-snippet:-1, max-image-preview:large, max-video-preview:-1\" \/>\n<link rel=\"canonical\" href=\"https:\/\/www.iskreni.net\/trgovina\/product\/klic\/\" \/>\n<meta property=\"og:locale\" content=\"sl_SI\" \/>\n<meta property=\"og:type\" content=\"article\" \/>\n<meta property=\"og:title\" content=\"Klic\" \/>\n<meta property=\"og:description\" content=\"Klic je novi mladinski roman priljubljenega italijanskega pisatelja Alessandra D&#039; Avenie o slepem u\u010ditelju, ki svoje u\u010dence zna gledati s srcem.\" \/>\n<meta property=\"og:url\" content=\"https:\/\/www.iskreni.net\/trgovina\/product\/klic\/\" \/>\n<meta property=\"og:site_name\" content=\"Zavod Iskreni\" \/>\n<meta property=\"article:modified_time\" content=\"2024-05-24T09:38:19+00:00\" \/>\n<meta property=\"og:image\" content=\"https:\/\/www.iskreni.net\/trgovina\/wp-content\/uploads\/2024\/01\/5.jpg\" \/>\n\t<meta property=\"og:image:width\" content=\"600\" \/>\n\t<meta property=\"og:image:height\" content=\"600\" \/>\n\t<meta property=\"og:image:type\" content=\"image\/jpeg\" \/>\n<meta name=\"twitter:card\" content=\"summary_large_image\" \/>\n<meta name=\"twitter:label1\" content=\"Est. reading time\" \/>\n\t<meta name=\"twitter:data1\" content=\"3 minute\" \/>\n<script type=\"application\/ld+json\" class=\"yoast-schema-graph\">{\"@context\":\"https:\/\/schema.org\",\"@graph\":[{\"@type\":\"WebPage\",\"@id\":\"https:\/\/www.iskreni.net\/trgovina\/product\/klic\/\",\"url\":\"https:\/\/www.iskreni.net\/trgovina\/product\/klic\/\",\"name\":\"Klic - trgovina Iskreni\",\"isPartOf\":{\"@id\":\"https:\/\/www.iskreni.net\/trgovina\/#website\"},\"primaryImageOfPage\":{\"@id\":\"https:\/\/www.iskreni.net\/trgovina\/product\/klic\/#primaryimage\"},\"image\":{\"@id\":\"https:\/\/www.iskreni.net\/trgovina\/product\/klic\/#primaryimage\"},\"thumbnailUrl\":\"https:\/\/www.iskreni.net\/trgovina\/wp-content\/uploads\/2024\/01\/5.jpg\",\"datePublished\":\"2024-01-17T09:24:32+00:00\",\"dateModified\":\"2024-05-24T09:38:19+00:00\",\"description\":\"Klic je novi mladinski roman priljubljenega italijanskega pisatelja Alessandra D' Avenie o slepem u\u010ditelju, ki svoje u\u010dence zna gledati s srcem.\",\"breadcrumb\":{\"@id\":\"https:\/\/www.iskreni.net\/trgovina\/product\/klic\/#breadcrumb\"},\"inLanguage\":\"sl-SI\",\"potentialAction\":[{\"@type\":\"ReadAction\",\"target\":[\"https:\/\/www.iskreni.net\/trgovina\/product\/klic\/\"]}]},{\"@type\":\"ImageObject\",\"inLanguage\":\"sl-SI\",\"@id\":\"https:\/\/www.iskreni.net\/trgovina\/product\/klic\/#primaryimage\",\"url\":\"https:\/\/www.iskreni.net\/trgovina\/wp-content\/uploads\/2024\/01\/5.jpg\",\"contentUrl\":\"https:\/\/www.iskreni.net\/trgovina\/wp-content\/uploads\/2024\/01\/5.jpg\",\"width\":600,\"height\":600},{\"@type\":\"BreadcrumbList\",\"@id\":\"https:\/\/www.iskreni.net\/trgovina\/product\/klic\/#breadcrumb\",\"itemListElement\":[{\"@type\":\"ListItem\",\"position\":1,\"name\":\"Home\",\"item\":\"https:\/\/www.iskreni.net\/trgovina\/\"},{\"@type\":\"ListItem\",\"position\":2,\"name\":\"Trgovina\",\"item\":\"https:\/\/www.iskreni.net\/trgovina\/trgovina\/\"},{\"@type\":\"ListItem\",\"position\":3,\"name\":\"Klic\"}]},{\"@type\":\"WebSite\",\"@id\":\"https:\/\/www.iskreni.net\/trgovina\/#website\",\"url\":\"https:\/\/www.iskreni.net\/trgovina\/\",\"name\":\"Zavod Iskreni\",\"description\":\"trgovina\",\"potentialAction\":[{\"@type\":\"SearchAction\",\"target\":{\"@type\":\"EntryPoint\",\"urlTemplate\":\"https:\/\/www.iskreni.net\/trgovina\/?s={search_term_string}\"},\"query-input\":{\"@type\":\"PropertyValueSpecification\",\"valueRequired\":true,\"valueName\":\"search_term_string\"}}],\"inLanguage\":\"sl-SI\"}]}<\/script>\n<!-- \/ Yoast SEO plugin. -->","yoast_head_json":{"title":"Klic - trgovina Iskreni","description":"Klic je novi mladinski roman priljubljenega italijanskega pisatelja Alessandra D' Avenie o slepem u\u010ditelju, ki svoje u\u010dence zna gledati s srcem.","robots":{"index":"index","follow":"follow","max-snippet":"max-snippet:-1","max-image-preview":"max-image-preview:large","max-video-preview":"max-video-preview:-1"},"canonical":"https:\/\/www.iskreni.net\/trgovina\/product\/klic\/","og_locale":"sl_SI","og_type":"article","og_title":"Klic","og_description":"Klic je novi mladinski roman priljubljenega italijanskega pisatelja Alessandra D' Avenie o slepem u\u010ditelju, ki svoje u\u010dence zna gledati s srcem.","og_url":"https:\/\/www.iskreni.net\/trgovina\/product\/klic\/","og_site_name":"Zavod Iskreni","article_modified_time":"2024-05-24T09:38:19+00:00","og_image":[{"width":600,"height":600,"url":"https:\/\/www.iskreni.net\/trgovina\/wp-content\/uploads\/2024\/01\/5.jpg","type":"image\/jpeg"}],"twitter_card":"summary_large_image","twitter_misc":{"Est. reading time":"3 minute"},"schema":{"@context":"https:\/\/schema.org","@graph":[{"@type":"WebPage","@id":"https:\/\/www.iskreni.net\/trgovina\/product\/klic\/","url":"https:\/\/www.iskreni.net\/trgovina\/product\/klic\/","name":"Klic - trgovina Iskreni","isPartOf":{"@id":"https:\/\/www.iskreni.net\/trgovina\/#website"},"primaryImageOfPage":{"@id":"https:\/\/www.iskreni.net\/trgovina\/product\/klic\/#primaryimage"},"image":{"@id":"https:\/\/www.iskreni.net\/trgovina\/product\/klic\/#primaryimage"},"thumbnailUrl":"https:\/\/www.iskreni.net\/trgovina\/wp-content\/uploads\/2024\/01\/5.jpg","datePublished":"2024-01-17T09:24:32+00:00","dateModified":"2024-05-24T09:38:19+00:00","description":"Klic je novi mladinski roman priljubljenega italijanskega pisatelja Alessandra D' Avenie o slepem u\u010ditelju, ki svoje u\u010dence zna gledati s srcem.","breadcrumb":{"@id":"https:\/\/www.iskreni.net\/trgovina\/product\/klic\/#breadcrumb"},"inLanguage":"sl-SI","potentialAction":[{"@type":"ReadAction","target":["https:\/\/www.iskreni.net\/trgovina\/product\/klic\/"]}]},{"@type":"ImageObject","inLanguage":"sl-SI","@id":"https:\/\/www.iskreni.net\/trgovina\/product\/klic\/#primaryimage","url":"https:\/\/www.iskreni.net\/trgovina\/wp-content\/uploads\/2024\/01\/5.jpg","contentUrl":"https:\/\/www.iskreni.net\/trgovina\/wp-content\/uploads\/2024\/01\/5.jpg","width":600,"height":600},{"@type":"BreadcrumbList","@id":"https:\/\/www.iskreni.net\/trgovina\/product\/klic\/#breadcrumb","itemListElement":[{"@type":"ListItem","position":1,"name":"Home","item":"https:\/\/www.iskreni.net\/trgovina\/"},{"@type":"ListItem","position":2,"name":"Trgovina","item":"https:\/\/www.iskreni.net\/trgovina\/trgovina\/"},{"@type":"ListItem","position":3,"name":"Klic"}]},{"@type":"WebSite","@id":"https:\/\/www.iskreni.net\/trgovina\/#website","url":"https:\/\/www.iskreni.net\/trgovina\/","name":"Zavod Iskreni","description":"trgovina","potentialAction":[{"@type":"SearchAction","target":{"@type":"EntryPoint","urlTemplate":"https:\/\/www.iskreni.net\/trgovina\/?s={search_term_string}"},"query-input":{"@type":"PropertyValueSpecification","valueRequired":true,"valueName":"search_term_string"}}],"inLanguage":"sl-SI"}]}},"_links":{"self":[{"href":"https:\/\/www.iskreni.net\/trgovina\/wp-json\/wp\/v2\/product\/72562","targetHints":{"allow":["GET"]}}],"collection":[{"href":"https:\/\/www.iskreni.net\/trgovina\/wp-json\/wp\/v2\/product"}],"about":[{"href":"https:\/\/www.iskreni.net\/trgovina\/wp-json\/wp\/v2\/types\/product"}],"replies":[{"embeddable":true,"href":"https:\/\/www.iskreni.net\/trgovina\/wp-json\/wp\/v2\/comments?post=72562"}],"version-history":[{"count":3,"href":"https:\/\/www.iskreni.net\/trgovina\/wp-json\/wp\/v2\/product\/72562\/revisions"}],"predecessor-version":[{"id":72585,"href":"https:\/\/www.iskreni.net\/trgovina\/wp-json\/wp\/v2\/product\/72562\/revisions\/72585"}],"wp:featuredmedia":[{"embeddable":true,"href":"https:\/\/www.iskreni.net\/trgovina\/wp-json\/wp\/v2\/media\/72572"}],"wp:attachment":[{"href":"https:\/\/www.iskreni.net\/trgovina\/wp-json\/wp\/v2\/media?parent=72562"}],"wp:term":[{"taxonomy":"product_brand","embeddable":true,"href":"https:\/\/www.iskreni.net\/trgovina\/wp-json\/wp\/v2\/product_brand?post=72562"},{"taxonomy":"product_cat","embeddable":true,"href":"https:\/\/www.iskreni.net\/trgovina\/wp-json\/wp\/v2\/product_cat?post=72562"},{"taxonomy":"product_tag","embeddable":true,"href":"https:\/\/www.iskreni.net\/trgovina\/wp-json\/wp\/v2\/product_tag?post=72562"},{"taxonomy":"avtor","embeddable":true,"href":"https:\/\/www.iskreni.net\/trgovina\/wp-json\/wp\/v2\/avtor?post=72562"},{"taxonomy":"zalozba","embeddable":true,"href":"https:\/\/www.iskreni.net\/trgovina\/wp-json\/wp\/v2\/zalozba?post=72562"},{"taxonomy":"vezava","embeddable":true,"href":"https:\/\/www.iskreni.net\/trgovina\/wp-json\/wp\/v2\/vezava?post=72562"}],"curies":[{"name":"wp","href":"https:\/\/api.w.org\/{rel}","templated":true}]}}