{"id":71536,"date":"2024-01-03T10:20:06","date_gmt":"2024-01-03T09:20:06","guid":{"rendered":"https:\/\/www.iskreni.net\/trgovina\/?post_type=product&#038;p=71536"},"modified":"2024-01-03T10:21:43","modified_gmt":"2024-01-03T09:21:43","slug":"vsega-hudega-resi-nas-o-gospod","status":"publish","type":"product","link":"https:\/\/www.iskreni.net\/trgovina\/product\/vsega-hudega-resi-nas-o-gospod\/","title":{"rendered":"Vsega hudega &#8211; re\u0161i nas, o Gospod!"},"content":{"rendered":"<h4>O knjigi Vsega hudega &#8211; re\u0161i nas, o Gospod!<\/h4>\n<p style=\"font-weight: 400;\">Obstoj hudobnih duhov je Svetopisemska resni\u010dnost in kdor ji ugovarja, ne pozna osnov kr\u0161\u010danske duhovnosti. Sveti Ignacij ni zaman zapisal, da je najve\u010dji uspeh hudega duha to, da nas je uspel prepri\u010dati, da sploh ne obstaja.<\/p>\n<p style=\"font-weight: 400;\">V zgodovini kr\u0161\u010danstva so se mnogi borili z izrednim delovanjem zla\u00a0\u2013\u00a0in danes ni ni\u010d druga\u010de. Skrivnostni Bo\u017eji na\u010drt je, zakaj, kdaj in kako bo kdo preizku\u0161an. Ne smemo pa pozabiti, da imajo vse preizku\u0161nje, ne glede na te\u017eo ali zna\u010daj, en sam namen. To je slava Bo\u017ejega imena.<\/p>\n<h4>Besede avtorice<\/h4>\n<p style=\"font-weight: 400;\">Nekega dne sem omagala in preprosto nisem mogla ve\u010d naprej. Oble\u017eala sem telesno, du\u0161evno in duhovno popolnoma iz\u010drpana. Prepri\u010dana sem bila, da je moje \u017eivljenje dokon\u010dano. In da je bilo zaman. A sem se motila. Bog me je le \u017eelel preobraziti v tisto, za kar me je ustvaril. In tako se je za\u010dela dolga in naporna pot okrevanja in rasti v nekaj novega.<\/p>\n<p style=\"font-weight: 400;\">Ta \u010das je bil tako bogat s spoznanji in preobrazba tako korenita, da sem si jo \u017eelela zapisati &#8211; v spodbudo, opomin, podporo in poduk nam vsem.<\/p>\n<p style=\"font-weight: 400;\">Tako je nastala pri\u010dujo\u010da knjiga. Njeno vsebino sem razdelila\u00a0na tri zaklju\u010dene celote. V prvem delu delim z vami nekaj osebnih do\u017eivetij in spoznanj, ki sem jih bila dele\u017ena v \u010dasu ozdravljanja in ko je zorela vsebina za pri\u010dujo\u010do knjigo.<\/p>\n<p style=\"font-weight: 400;\">Drugi del zajema povzetek teoreti\u010dnega znanja in nekaterih spoznanj o delovanju hudobnih duhov, njihovih namenih, strasteh in Bo\u017ejem na\u010drtu.\u00a0V resnici je veliko bolj obse\u017ena, kot\u00a0mi jo je uspelo predstaviti na teh nekaj straneh, vendar\u00a0bo za prvo soo\u010denje ve\u010d kot dovolj.<\/p>\n<p style=\"font-weight: 400;\">Tretji del je zbirka razli\u010dnih molitev, ki so nam lahko v podporo in spodbudo za bolj poglobljeno duhovno \u017eivljenje ali za oporo v duhovnem boju. Zame so bile prav te molitve neprecenljiva popotnica in velika tola\u017eba v najte\u017ejih \u010dasih \u2212 predvsem takrat, ko je bilo le \u0161e Jezusovo ime tisto, \u010desar sem se lahko oklenila.<\/p>\n<p style=\"font-weight: 400;\">Knjiga, ki je pred nami je druga, dopolnjena izdaja.<\/p>\n<p>&nbsp;<\/p>\n","protected":false},"excerpt":{"rendered":"<p><strong>Leto izdaje:<\/strong> 2024<br \/>\n<strong>\u0160tevilo strani:<\/strong> 186<br \/>\n<strong>Format:<\/strong> 11,5 x 19 cm<\/p>\n<p>&nbsp;<\/p>\n","protected":false},"featured_media":71917,"comment_status":"open","ping_status":"closed","template":"","meta":[],"product_brand":[],"product_cat":[2324,63],"product_tag":[2636,391,1896],"avtor":[2369],"zalozba":[2346],"vezava":[2635],"class_list":{"0":"post-71536","1":"product","2":"type-product","3":"status-publish","4":"has-post-thumbnail","6":"product_cat-duhovnost-in-osebna-rast","7":"product_cat-knjige","8":"product_tag-duhovni-boj","9":"product_tag-jezus","10":"product_tag-molitev","11":"avtor-natasa-rupena","12":"zalozba-samozalozba-fede-natasa-rupena-s-p","13":"vezava-mehka-z-zavihki","15":"first","16":"instock","17":"taxable","18":"shipping-taxable","19":"purchasable","20":"product-type-simple"},"yoast_head":"<!-- This site is optimized with the Yoast SEO plugin v26.3 - https:\/\/yoast.com\/wordpress\/plugins\/seo\/ -->\n<title>Vsega hudega - re\u0161i nas, o Gospod! - trgovina Zavod Iskreni<\/title>\n<meta name=\"description\" content=\"Vsega hudega - re\u0161i nas, o Gospod! vsebuje bogata spoznanja in do\u017eivljanje preobrazbe avtorice na njeni poti duhovnega boja.\" \/>\n<meta name=\"robots\" content=\"index, follow, max-snippet:-1, max-image-preview:large, max-video-preview:-1\" \/>\n<link rel=\"canonical\" href=\"https:\/\/www.iskreni.net\/trgovina\/product\/vsega-hudega-resi-nas-o-gospod\/\" \/>\n<meta property=\"og:locale\" content=\"sl_SI\" \/>\n<meta property=\"og:type\" content=\"article\" \/>\n<meta property=\"og:title\" content=\"Vsega hudega - re\u0161i nas, o Gospod!\" \/>\n<meta property=\"og:description\" content=\"Vsega hudega - re\u0161i nas, o Gospod! vsebuje bogata spoznanja in do\u017eivljanje preobrazbe avtorice na njeni poti duhovnega boja.\" \/>\n<meta property=\"og:url\" content=\"https:\/\/www.iskreni.net\/trgovina\/product\/vsega-hudega-resi-nas-o-gospod\/\" \/>\n<meta property=\"og:site_name\" content=\"Zavod Iskreni\" \/>\n<meta property=\"article:modified_time\" content=\"2024-01-03T09:21:43+00:00\" \/>\n<meta property=\"og:image\" content=\"https:\/\/www.iskreni.net\/trgovina\/wp-content\/uploads\/2023\/12\/Slike-za-v-spletno-trgovino-48.jpg\" \/>\n\t<meta property=\"og:image:width\" content=\"600\" \/>\n\t<meta property=\"og:image:height\" content=\"600\" \/>\n\t<meta property=\"og:image:type\" content=\"image\/jpeg\" \/>\n<meta name=\"twitter:card\" content=\"summary_large_image\" \/>\n<meta name=\"twitter:label1\" content=\"Est. reading time\" \/>\n\t<meta name=\"twitter:data1\" content=\"2 minuti\" \/>\n<script type=\"application\/ld+json\" class=\"yoast-schema-graph\">{\"@context\":\"https:\/\/schema.org\",\"@graph\":[{\"@type\":\"WebPage\",\"@id\":\"https:\/\/www.iskreni.net\/trgovina\/product\/vsega-hudega-resi-nas-o-gospod\/\",\"url\":\"https:\/\/www.iskreni.net\/trgovina\/product\/vsega-hudega-resi-nas-o-gospod\/\",\"name\":\"Vsega hudega - re\u0161i nas, o Gospod! - trgovina Zavod Iskreni\",\"isPartOf\":{\"@id\":\"https:\/\/www.iskreni.net\/trgovina\/#website\"},\"primaryImageOfPage\":{\"@id\":\"https:\/\/www.iskreni.net\/trgovina\/product\/vsega-hudega-resi-nas-o-gospod\/#primaryimage\"},\"image\":{\"@id\":\"https:\/\/www.iskreni.net\/trgovina\/product\/vsega-hudega-resi-nas-o-gospod\/#primaryimage\"},\"thumbnailUrl\":\"https:\/\/www.iskreni.net\/trgovina\/wp-content\/uploads\/2023\/12\/Slike-za-v-spletno-trgovino-48.jpg\",\"datePublished\":\"2024-01-03T09:20:06+00:00\",\"dateModified\":\"2024-01-03T09:21:43+00:00\",\"description\":\"Vsega hudega - re\u0161i nas, o Gospod! vsebuje bogata spoznanja in do\u017eivljanje preobrazbe avtorice na njeni poti duhovnega boja.\",\"breadcrumb\":{\"@id\":\"https:\/\/www.iskreni.net\/trgovina\/product\/vsega-hudega-resi-nas-o-gospod\/#breadcrumb\"},\"inLanguage\":\"sl-SI\",\"potentialAction\":[{\"@type\":\"ReadAction\",\"target\":[\"https:\/\/www.iskreni.net\/trgovina\/product\/vsega-hudega-resi-nas-o-gospod\/\"]}]},{\"@type\":\"ImageObject\",\"inLanguage\":\"sl-SI\",\"@id\":\"https:\/\/www.iskreni.net\/trgovina\/product\/vsega-hudega-resi-nas-o-gospod\/#primaryimage\",\"url\":\"https:\/\/www.iskreni.net\/trgovina\/wp-content\/uploads\/2023\/12\/Slike-za-v-spletno-trgovino-48.jpg\",\"contentUrl\":\"https:\/\/www.iskreni.net\/trgovina\/wp-content\/uploads\/2023\/12\/Slike-za-v-spletno-trgovino-48.jpg\",\"width\":600,\"height\":600},{\"@type\":\"BreadcrumbList\",\"@id\":\"https:\/\/www.iskreni.net\/trgovina\/product\/vsega-hudega-resi-nas-o-gospod\/#breadcrumb\",\"itemListElement\":[{\"@type\":\"ListItem\",\"position\":1,\"name\":\"Home\",\"item\":\"https:\/\/www.iskreni.net\/trgovina\/\"},{\"@type\":\"ListItem\",\"position\":2,\"name\":\"Trgovina\",\"item\":\"https:\/\/www.iskreni.net\/trgovina\/trgovina\/\"},{\"@type\":\"ListItem\",\"position\":3,\"name\":\"Vsega hudega &#8211; re\u0161i nas, o Gospod!\"}]},{\"@type\":\"WebSite\",\"@id\":\"https:\/\/www.iskreni.net\/trgovina\/#website\",\"url\":\"https:\/\/www.iskreni.net\/trgovina\/\",\"name\":\"Zavod Iskreni\",\"description\":\"trgovina\",\"potentialAction\":[{\"@type\":\"SearchAction\",\"target\":{\"@type\":\"EntryPoint\",\"urlTemplate\":\"https:\/\/www.iskreni.net\/trgovina\/?s={search_term_string}\"},\"query-input\":{\"@type\":\"PropertyValueSpecification\",\"valueRequired\":true,\"valueName\":\"search_term_string\"}}],\"inLanguage\":\"sl-SI\"}]}<\/script>\n<!-- \/ Yoast SEO plugin. -->","yoast_head_json":{"title":"Vsega hudega - re\u0161i nas, o Gospod! - trgovina Zavod Iskreni","description":"Vsega hudega - re\u0161i nas, o Gospod! vsebuje bogata spoznanja in do\u017eivljanje preobrazbe avtorice na njeni poti duhovnega boja.","robots":{"index":"index","follow":"follow","max-snippet":"max-snippet:-1","max-image-preview":"max-image-preview:large","max-video-preview":"max-video-preview:-1"},"canonical":"https:\/\/www.iskreni.net\/trgovina\/product\/vsega-hudega-resi-nas-o-gospod\/","og_locale":"sl_SI","og_type":"article","og_title":"Vsega hudega - re\u0161i nas, o Gospod!","og_description":"Vsega hudega - re\u0161i nas, o Gospod! vsebuje bogata spoznanja in do\u017eivljanje preobrazbe avtorice na njeni poti duhovnega boja.","og_url":"https:\/\/www.iskreni.net\/trgovina\/product\/vsega-hudega-resi-nas-o-gospod\/","og_site_name":"Zavod Iskreni","article_modified_time":"2024-01-03T09:21:43+00:00","og_image":[{"width":600,"height":600,"url":"https:\/\/www.iskreni.net\/trgovina\/wp-content\/uploads\/2023\/12\/Slike-za-v-spletno-trgovino-48.jpg","type":"image\/jpeg"}],"twitter_card":"summary_large_image","twitter_misc":{"Est. reading time":"2 minuti"},"schema":{"@context":"https:\/\/schema.org","@graph":[{"@type":"WebPage","@id":"https:\/\/www.iskreni.net\/trgovina\/product\/vsega-hudega-resi-nas-o-gospod\/","url":"https:\/\/www.iskreni.net\/trgovina\/product\/vsega-hudega-resi-nas-o-gospod\/","name":"Vsega hudega - re\u0161i nas, o Gospod! - trgovina Zavod Iskreni","isPartOf":{"@id":"https:\/\/www.iskreni.net\/trgovina\/#website"},"primaryImageOfPage":{"@id":"https:\/\/www.iskreni.net\/trgovina\/product\/vsega-hudega-resi-nas-o-gospod\/#primaryimage"},"image":{"@id":"https:\/\/www.iskreni.net\/trgovina\/product\/vsega-hudega-resi-nas-o-gospod\/#primaryimage"},"thumbnailUrl":"https:\/\/www.iskreni.net\/trgovina\/wp-content\/uploads\/2023\/12\/Slike-za-v-spletno-trgovino-48.jpg","datePublished":"2024-01-03T09:20:06+00:00","dateModified":"2024-01-03T09:21:43+00:00","description":"Vsega hudega - re\u0161i nas, o Gospod! vsebuje bogata spoznanja in do\u017eivljanje preobrazbe avtorice na njeni poti duhovnega boja.","breadcrumb":{"@id":"https:\/\/www.iskreni.net\/trgovina\/product\/vsega-hudega-resi-nas-o-gospod\/#breadcrumb"},"inLanguage":"sl-SI","potentialAction":[{"@type":"ReadAction","target":["https:\/\/www.iskreni.net\/trgovina\/product\/vsega-hudega-resi-nas-o-gospod\/"]}]},{"@type":"ImageObject","inLanguage":"sl-SI","@id":"https:\/\/www.iskreni.net\/trgovina\/product\/vsega-hudega-resi-nas-o-gospod\/#primaryimage","url":"https:\/\/www.iskreni.net\/trgovina\/wp-content\/uploads\/2023\/12\/Slike-za-v-spletno-trgovino-48.jpg","contentUrl":"https:\/\/www.iskreni.net\/trgovina\/wp-content\/uploads\/2023\/12\/Slike-za-v-spletno-trgovino-48.jpg","width":600,"height":600},{"@type":"BreadcrumbList","@id":"https:\/\/www.iskreni.net\/trgovina\/product\/vsega-hudega-resi-nas-o-gospod\/#breadcrumb","itemListElement":[{"@type":"ListItem","position":1,"name":"Home","item":"https:\/\/www.iskreni.net\/trgovina\/"},{"@type":"ListItem","position":2,"name":"Trgovina","item":"https:\/\/www.iskreni.net\/trgovina\/trgovina\/"},{"@type":"ListItem","position":3,"name":"Vsega hudega &#8211; re\u0161i nas, o Gospod!"}]},{"@type":"WebSite","@id":"https:\/\/www.iskreni.net\/trgovina\/#website","url":"https:\/\/www.iskreni.net\/trgovina\/","name":"Zavod Iskreni","description":"trgovina","potentialAction":[{"@type":"SearchAction","target":{"@type":"EntryPoint","urlTemplate":"https:\/\/www.iskreni.net\/trgovina\/?s={search_term_string}"},"query-input":{"@type":"PropertyValueSpecification","valueRequired":true,"valueName":"search_term_string"}}],"inLanguage":"sl-SI"}]}},"_links":{"self":[{"href":"https:\/\/www.iskreni.net\/trgovina\/wp-json\/wp\/v2\/product\/71536","targetHints":{"allow":["GET"]}}],"collection":[{"href":"https:\/\/www.iskreni.net\/trgovina\/wp-json\/wp\/v2\/product"}],"about":[{"href":"https:\/\/www.iskreni.net\/trgovina\/wp-json\/wp\/v2\/types\/product"}],"replies":[{"embeddable":true,"href":"https:\/\/www.iskreni.net\/trgovina\/wp-json\/wp\/v2\/comments?post=71536"}],"version-history":[{"count":2,"href":"https:\/\/www.iskreni.net\/trgovina\/wp-json\/wp\/v2\/product\/71536\/revisions"}],"predecessor-version":[{"id":71539,"href":"https:\/\/www.iskreni.net\/trgovina\/wp-json\/wp\/v2\/product\/71536\/revisions\/71539"}],"wp:featuredmedia":[{"embeddable":true,"href":"https:\/\/www.iskreni.net\/trgovina\/wp-json\/wp\/v2\/media\/71917"}],"wp:attachment":[{"href":"https:\/\/www.iskreni.net\/trgovina\/wp-json\/wp\/v2\/media?parent=71536"}],"wp:term":[{"taxonomy":"product_brand","embeddable":true,"href":"https:\/\/www.iskreni.net\/trgovina\/wp-json\/wp\/v2\/product_brand?post=71536"},{"taxonomy":"product_cat","embeddable":true,"href":"https:\/\/www.iskreni.net\/trgovina\/wp-json\/wp\/v2\/product_cat?post=71536"},{"taxonomy":"product_tag","embeddable":true,"href":"https:\/\/www.iskreni.net\/trgovina\/wp-json\/wp\/v2\/product_tag?post=71536"},{"taxonomy":"avtor","embeddable":true,"href":"https:\/\/www.iskreni.net\/trgovina\/wp-json\/wp\/v2\/avtor?post=71536"},{"taxonomy":"zalozba","embeddable":true,"href":"https:\/\/www.iskreni.net\/trgovina\/wp-json\/wp\/v2\/zalozba?post=71536"},{"taxonomy":"vezava","embeddable":true,"href":"https:\/\/www.iskreni.net\/trgovina\/wp-json\/wp\/v2\/vezava?post=71536"}],"curies":[{"name":"wp","href":"https:\/\/api.w.org\/{rel}","templated":true}]}}