{"id":71277,"date":"2023-12-08T14:16:27","date_gmt":"2023-12-08T13:16:27","guid":{"rendered":"https:\/\/www.iskreni.net\/trgovina\/?post_type=product&#038;p=71277"},"modified":"2023-12-08T14:35:49","modified_gmt":"2023-12-08T13:35:49","slug":"sveti-serafim","status":"publish","type":"product","link":"https:\/\/www.iskreni.net\/trgovina\/product\/sveti-serafim\/","title":{"rendered":"Sveti Serafim"},"content":{"rendered":"<h4>O knjigi Sveti Serafim<\/h4>\n<div class=\"tab-description js-tab-singleProduct-description content-tab\">\n<p>O \u017eivljenju pu\u0161\u010davnika svetega Serafima v Sarovskem gozdu ne vemo veliko. Sveti Serafim je za ve\u010d dolgih let zapustil svet in si izbral te\u017eko pot samote in pu\u0161\u010davni\u0161tva. Govorimo o \u0161tirih desetletjih ti\u0161ine, samote, skrivnosti in neverjetne askeze. \u0160ele proti koncu svojega \u017eivljenja je ocenil, da je pomembno, da so njegovi nebe\u0161ki obiski izpri\u010dani.<\/p>\n<p>Leta, ki jih je pre\u017eivel v pu\u0161\u010davi, boji z demonskimi silami, ti\u0161ina in odmik so bili le uvod v obdobje, v katerem se je pri ve\u010d kot \u0161estdesetih letih posvetil trpe\u010dim ljudem in preostanek \u017eivljenja pre\u017eivel obdan z mno\u017eicami, ki so k njemu prihajale po pomo\u010d in tola\u017ebo.<\/p>\n<h4><strong>Odlomek iz knjige:<\/strong><\/h4>\n<p>\u00bbAna je proti koncu pripovedi poro\u010dala tudi o tem, da jo je prevzela velika radost, ko je iz ust o\u010deta Serafima sli\u0161ala presenetljive besede o Bo\u017ejem kraljestvu in ve\u010dnem \u017eivljenju. \u00bbNe bi jih znala ponoviti,\u00ab je zapisala, \u00bbne o\u010detovih to\u010dnih besed ne vtisa, ki so ga naredile name. Rekla bom le, da se mi je izraz na njegovem obrazu zdel izjemno nenavaden: iz njegove notranjosti je \u017earela svetloba, ki je razsvetlila njegove poteze, njegova bit se je zdela v celoti ovita v milost Svetega Duha in povzdignjena nad zemljo.\u00ab<\/p>\n<\/div>\n<p>&nbsp;<\/p>\n","protected":false},"excerpt":{"rendered":"<p><strong>Leto izdaje:<\/strong> 2023<br \/>\n<strong>\u0160tevilo strani:<\/strong> 256<br \/>\n<strong>Mere:<\/strong> 120 x 170 mm<\/p>\n<h5><\/h5>\n","protected":false},"featured_media":71288,"comment_status":"open","ping_status":"closed","template":"","meta":[],"product_brand":[],"product_cat":[2324,2350,135],"product_tag":[],"avtor":[2631],"zalozba":[2311],"vezava":[2307],"class_list":{"0":"post-71277","1":"product","2":"type-product","3":"status-publish","4":"has-post-thumbnail","6":"product_cat-duhovnost-in-osebna-rast","7":"product_cat-za-mlade","8":"product_cat-za-otroke","9":"avtor-valentine-zander","10":"zalozba-druzina","11":"vezava-mehka","13":"first","14":"onbackorder","15":"taxable","16":"shipping-taxable","17":"purchasable","18":"product-type-simple"},"yoast_head":"<!-- This site is optimized with the Yoast SEO plugin v26.3 - https:\/\/yoast.com\/wordpress\/plugins\/seo\/ -->\n<title>Sveti Serafim - trgovina Iskreni<\/title>\n<meta name=\"description\" content=\"Sveti Serafim pripoveduje o skrivnostnem \u017eivljenju pu\u0161\u010davnika svetega Serafima, ki je \u0161tirideset let pre\u017eivel v samoti in ti\u0161ini v Sarovskem gozdu.\" \/>\n<meta name=\"robots\" content=\"index, follow, max-snippet:-1, max-image-preview:large, max-video-preview:-1\" \/>\n<link rel=\"canonical\" href=\"https:\/\/www.iskreni.net\/trgovina\/product\/sveti-serafim\/\" \/>\n<meta property=\"og:locale\" content=\"sl_SI\" \/>\n<meta property=\"og:type\" content=\"article\" \/>\n<meta property=\"og:title\" content=\"Sveti Serafim\" \/>\n<meta property=\"og:description\" content=\"Sveti Serafim pripoveduje o skrivnostnem \u017eivljenju pu\u0161\u010davnika svetega Serafima, ki je \u0161tirideset let pre\u017eivel v samoti in ti\u0161ini v Sarovskem gozdu.\" \/>\n<meta property=\"og:url\" content=\"https:\/\/www.iskreni.net\/trgovina\/product\/sveti-serafim\/\" \/>\n<meta property=\"og:site_name\" content=\"Zavod Iskreni\" \/>\n<meta property=\"article:modified_time\" content=\"2023-12-08T13:35:49+00:00\" \/>\n<meta property=\"og:image\" content=\"https:\/\/www.iskreni.net\/trgovina\/wp-content\/uploads\/2023\/12\/1.jpg\" \/>\n\t<meta property=\"og:image:width\" content=\"600\" \/>\n\t<meta property=\"og:image:height\" content=\"600\" \/>\n\t<meta property=\"og:image:type\" content=\"image\/jpeg\" \/>\n<meta name=\"twitter:card\" content=\"summary_large_image\" \/>\n<meta name=\"twitter:label1\" content=\"Est. reading time\" \/>\n\t<meta name=\"twitter:data1\" content=\"2 minuti\" \/>\n<script type=\"application\/ld+json\" class=\"yoast-schema-graph\">{\"@context\":\"https:\/\/schema.org\",\"@graph\":[{\"@type\":\"WebPage\",\"@id\":\"https:\/\/www.iskreni.net\/trgovina\/product\/sveti-serafim\/\",\"url\":\"https:\/\/www.iskreni.net\/trgovina\/product\/sveti-serafim\/\",\"name\":\"Sveti Serafim - trgovina Iskreni\",\"isPartOf\":{\"@id\":\"https:\/\/www.iskreni.net\/trgovina\/#website\"},\"primaryImageOfPage\":{\"@id\":\"https:\/\/www.iskreni.net\/trgovina\/product\/sveti-serafim\/#primaryimage\"},\"image\":{\"@id\":\"https:\/\/www.iskreni.net\/trgovina\/product\/sveti-serafim\/#primaryimage\"},\"thumbnailUrl\":\"https:\/\/www.iskreni.net\/trgovina\/wp-content\/uploads\/2023\/12\/1.jpg\",\"datePublished\":\"2023-12-08T13:16:27+00:00\",\"dateModified\":\"2023-12-08T13:35:49+00:00\",\"description\":\"Sveti Serafim pripoveduje o skrivnostnem \u017eivljenju pu\u0161\u010davnika svetega Serafima, ki je \u0161tirideset let pre\u017eivel v samoti in ti\u0161ini v Sarovskem gozdu.\",\"breadcrumb\":{\"@id\":\"https:\/\/www.iskreni.net\/trgovina\/product\/sveti-serafim\/#breadcrumb\"},\"inLanguage\":\"sl-SI\",\"potentialAction\":[{\"@type\":\"ReadAction\",\"target\":[\"https:\/\/www.iskreni.net\/trgovina\/product\/sveti-serafim\/\"]}]},{\"@type\":\"ImageObject\",\"inLanguage\":\"sl-SI\",\"@id\":\"https:\/\/www.iskreni.net\/trgovina\/product\/sveti-serafim\/#primaryimage\",\"url\":\"https:\/\/www.iskreni.net\/trgovina\/wp-content\/uploads\/2023\/12\/1.jpg\",\"contentUrl\":\"https:\/\/www.iskreni.net\/trgovina\/wp-content\/uploads\/2023\/12\/1.jpg\",\"width\":600,\"height\":600},{\"@type\":\"BreadcrumbList\",\"@id\":\"https:\/\/www.iskreni.net\/trgovina\/product\/sveti-serafim\/#breadcrumb\",\"itemListElement\":[{\"@type\":\"ListItem\",\"position\":1,\"name\":\"Home\",\"item\":\"https:\/\/www.iskreni.net\/trgovina\/\"},{\"@type\":\"ListItem\",\"position\":2,\"name\":\"Trgovina\",\"item\":\"https:\/\/www.iskreni.net\/trgovina\/trgovina\/\"},{\"@type\":\"ListItem\",\"position\":3,\"name\":\"Sveti Serafim\"}]},{\"@type\":\"WebSite\",\"@id\":\"https:\/\/www.iskreni.net\/trgovina\/#website\",\"url\":\"https:\/\/www.iskreni.net\/trgovina\/\",\"name\":\"Zavod Iskreni\",\"description\":\"trgovina\",\"potentialAction\":[{\"@type\":\"SearchAction\",\"target\":{\"@type\":\"EntryPoint\",\"urlTemplate\":\"https:\/\/www.iskreni.net\/trgovina\/?s={search_term_string}\"},\"query-input\":{\"@type\":\"PropertyValueSpecification\",\"valueRequired\":true,\"valueName\":\"search_term_string\"}}],\"inLanguage\":\"sl-SI\"}]}<\/script>\n<!-- \/ Yoast SEO plugin. -->","yoast_head_json":{"title":"Sveti Serafim - trgovina Iskreni","description":"Sveti Serafim pripoveduje o skrivnostnem \u017eivljenju pu\u0161\u010davnika svetega Serafima, ki je \u0161tirideset let pre\u017eivel v samoti in ti\u0161ini v Sarovskem gozdu.","robots":{"index":"index","follow":"follow","max-snippet":"max-snippet:-1","max-image-preview":"max-image-preview:large","max-video-preview":"max-video-preview:-1"},"canonical":"https:\/\/www.iskreni.net\/trgovina\/product\/sveti-serafim\/","og_locale":"sl_SI","og_type":"article","og_title":"Sveti Serafim","og_description":"Sveti Serafim pripoveduje o skrivnostnem \u017eivljenju pu\u0161\u010davnika svetega Serafima, ki je \u0161tirideset let pre\u017eivel v samoti in ti\u0161ini v Sarovskem gozdu.","og_url":"https:\/\/www.iskreni.net\/trgovina\/product\/sveti-serafim\/","og_site_name":"Zavod Iskreni","article_modified_time":"2023-12-08T13:35:49+00:00","og_image":[{"width":600,"height":600,"url":"https:\/\/www.iskreni.net\/trgovina\/wp-content\/uploads\/2023\/12\/1.jpg","type":"image\/jpeg"}],"twitter_card":"summary_large_image","twitter_misc":{"Est. reading time":"2 minuti"},"schema":{"@context":"https:\/\/schema.org","@graph":[{"@type":"WebPage","@id":"https:\/\/www.iskreni.net\/trgovina\/product\/sveti-serafim\/","url":"https:\/\/www.iskreni.net\/trgovina\/product\/sveti-serafim\/","name":"Sveti Serafim - trgovina Iskreni","isPartOf":{"@id":"https:\/\/www.iskreni.net\/trgovina\/#website"},"primaryImageOfPage":{"@id":"https:\/\/www.iskreni.net\/trgovina\/product\/sveti-serafim\/#primaryimage"},"image":{"@id":"https:\/\/www.iskreni.net\/trgovina\/product\/sveti-serafim\/#primaryimage"},"thumbnailUrl":"https:\/\/www.iskreni.net\/trgovina\/wp-content\/uploads\/2023\/12\/1.jpg","datePublished":"2023-12-08T13:16:27+00:00","dateModified":"2023-12-08T13:35:49+00:00","description":"Sveti Serafim pripoveduje o skrivnostnem \u017eivljenju pu\u0161\u010davnika svetega Serafima, ki je \u0161tirideset let pre\u017eivel v samoti in ti\u0161ini v Sarovskem gozdu.","breadcrumb":{"@id":"https:\/\/www.iskreni.net\/trgovina\/product\/sveti-serafim\/#breadcrumb"},"inLanguage":"sl-SI","potentialAction":[{"@type":"ReadAction","target":["https:\/\/www.iskreni.net\/trgovina\/product\/sveti-serafim\/"]}]},{"@type":"ImageObject","inLanguage":"sl-SI","@id":"https:\/\/www.iskreni.net\/trgovina\/product\/sveti-serafim\/#primaryimage","url":"https:\/\/www.iskreni.net\/trgovina\/wp-content\/uploads\/2023\/12\/1.jpg","contentUrl":"https:\/\/www.iskreni.net\/trgovina\/wp-content\/uploads\/2023\/12\/1.jpg","width":600,"height":600},{"@type":"BreadcrumbList","@id":"https:\/\/www.iskreni.net\/trgovina\/product\/sveti-serafim\/#breadcrumb","itemListElement":[{"@type":"ListItem","position":1,"name":"Home","item":"https:\/\/www.iskreni.net\/trgovina\/"},{"@type":"ListItem","position":2,"name":"Trgovina","item":"https:\/\/www.iskreni.net\/trgovina\/trgovina\/"},{"@type":"ListItem","position":3,"name":"Sveti Serafim"}]},{"@type":"WebSite","@id":"https:\/\/www.iskreni.net\/trgovina\/#website","url":"https:\/\/www.iskreni.net\/trgovina\/","name":"Zavod Iskreni","description":"trgovina","potentialAction":[{"@type":"SearchAction","target":{"@type":"EntryPoint","urlTemplate":"https:\/\/www.iskreni.net\/trgovina\/?s={search_term_string}"},"query-input":{"@type":"PropertyValueSpecification","valueRequired":true,"valueName":"search_term_string"}}],"inLanguage":"sl-SI"}]}},"_links":{"self":[{"href":"https:\/\/www.iskreni.net\/trgovina\/wp-json\/wp\/v2\/product\/71277","targetHints":{"allow":["GET"]}}],"collection":[{"href":"https:\/\/www.iskreni.net\/trgovina\/wp-json\/wp\/v2\/product"}],"about":[{"href":"https:\/\/www.iskreni.net\/trgovina\/wp-json\/wp\/v2\/types\/product"}],"replies":[{"embeddable":true,"href":"https:\/\/www.iskreni.net\/trgovina\/wp-json\/wp\/v2\/comments?post=71277"}],"version-history":[{"count":2,"href":"https:\/\/www.iskreni.net\/trgovina\/wp-json\/wp\/v2\/product\/71277\/revisions"}],"predecessor-version":[{"id":71294,"href":"https:\/\/www.iskreni.net\/trgovina\/wp-json\/wp\/v2\/product\/71277\/revisions\/71294"}],"wp:featuredmedia":[{"embeddable":true,"href":"https:\/\/www.iskreni.net\/trgovina\/wp-json\/wp\/v2\/media\/71288"}],"wp:attachment":[{"href":"https:\/\/www.iskreni.net\/trgovina\/wp-json\/wp\/v2\/media?parent=71277"}],"wp:term":[{"taxonomy":"product_brand","embeddable":true,"href":"https:\/\/www.iskreni.net\/trgovina\/wp-json\/wp\/v2\/product_brand?post=71277"},{"taxonomy":"product_cat","embeddable":true,"href":"https:\/\/www.iskreni.net\/trgovina\/wp-json\/wp\/v2\/product_cat?post=71277"},{"taxonomy":"product_tag","embeddable":true,"href":"https:\/\/www.iskreni.net\/trgovina\/wp-json\/wp\/v2\/product_tag?post=71277"},{"taxonomy":"avtor","embeddable":true,"href":"https:\/\/www.iskreni.net\/trgovina\/wp-json\/wp\/v2\/avtor?post=71277"},{"taxonomy":"zalozba","embeddable":true,"href":"https:\/\/www.iskreni.net\/trgovina\/wp-json\/wp\/v2\/zalozba?post=71277"},{"taxonomy":"vezava","embeddable":true,"href":"https:\/\/www.iskreni.net\/trgovina\/wp-json\/wp\/v2\/vezava?post=71277"}],"curies":[{"name":"wp","href":"https:\/\/api.w.org\/{rel}","templated":true}]}}