{"id":71258,"date":"2023-12-08T11:41:26","date_gmt":"2023-12-08T10:41:26","guid":{"rendered":"https:\/\/www.iskreni.net\/trgovina\/?post_type=product&#038;p=71258"},"modified":"2025-07-11T09:33:57","modified_gmt":"2025-07-11T07:33:57","slug":"enejeva-izbira","status":"publish","type":"product","link":"https:\/\/www.iskreni.net\/trgovina\/product\/enejeva-izbira\/","title":{"rendered":"Enejeva izbira"},"content":{"rendered":"<h3 id=\"anchor-o-izdelku\" class=\"title\">O knjigi Enejeva izbira<\/h3>\n<div class=\"tab-description js-tab-singleProduct-description content-tab\">Konec Troje in posledi\u010dni beg Eneja z o\u010detom Anhizom na ramenih tako postaneta\u00a0<strong>metafora za potovanje, ki ga\u00a0<\/strong>Epicoco opravi skozi razli\u010dne \u017eivljenjske dobe, zlasti o starosti in dialogu, ki ga mora vzpostaviti z novimi generacijami in obratno. Na straneh tega dela seveda predvsem odmeva Sveto pismo, pa tudi magisterij pape\u017ea Fran\u010di\u0161ka, pri katerem je avtor eden glavnih sodelavcev, zlasti ko gre za pripravo govorov, pisem in temeljnih dokumentov pontifikata.<\/div>\n<div><\/div>\n<h3>Komentar zalo\u017enika<\/h3>\n<p>&#8220;&#8230;treba je ohraniti seme! To je na\u0161a naloga. To je odre\u0161enje. To je storil Enej in k temu smo poklicani vsi. &#8221; Tako pi\u0161e avtor, filozof in teolog don Luigi Maria Epicoco, v svoji najnovej\u0161i knjigi z naslovom Enejeva izbira (Salve). Re\u0161iti moramo seme. Z re\u0161itvijo semena bomo re\u0161ili svet.Za verujo\u010de je re\u0161evanje potovanje, ki nas vodi k cilju, za katerega \u0161e nih\u010de od nas ne ve, kak\u0161en je in kako se imenuje.&#8221; Epicoco opozarja, da &#8220;tudi Enej ni vedel, v kateri de\u017eeli se bo kon\u010dalo njegovo potovanje in kako se ta imenuje. Umrl je nenavadne smrti in njegovega trupla niso na\u0161li. Po mnenju nekaterih so ga odnesli bogovi. Morda pa je bila ta smrt, ki je ni bilo mogo\u010de zapreti v grob, predpodoba tiste, ki jo je nekega dne nekdo drug premagal za vselej in tudi nas re\u0161il iz na\u0161ega groba. Zaradi njegovega vstajenja lahko tudi mi za\u010dnemo vedno znova.&#8221;<\/p>\n<p>Epicocovo besedilo, ki si prizadeva izslediti &#8220;klju\u010d za razumevanje sedanjosti&#8221;, kot se glasi podnaslov, je zelo u\u010dinkovit posnetek trenutne dru\u017ebene pokrajine, zlasti po pandemiji. &#8220;\u010clovek,&#8221; pi\u0161e avtor, &#8220;je bitje, ki posnema in se u\u010di \u017eiveti z opazovanjem drugih. Da bi razumel samega sebe, je v vseh zgodovinskih obdobjih opazoval druge in se po njih zgledoval. O tem pri\u010dujejo tudi znameniti anti\u010dni epi, kot so Iliada, Odiseja in Eneida, navdihnjena besedila, kot je Sveto pismo, v novej\u0161em \u010dasu pa Dantejeva Bo\u017eanska komedija, Shakespearova dela in Tolkienov Gospodar prstanov.&#8221;<\/p>\n<p>Avtor poudarja, da &#8220;se bo kdo nad mojim primerjanjem tako razli\u010dnih literarnih \u017eanrov celo zgra\u017eal, vendar tega ne po\u010dnem z literarnega, filozofskega, filolo\u0161kega ali \u0161e kak\u0161nega vidika, ampak v prepri\u010danju, da smo vsi potopljeni v neki domi\u0161ljijski svet, ki vpliva na na\u0161e razmi\u0161ljanje. Menim, da nas ta svet na neki na\u010din dolo\u010da in spreminja.&#8221;<\/p>\n<p>Konec Troje in posledi\u010dni beg Eneja z o\u010detom Anhizom na ramenih tako postaneta prispodoba potovanja, ki ga Epicoco opravi skozi razli\u010dne \u017eivljenjske dobe, pri \u010demer se ustavi zlasti pri starosti in dialogu, ki ga mora vzpostaviti z novimi generacijami in obratno. Na straneh knjige seveda mo\u010dno odmeva Sveto pismo, pa tudi u\u010diteljstvo pape\u017ea Fran\u010di\u0161ka, pri katerem je avtor eden glavnih sodelavcev, zlasti kar zadeva pripravo govorov, pisem in temeljnih dokumentov pontifikata.<\/p>\n<p>&#8220;Naj posebej poudarim, da je zame kr\u0161\u010danstvo nezamenljiva izbira. Izhajam iz prepri\u010danja, da nam evangeljsko sporo\u010dilo in predvsem Jezus kot oseba dajeta najbolj realen in optimisti\u010den pogled na svet in \u017eivljenje. Tudi \u010de v njem ne prepoznamo Bo\u017ejega Sina, doslej nisem sre\u010dal nikogar, ki bi imel prepri\u010dljivej\u0161e argumente od njegovih. Po mojem mnenju je prav Jezus tisti, ki je bolje kot Enej povezal v celoto vse delce in vidike resni\u010dnosti: neba, zemlje in \u010dlove\u0161kega \u017eivljenja. Zato veliko mojih razmi\u0161ljanj na teh straneh sloni na svetopisemskih podobah&#8221;, tako avtor v lastni spremni besedi.<\/p>\n<p>Vabilo bralcem je jasno: Upam, da bo ta knjiga \u010dloveku na\u0161ega \u010dasa, ki mu v trenutni zimi duha primanjkuje upanja, pomagala potrpe\u017eljivo \u010dakati na prihajajo\u010do pomlad. O da bi nas te strani naredile enako odlo\u010dne kot Eneja, ki se je po osebni tragediji \u0161e bolj oklenil \u017eivljenja!&#8221;<\/p>\n<p>Bolj kot provokacija je to povabilo, ki ga sodobni \u010dlovek zagotovo potrebuje!<\/p>\n<p><a href=\"https:\/\/www.iskreni.net\/trgovina\/wp-content\/uploads\/2023\/11\/Epicoco_Enejeva-izbira_PREDSTAVITVENE-STRANI.pdf\">PRELISTAJ<\/a><\/p>\n","protected":false},"excerpt":{"rendered":"<p><strong>Leto izdaje:<\/strong> 2023<br \/>\n<strong>\u0160tevilo strani:<\/strong> 186<br \/>\n<strong>Mere:<\/strong> 210 x 130\u00a0 mm<\/p>\n<h5>Epicocovo besedilo, ki je mi\u0161ljeno kot <strong>\u201cklju\u010d<\/strong><strong>\u00a0za razumevanje sedanjosti\u201d<\/strong>, kot se glasi podnaslov, je zelo u\u010dinkovit posnetek trenutne dru\u017ebe, zlasti po pandemiji.<\/h5>\n<h5><a href=\"https:\/\/www.iskreni.net\/trgovina\/wp-content\/uploads\/2023\/11\/Epicoco_Enejeva-izbira_PREDSTAVITVENE-STRANI.pdf\">PRELISTAJ<\/a><\/h5>\n<p>&nbsp;<\/p>\n","protected":false},"featured_media":71043,"comment_status":"open","ping_status":"closed","template":"","meta":[],"product_brand":[],"product_cat":[2324,63],"product_tag":[],"avtor":[2628],"zalozba":[2336],"vezava":[2307],"class_list":{"0":"post-71258","1":"product","2":"type-product","3":"status-publish","4":"has-post-thumbnail","6":"product_cat-duhovnost-in-osebna-rast","7":"product_cat-knjige","8":"avtor-luigi-maria-epicoco","9":"zalozba-salve","10":"vezava-mehka","12":"first","13":"onbackorder","14":"taxable","15":"shipping-taxable","16":"purchasable","17":"product-type-simple"},"yoast_head":"<!-- This site is optimized with the Yoast SEO plugin v26.3 - https:\/\/yoast.com\/wordpress\/plugins\/seo\/ -->\n<title>Enejeva izbira - trgovina Iskreni<\/title>\n<meta name=\"description\" content=\"Enejeva izbira - konec Troje in beg Eneja z o\u010detom Anhizom na ramenih sta metafora za potovanje, ki ga Epicoco opravi skozi razli\u010dne \u017eivljenjske dobe.\" \/>\n<meta name=\"robots\" content=\"index, follow, max-snippet:-1, max-image-preview:large, max-video-preview:-1\" \/>\n<link rel=\"canonical\" href=\"https:\/\/www.iskreni.net\/trgovina\/product\/enejeva-izbira\/\" \/>\n<meta property=\"og:locale\" content=\"sl_SI\" \/>\n<meta property=\"og:type\" content=\"article\" \/>\n<meta property=\"og:title\" content=\"Enejeva izbira\" \/>\n<meta property=\"og:description\" content=\"Enejeva izbira - konec Troje in beg Eneja z o\u010detom Anhizom na ramenih sta metafora za potovanje, ki ga Epicoco opravi skozi razli\u010dne \u017eivljenjske dobe.\" \/>\n<meta property=\"og:url\" content=\"https:\/\/www.iskreni.net\/trgovina\/product\/enejeva-izbira\/\" \/>\n<meta property=\"og:site_name\" content=\"Zavod Iskreni\" \/>\n<meta property=\"article:modified_time\" content=\"2025-07-11T07:33:57+00:00\" \/>\n<meta property=\"og:image\" content=\"https:\/\/www.iskreni.net\/trgovina\/wp-content\/uploads\/2023\/11\/2-1.jpg\" \/>\n\t<meta property=\"og:image:width\" content=\"600\" \/>\n\t<meta property=\"og:image:height\" content=\"600\" \/>\n\t<meta property=\"og:image:type\" content=\"image\/jpeg\" \/>\n<meta name=\"twitter:card\" content=\"summary_large_image\" \/>\n<meta name=\"twitter:label1\" content=\"Est. reading time\" \/>\n\t<meta name=\"twitter:data1\" content=\"4 minute\" \/>\n<script type=\"application\/ld+json\" class=\"yoast-schema-graph\">{\"@context\":\"https:\/\/schema.org\",\"@graph\":[{\"@type\":\"WebPage\",\"@id\":\"https:\/\/www.iskreni.net\/trgovina\/product\/enejeva-izbira\/\",\"url\":\"https:\/\/www.iskreni.net\/trgovina\/product\/enejeva-izbira\/\",\"name\":\"Enejeva izbira - trgovina Iskreni\",\"isPartOf\":{\"@id\":\"https:\/\/www.iskreni.net\/trgovina\/#website\"},\"primaryImageOfPage\":{\"@id\":\"https:\/\/www.iskreni.net\/trgovina\/product\/enejeva-izbira\/#primaryimage\"},\"image\":{\"@id\":\"https:\/\/www.iskreni.net\/trgovina\/product\/enejeva-izbira\/#primaryimage\"},\"thumbnailUrl\":\"https:\/\/www.iskreni.net\/trgovina\/wp-content\/uploads\/2023\/11\/2-1.jpg\",\"datePublished\":\"2023-12-08T10:41:26+00:00\",\"dateModified\":\"2025-07-11T07:33:57+00:00\",\"description\":\"Enejeva izbira - konec Troje in beg Eneja z o\u010detom Anhizom na ramenih sta metafora za potovanje, ki ga Epicoco opravi skozi razli\u010dne \u017eivljenjske dobe.\",\"breadcrumb\":{\"@id\":\"https:\/\/www.iskreni.net\/trgovina\/product\/enejeva-izbira\/#breadcrumb\"},\"inLanguage\":\"sl-SI\",\"potentialAction\":[{\"@type\":\"ReadAction\",\"target\":[\"https:\/\/www.iskreni.net\/trgovina\/product\/enejeva-izbira\/\"]}]},{\"@type\":\"ImageObject\",\"inLanguage\":\"sl-SI\",\"@id\":\"https:\/\/www.iskreni.net\/trgovina\/product\/enejeva-izbira\/#primaryimage\",\"url\":\"https:\/\/www.iskreni.net\/trgovina\/wp-content\/uploads\/2023\/11\/2-1.jpg\",\"contentUrl\":\"https:\/\/www.iskreni.net\/trgovina\/wp-content\/uploads\/2023\/11\/2-1.jpg\",\"width\":600,\"height\":600},{\"@type\":\"BreadcrumbList\",\"@id\":\"https:\/\/www.iskreni.net\/trgovina\/product\/enejeva-izbira\/#breadcrumb\",\"itemListElement\":[{\"@type\":\"ListItem\",\"position\":1,\"name\":\"Home\",\"item\":\"https:\/\/www.iskreni.net\/trgovina\/\"},{\"@type\":\"ListItem\",\"position\":2,\"name\":\"Trgovina\",\"item\":\"https:\/\/www.iskreni.net\/trgovina\/trgovina\/\"},{\"@type\":\"ListItem\",\"position\":3,\"name\":\"Enejeva izbira\"}]},{\"@type\":\"WebSite\",\"@id\":\"https:\/\/www.iskreni.net\/trgovina\/#website\",\"url\":\"https:\/\/www.iskreni.net\/trgovina\/\",\"name\":\"Zavod Iskreni\",\"description\":\"trgovina\",\"potentialAction\":[{\"@type\":\"SearchAction\",\"target\":{\"@type\":\"EntryPoint\",\"urlTemplate\":\"https:\/\/www.iskreni.net\/trgovina\/?s={search_term_string}\"},\"query-input\":{\"@type\":\"PropertyValueSpecification\",\"valueRequired\":true,\"valueName\":\"search_term_string\"}}],\"inLanguage\":\"sl-SI\"}]}<\/script>\n<!-- \/ Yoast SEO plugin. -->","yoast_head_json":{"title":"Enejeva izbira - trgovina Iskreni","description":"Enejeva izbira - konec Troje in beg Eneja z o\u010detom Anhizom na ramenih sta metafora za potovanje, ki ga Epicoco opravi skozi razli\u010dne \u017eivljenjske dobe.","robots":{"index":"index","follow":"follow","max-snippet":"max-snippet:-1","max-image-preview":"max-image-preview:large","max-video-preview":"max-video-preview:-1"},"canonical":"https:\/\/www.iskreni.net\/trgovina\/product\/enejeva-izbira\/","og_locale":"sl_SI","og_type":"article","og_title":"Enejeva izbira","og_description":"Enejeva izbira - konec Troje in beg Eneja z o\u010detom Anhizom na ramenih sta metafora za potovanje, ki ga Epicoco opravi skozi razli\u010dne \u017eivljenjske dobe.","og_url":"https:\/\/www.iskreni.net\/trgovina\/product\/enejeva-izbira\/","og_site_name":"Zavod Iskreni","article_modified_time":"2025-07-11T07:33:57+00:00","og_image":[{"width":600,"height":600,"url":"https:\/\/www.iskreni.net\/trgovina\/wp-content\/uploads\/2023\/11\/2-1.jpg","type":"image\/jpeg"}],"twitter_card":"summary_large_image","twitter_misc":{"Est. reading time":"4 minute"},"schema":{"@context":"https:\/\/schema.org","@graph":[{"@type":"WebPage","@id":"https:\/\/www.iskreni.net\/trgovina\/product\/enejeva-izbira\/","url":"https:\/\/www.iskreni.net\/trgovina\/product\/enejeva-izbira\/","name":"Enejeva izbira - trgovina Iskreni","isPartOf":{"@id":"https:\/\/www.iskreni.net\/trgovina\/#website"},"primaryImageOfPage":{"@id":"https:\/\/www.iskreni.net\/trgovina\/product\/enejeva-izbira\/#primaryimage"},"image":{"@id":"https:\/\/www.iskreni.net\/trgovina\/product\/enejeva-izbira\/#primaryimage"},"thumbnailUrl":"https:\/\/www.iskreni.net\/trgovina\/wp-content\/uploads\/2023\/11\/2-1.jpg","datePublished":"2023-12-08T10:41:26+00:00","dateModified":"2025-07-11T07:33:57+00:00","description":"Enejeva izbira - konec Troje in beg Eneja z o\u010detom Anhizom na ramenih sta metafora za potovanje, ki ga Epicoco opravi skozi razli\u010dne \u017eivljenjske dobe.","breadcrumb":{"@id":"https:\/\/www.iskreni.net\/trgovina\/product\/enejeva-izbira\/#breadcrumb"},"inLanguage":"sl-SI","potentialAction":[{"@type":"ReadAction","target":["https:\/\/www.iskreni.net\/trgovina\/product\/enejeva-izbira\/"]}]},{"@type":"ImageObject","inLanguage":"sl-SI","@id":"https:\/\/www.iskreni.net\/trgovina\/product\/enejeva-izbira\/#primaryimage","url":"https:\/\/www.iskreni.net\/trgovina\/wp-content\/uploads\/2023\/11\/2-1.jpg","contentUrl":"https:\/\/www.iskreni.net\/trgovina\/wp-content\/uploads\/2023\/11\/2-1.jpg","width":600,"height":600},{"@type":"BreadcrumbList","@id":"https:\/\/www.iskreni.net\/trgovina\/product\/enejeva-izbira\/#breadcrumb","itemListElement":[{"@type":"ListItem","position":1,"name":"Home","item":"https:\/\/www.iskreni.net\/trgovina\/"},{"@type":"ListItem","position":2,"name":"Trgovina","item":"https:\/\/www.iskreni.net\/trgovina\/trgovina\/"},{"@type":"ListItem","position":3,"name":"Enejeva izbira"}]},{"@type":"WebSite","@id":"https:\/\/www.iskreni.net\/trgovina\/#website","url":"https:\/\/www.iskreni.net\/trgovina\/","name":"Zavod Iskreni","description":"trgovina","potentialAction":[{"@type":"SearchAction","target":{"@type":"EntryPoint","urlTemplate":"https:\/\/www.iskreni.net\/trgovina\/?s={search_term_string}"},"query-input":{"@type":"PropertyValueSpecification","valueRequired":true,"valueName":"search_term_string"}}],"inLanguage":"sl-SI"}]}},"_links":{"self":[{"href":"https:\/\/www.iskreni.net\/trgovina\/wp-json\/wp\/v2\/product\/71258","targetHints":{"allow":["GET"]}}],"collection":[{"href":"https:\/\/www.iskreni.net\/trgovina\/wp-json\/wp\/v2\/product"}],"about":[{"href":"https:\/\/www.iskreni.net\/trgovina\/wp-json\/wp\/v2\/types\/product"}],"replies":[{"embeddable":true,"href":"https:\/\/www.iskreni.net\/trgovina\/wp-json\/wp\/v2\/comments?post=71258"}],"version-history":[{"count":5,"href":"https:\/\/www.iskreni.net\/trgovina\/wp-json\/wp\/v2\/product\/71258\/revisions"}],"predecessor-version":[{"id":71265,"href":"https:\/\/www.iskreni.net\/trgovina\/wp-json\/wp\/v2\/product\/71258\/revisions\/71265"}],"wp:featuredmedia":[{"embeddable":true,"href":"https:\/\/www.iskreni.net\/trgovina\/wp-json\/wp\/v2\/media\/71043"}],"wp:attachment":[{"href":"https:\/\/www.iskreni.net\/trgovina\/wp-json\/wp\/v2\/media?parent=71258"}],"wp:term":[{"taxonomy":"product_brand","embeddable":true,"href":"https:\/\/www.iskreni.net\/trgovina\/wp-json\/wp\/v2\/product_brand?post=71258"},{"taxonomy":"product_cat","embeddable":true,"href":"https:\/\/www.iskreni.net\/trgovina\/wp-json\/wp\/v2\/product_cat?post=71258"},{"taxonomy":"product_tag","embeddable":true,"href":"https:\/\/www.iskreni.net\/trgovina\/wp-json\/wp\/v2\/product_tag?post=71258"},{"taxonomy":"avtor","embeddable":true,"href":"https:\/\/www.iskreni.net\/trgovina\/wp-json\/wp\/v2\/avtor?post=71258"},{"taxonomy":"zalozba","embeddable":true,"href":"https:\/\/www.iskreni.net\/trgovina\/wp-json\/wp\/v2\/zalozba?post=71258"},{"taxonomy":"vezava","embeddable":true,"href":"https:\/\/www.iskreni.net\/trgovina\/wp-json\/wp\/v2\/vezava?post=71258"}],"curies":[{"name":"wp","href":"https:\/\/api.w.org\/{rel}","templated":true}]}}