{"id":71254,"date":"2023-12-08T11:28:17","date_gmt":"2023-12-08T10:28:17","guid":{"rendered":"https:\/\/www.iskreni.net\/trgovina\/?post_type=product&#038;p=71254"},"modified":"2023-12-08T14:05:23","modified_gmt":"2023-12-08T13:05:23","slug":"vsi-drugi-ze-obstajajo","status":"publish","type":"product","link":"https:\/\/www.iskreni.net\/trgovina\/product\/vsi-drugi-ze-obstajajo\/","title":{"rendered":"Vsi drugi \u017ee obstajajo"},"content":{"rendered":"<h3 id=\"anchor-o-izdelku\" class=\"title\">O knjigi Vsi drugi \u017ee obstajajo<\/h3>\n<div class=\"tab-description js-tab-singleProduct-description content-tab\">Kdo si, ko te nih\u010de ne gleda? Kdo, ko so vse o\u010di uprte vate? Te to kaj spremeni?<br \/>\nJanis McDavid podaja osupljiv pogled na lasten jaz, za katerega se vedno sumi, da je narcisti\u010den. Lastna vrednost u\u017eiva dober sloves, tako imenovani ego nikakor. Redko je cenjen, v najbolj\u0161em primeru toleriran. Trajna samopodoba in empatija potrebujeta mo\u010dan ego, ki lahko obstane sam. Kadarkoli.<br \/>\nMcDavidove pripombe so tako provokativne, da ostanemo brez besed, neusmiljeno odprte in vznemirljivo samopomembne \u2026 oprostite, samoiskrene.<br \/>\nS humorjem in \u00bbaha u\u010dinki\u00ab nam knjiga z osebno zgodbo avtorja, ki se je rodil brez rok in nog, poka\u017ee, katere smeri in poti so ga pripeljale do zdrave in stabilne samozavesti.<br \/>\nZa vse, ki bi radi opustili obi\u010dajne kli\u0161eje in paradigme ter namesto tega \u017eeleli raziskati osupljivo nove perspektive \u2026<\/div>\n<div><\/div>\n<h3>O avtorju<\/h3>\n<p>Janis McDavid izstopa. \u010ceprav brez rok in nog, 30-letnik \u017eivi samosvoje \u017eivljenje ter svoje izku\u0161nje in prepri\u010danja prena\u0161a naprej kot govornik in trener.<\/p>\n<p>Brez rok in nog: a \u0161e vedno u\u017eivate v \u017eivljenju? Potujete? Vozite avto? Ljubezensko \u017eivljenje? Poklicni uspeh? V intervjujih avtorja pogosto vpra\u0161ajo: &#8220;Janis, kako vam je vse to uspelo kljub invalidnosti?&#8221; Ali: &#8220;Kateri so najve\u010dji izzivi za vas kot uporabnika invalidskega vozi\u010dka?&#8221; Ali: &#8220;Kaj vam kot uporabniku invalidskega vozi\u010dka pomeni sre\u010da?&#8221; Janisu ta vpra\u0161anja niso v\u0161e\u010d. &#8220;Najve\u010dkrat sploh ne vem, kako naj nanje odgovorim. Pa ne zato, ker nimam odgovorov, temve\u010d zato, ker me vpra\u0161anja pustijo brez besed. Namigujejo, da morajo biti moji izzivi in moja sre\u010da druga\u010dni od izzivov in sre\u010de tako imenovanih &#8216;normalnih&#8217; ljudi.&#8221; Vpra\u0161anj ne mara, ker utrjujejo marginalizacijo. Dra\u017ei ga, da se zdi, da imajo njegove telesne zna\u010dilnosti v o\u010deh mnogih ljudi posebno pomembno vlogo, zlasti ko gre za teme, kot sta sre\u010da in smisel \u017eivljenja. Avtor pravi: &#8220;Moje vpra\u0161anje v zvezi s tem se glasi: zakaj se pogosto bolj osredoto\u010damo na to, kar nas lo\u010duje, kot na to, kar nas zdru\u017euje?&#8221;<\/p>\n<p>V tej knjigi &#8211; pisani me\u0161anici avtobiografije in \u017eivljenjskega vodnika &#8211; se zavzema za samospo\u0161tovanje in pristnost. Janis McDavid se ne pusti ovirati, temve\u010d uresni\u010duje svoje sanje (vzpon na goro Kilimand\u017earo ali vo\u017enja dirkalnega avtomobila), tudi \u010de drugi zmajujejo z glavo in menijo, da je to nemogo\u010de. \u010clovek s smislom za humor.<\/p>\n<p>Janisova vizija sveta, je svet brez razlik: &#8220;Po moji viziji bomo \u017eiveli v svetu, v katerem te razlike ne bodo ve\u010d pomembne na veliki ve\u010dini podro\u010dij in situacij. V moji viziji bomo \u017eiveli v dru\u017ebi, v kateri se bomo osredoto\u010dili na to, kar imamo skupnega, namesto da bi kot mantro ponavljali svoje razlike. Namesto da bi peli pesem razlik, delitev in izklju\u010devanja, bi se lahko osredoto\u010dili na skupne cilje in vrednote.&#8221;<\/p>\n<p>Problem je, \u010de vozi\u010dek predstavlja tako veliko oviro, da ljudje ne vidijo tvoje osebnosti, zato Janis pravi: &#8220;Moje &#8211; na\u0161e &#8211; telesne zna\u010dilnosti niso tiste, ki nas delajo tak\u0161ne, kot smo. To, da nimam okon\u010din in da imajo drugi ljudje okon\u010dine, ni edina stvar, ki nas zaznamuje in zaradi katere smo ljudje, kakr\u0161ni smo. Zato upam, da bomo lahko vsi premagali te razlike, to razmi\u0161ljanje v smislu razlik. In Janis verjame v svojo vizijo vizijo in se veseli \u017eivljenja, v katerem zna\u010dilnosti, zaradi katerih se razlikujemo, ne bodo ve\u010d vodile v razlikovanje, saj se bomo vsi iskreno sre\u010devali!<\/p>\n<p>&#8220;Prepri\u010dan sem, da lahko v tej dru\u017ebi napredujemo le, \u010de se bomo med seboj sre\u010devali po\u0161teno in resnicoljubno!&#8221;<\/p>\n<p>Zelo dobra motivacijska knjiga za vse, ki \u017eelijo dose\u010di samou\u010dinkovitost, namesto da se sami sebi smilijo. Kon\u010dno se resni\u010dno izvijete iz lastne lupine in trpljenja. Vsakdo lahko v \u017eivljenju nekaj spremeni, tudi s hendikepom. Tudi z velikimi ovirami. Stopite v svoje \u010devlje in se povzpnite na goro. Tudi \u010de to ni nujno Kilimand\u017earo &#8211; \u010deprav bi se Janis z veseljem \u0161e enkrat povzpel nanj.<br \/>\nJanis McDavid ne pi\u0161e knjige \u017ealosti, temve\u010d z veliko mero humorja, a tudi provokativno in odkritosr\u010dno. Njegova knjiga je primerna za vsakogar &#8211; vsi potrebujemo zdravo samospo\u0161tovanje in samozavest. Odli\u010dna knjiga!<\/p>\n<p><a href=\"https:\/\/www.iskreni.net\/trgovina\/wp-content\/uploads\/2023\/12\/Janis-McDavid_Vsi-drugi-ze-obstajajo_PREDSTAVITVENE-STRANI-2.pdf\">PRELISTAJ<\/a><\/p>\n","protected":false},"excerpt":{"rendered":"<p><strong>Leto izdaje:<\/strong> 2023<br \/>\n<strong>\u0160tevilo strani:<\/strong> 166<br \/>\n<strong>Mere:<\/strong> 230 x 150\u00a0 mm<\/p>\n<h5><a href=\"https:\/\/www.iskreni.net\/trgovina\/wp-content\/uploads\/2023\/12\/Janis-McDavid_Vsi-drugi-ze-obstajajo_PREDSTAVITVENE-STRANI-2.pdf\">PRELISTAJ<\/a><\/h5>\n<p>&nbsp;<\/p>\n","protected":false},"featured_media":71045,"comment_status":"open","ping_status":"closed","template":"","meta":[],"product_brand":[],"product_cat":[2324,63],"product_tag":[],"avtor":[2627],"zalozba":[2336],"vezava":[2307],"class_list":{"0":"post-71254","1":"product","2":"type-product","3":"status-publish","4":"has-post-thumbnail","6":"product_cat-duhovnost-in-osebna-rast","7":"product_cat-knjige","8":"avtor-janis-mcdavid","9":"zalozba-salve","10":"vezava-mehka","12":"first","13":"instock","14":"taxable","15":"shipping-taxable","16":"purchasable","17":"product-type-simple"},"yoast_head":"<!-- This site is optimized with the Yoast SEO plugin v26.3 - https:\/\/yoast.com\/wordpress\/plugins\/seo\/ -->\n<title>Vsi drugi \u017ee obstajajo - trgovina Iskreni<\/title>\n<meta name=\"description\" content=\"Vsi drugi \u017ee obstajajo - Janis Mc David s svojimi dejanji, motivacijskimi govori in zapisi na preizku\u0161njo vedno znova postavlja tradicionalne podobe uspeha.\" \/>\n<meta name=\"robots\" content=\"index, follow, max-snippet:-1, max-image-preview:large, max-video-preview:-1\" \/>\n<link rel=\"canonical\" href=\"https:\/\/www.iskreni.net\/trgovina\/product\/vsi-drugi-ze-obstajajo\/\" \/>\n<meta property=\"og:locale\" content=\"sl_SI\" \/>\n<meta property=\"og:type\" content=\"article\" \/>\n<meta property=\"og:title\" content=\"Vsi drugi \u017ee obstajajo\" \/>\n<meta property=\"og:description\" content=\"Vsi drugi \u017ee obstajajo - Janis Mc David s svojimi dejanji, motivacijskimi govori in zapisi na preizku\u0161njo vedno znova postavlja tradicionalne podobe uspeha.\" \/>\n<meta property=\"og:url\" content=\"https:\/\/www.iskreni.net\/trgovina\/product\/vsi-drugi-ze-obstajajo\/\" \/>\n<meta property=\"og:site_name\" content=\"Zavod Iskreni\" \/>\n<meta property=\"article:modified_time\" content=\"2023-12-08T13:05:23+00:00\" \/>\n<meta property=\"og:image\" content=\"https:\/\/www.iskreni.net\/trgovina\/wp-content\/uploads\/2023\/11\/4-1.jpg\" \/>\n\t<meta property=\"og:image:width\" content=\"600\" \/>\n\t<meta property=\"og:image:height\" content=\"600\" \/>\n\t<meta property=\"og:image:type\" content=\"image\/jpeg\" \/>\n<meta name=\"twitter:card\" content=\"summary_large_image\" \/>\n<meta name=\"twitter:label1\" content=\"Est. reading time\" \/>\n\t<meta name=\"twitter:data1\" content=\"4 minute\" \/>\n<script type=\"application\/ld+json\" class=\"yoast-schema-graph\">{\"@context\":\"https:\/\/schema.org\",\"@graph\":[{\"@type\":\"WebPage\",\"@id\":\"https:\/\/www.iskreni.net\/trgovina\/product\/vsi-drugi-ze-obstajajo\/\",\"url\":\"https:\/\/www.iskreni.net\/trgovina\/product\/vsi-drugi-ze-obstajajo\/\",\"name\":\"Vsi drugi \u017ee obstajajo - trgovina Iskreni\",\"isPartOf\":{\"@id\":\"https:\/\/www.iskreni.net\/trgovina\/#website\"},\"primaryImageOfPage\":{\"@id\":\"https:\/\/www.iskreni.net\/trgovina\/product\/vsi-drugi-ze-obstajajo\/#primaryimage\"},\"image\":{\"@id\":\"https:\/\/www.iskreni.net\/trgovina\/product\/vsi-drugi-ze-obstajajo\/#primaryimage\"},\"thumbnailUrl\":\"https:\/\/www.iskreni.net\/trgovina\/wp-content\/uploads\/2023\/11\/4-1.jpg\",\"datePublished\":\"2023-12-08T10:28:17+00:00\",\"dateModified\":\"2023-12-08T13:05:23+00:00\",\"description\":\"Vsi drugi \u017ee obstajajo - Janis Mc David s svojimi dejanji, motivacijskimi govori in zapisi na preizku\u0161njo vedno znova postavlja tradicionalne podobe uspeha.\",\"breadcrumb\":{\"@id\":\"https:\/\/www.iskreni.net\/trgovina\/product\/vsi-drugi-ze-obstajajo\/#breadcrumb\"},\"inLanguage\":\"sl-SI\",\"potentialAction\":[{\"@type\":\"ReadAction\",\"target\":[\"https:\/\/www.iskreni.net\/trgovina\/product\/vsi-drugi-ze-obstajajo\/\"]}]},{\"@type\":\"ImageObject\",\"inLanguage\":\"sl-SI\",\"@id\":\"https:\/\/www.iskreni.net\/trgovina\/product\/vsi-drugi-ze-obstajajo\/#primaryimage\",\"url\":\"https:\/\/www.iskreni.net\/trgovina\/wp-content\/uploads\/2023\/11\/4-1.jpg\",\"contentUrl\":\"https:\/\/www.iskreni.net\/trgovina\/wp-content\/uploads\/2023\/11\/4-1.jpg\",\"width\":600,\"height\":600},{\"@type\":\"BreadcrumbList\",\"@id\":\"https:\/\/www.iskreni.net\/trgovina\/product\/vsi-drugi-ze-obstajajo\/#breadcrumb\",\"itemListElement\":[{\"@type\":\"ListItem\",\"position\":1,\"name\":\"Home\",\"item\":\"https:\/\/www.iskreni.net\/trgovina\/\"},{\"@type\":\"ListItem\",\"position\":2,\"name\":\"Trgovina\",\"item\":\"https:\/\/www.iskreni.net\/trgovina\/trgovina\/\"},{\"@type\":\"ListItem\",\"position\":3,\"name\":\"Vsi drugi \u017ee obstajajo\"}]},{\"@type\":\"WebSite\",\"@id\":\"https:\/\/www.iskreni.net\/trgovina\/#website\",\"url\":\"https:\/\/www.iskreni.net\/trgovina\/\",\"name\":\"Zavod Iskreni\",\"description\":\"trgovina\",\"potentialAction\":[{\"@type\":\"SearchAction\",\"target\":{\"@type\":\"EntryPoint\",\"urlTemplate\":\"https:\/\/www.iskreni.net\/trgovina\/?s={search_term_string}\"},\"query-input\":{\"@type\":\"PropertyValueSpecification\",\"valueRequired\":true,\"valueName\":\"search_term_string\"}}],\"inLanguage\":\"sl-SI\"}]}<\/script>\n<!-- \/ Yoast SEO plugin. -->","yoast_head_json":{"title":"Vsi drugi \u017ee obstajajo - trgovina Iskreni","description":"Vsi drugi \u017ee obstajajo - Janis Mc David s svojimi dejanji, motivacijskimi govori in zapisi na preizku\u0161njo vedno znova postavlja tradicionalne podobe uspeha.","robots":{"index":"index","follow":"follow","max-snippet":"max-snippet:-1","max-image-preview":"max-image-preview:large","max-video-preview":"max-video-preview:-1"},"canonical":"https:\/\/www.iskreni.net\/trgovina\/product\/vsi-drugi-ze-obstajajo\/","og_locale":"sl_SI","og_type":"article","og_title":"Vsi drugi \u017ee obstajajo","og_description":"Vsi drugi \u017ee obstajajo - Janis Mc David s svojimi dejanji, motivacijskimi govori in zapisi na preizku\u0161njo vedno znova postavlja tradicionalne podobe uspeha.","og_url":"https:\/\/www.iskreni.net\/trgovina\/product\/vsi-drugi-ze-obstajajo\/","og_site_name":"Zavod Iskreni","article_modified_time":"2023-12-08T13:05:23+00:00","og_image":[{"width":600,"height":600,"url":"https:\/\/www.iskreni.net\/trgovina\/wp-content\/uploads\/2023\/11\/4-1.jpg","type":"image\/jpeg"}],"twitter_card":"summary_large_image","twitter_misc":{"Est. reading time":"4 minute"},"schema":{"@context":"https:\/\/schema.org","@graph":[{"@type":"WebPage","@id":"https:\/\/www.iskreni.net\/trgovina\/product\/vsi-drugi-ze-obstajajo\/","url":"https:\/\/www.iskreni.net\/trgovina\/product\/vsi-drugi-ze-obstajajo\/","name":"Vsi drugi \u017ee obstajajo - trgovina Iskreni","isPartOf":{"@id":"https:\/\/www.iskreni.net\/trgovina\/#website"},"primaryImageOfPage":{"@id":"https:\/\/www.iskreni.net\/trgovina\/product\/vsi-drugi-ze-obstajajo\/#primaryimage"},"image":{"@id":"https:\/\/www.iskreni.net\/trgovina\/product\/vsi-drugi-ze-obstajajo\/#primaryimage"},"thumbnailUrl":"https:\/\/www.iskreni.net\/trgovina\/wp-content\/uploads\/2023\/11\/4-1.jpg","datePublished":"2023-12-08T10:28:17+00:00","dateModified":"2023-12-08T13:05:23+00:00","description":"Vsi drugi \u017ee obstajajo - Janis Mc David s svojimi dejanji, motivacijskimi govori in zapisi na preizku\u0161njo vedno znova postavlja tradicionalne podobe uspeha.","breadcrumb":{"@id":"https:\/\/www.iskreni.net\/trgovina\/product\/vsi-drugi-ze-obstajajo\/#breadcrumb"},"inLanguage":"sl-SI","potentialAction":[{"@type":"ReadAction","target":["https:\/\/www.iskreni.net\/trgovina\/product\/vsi-drugi-ze-obstajajo\/"]}]},{"@type":"ImageObject","inLanguage":"sl-SI","@id":"https:\/\/www.iskreni.net\/trgovina\/product\/vsi-drugi-ze-obstajajo\/#primaryimage","url":"https:\/\/www.iskreni.net\/trgovina\/wp-content\/uploads\/2023\/11\/4-1.jpg","contentUrl":"https:\/\/www.iskreni.net\/trgovina\/wp-content\/uploads\/2023\/11\/4-1.jpg","width":600,"height":600},{"@type":"BreadcrumbList","@id":"https:\/\/www.iskreni.net\/trgovina\/product\/vsi-drugi-ze-obstajajo\/#breadcrumb","itemListElement":[{"@type":"ListItem","position":1,"name":"Home","item":"https:\/\/www.iskreni.net\/trgovina\/"},{"@type":"ListItem","position":2,"name":"Trgovina","item":"https:\/\/www.iskreni.net\/trgovina\/trgovina\/"},{"@type":"ListItem","position":3,"name":"Vsi drugi \u017ee obstajajo"}]},{"@type":"WebSite","@id":"https:\/\/www.iskreni.net\/trgovina\/#website","url":"https:\/\/www.iskreni.net\/trgovina\/","name":"Zavod Iskreni","description":"trgovina","potentialAction":[{"@type":"SearchAction","target":{"@type":"EntryPoint","urlTemplate":"https:\/\/www.iskreni.net\/trgovina\/?s={search_term_string}"},"query-input":{"@type":"PropertyValueSpecification","valueRequired":true,"valueName":"search_term_string"}}],"inLanguage":"sl-SI"}]}},"_links":{"self":[{"href":"https:\/\/www.iskreni.net\/trgovina\/wp-json\/wp\/v2\/product\/71254","targetHints":{"allow":["GET"]}}],"collection":[{"href":"https:\/\/www.iskreni.net\/trgovina\/wp-json\/wp\/v2\/product"}],"about":[{"href":"https:\/\/www.iskreni.net\/trgovina\/wp-json\/wp\/v2\/types\/product"}],"replies":[{"embeddable":true,"href":"https:\/\/www.iskreni.net\/trgovina\/wp-json\/wp\/v2\/comments?post=71254"}],"version-history":[{"count":2,"href":"https:\/\/www.iskreni.net\/trgovina\/wp-json\/wp\/v2\/product\/71254\/revisions"}],"predecessor-version":[{"id":71257,"href":"https:\/\/www.iskreni.net\/trgovina\/wp-json\/wp\/v2\/product\/71254\/revisions\/71257"}],"wp:featuredmedia":[{"embeddable":true,"href":"https:\/\/www.iskreni.net\/trgovina\/wp-json\/wp\/v2\/media\/71045"}],"wp:attachment":[{"href":"https:\/\/www.iskreni.net\/trgovina\/wp-json\/wp\/v2\/media?parent=71254"}],"wp:term":[{"taxonomy":"product_brand","embeddable":true,"href":"https:\/\/www.iskreni.net\/trgovina\/wp-json\/wp\/v2\/product_brand?post=71254"},{"taxonomy":"product_cat","embeddable":true,"href":"https:\/\/www.iskreni.net\/trgovina\/wp-json\/wp\/v2\/product_cat?post=71254"},{"taxonomy":"product_tag","embeddable":true,"href":"https:\/\/www.iskreni.net\/trgovina\/wp-json\/wp\/v2\/product_tag?post=71254"},{"taxonomy":"avtor","embeddable":true,"href":"https:\/\/www.iskreni.net\/trgovina\/wp-json\/wp\/v2\/avtor?post=71254"},{"taxonomy":"zalozba","embeddable":true,"href":"https:\/\/www.iskreni.net\/trgovina\/wp-json\/wp\/v2\/zalozba?post=71254"},{"taxonomy":"vezava","embeddable":true,"href":"https:\/\/www.iskreni.net\/trgovina\/wp-json\/wp\/v2\/vezava?post=71254"}],"curies":[{"name":"wp","href":"https:\/\/api.w.org\/{rel}","templated":true}]}}