{"id":71245,"date":"2023-12-08T10:47:40","date_gmt":"2023-12-08T09:47:40","guid":{"rendered":"https:\/\/www.iskreni.net\/trgovina\/?post_type=product&#038;p=71245"},"modified":"2025-07-11T09:33:47","modified_gmt":"2025-07-11T07:33:47","slug":"nobeno-tvoje-trpljenje-ni-zaman","status":"publish","type":"product","link":"https:\/\/www.iskreni.net\/trgovina\/product\/nobeno-tvoje-trpljenje-ni-zaman\/","title":{"rendered":"Nobeno tvoje trpljenje ni zaman"},"content":{"rendered":"<h3 id=\"anchor-o-izdelku\" class=\"title\">O knjigi Nobeno tvoje trpljenje ni zaman<\/h3>\n<div class=\"tab-description js-tab-singleProduct-description content-tab\">V tej knjigi avtorica predstavlja zgodbe trpljenja ljudi in to, kar se je iz njih nau\u010dila. Ob njih vedno znova ugotavlja, da Bog vsem daje neprecenljive darove, ki pa so nadvse grdo zaviti (nekdo, pravi, mu bo moral to prej ali slej povedati). Bog rahlo pretirava, ko nam zavija zlatnino v \u010dasopisni papir in Cartierjeve uhane v ovojni papir za meso. Zakaj to po\u010dne? Avtorica pravi, da je znano, da mo\u0161kim zavijanje daril ne gre prav dobro od rok. Bog je o\u010ditno mo\u0161kega spola, druga\u010de bi poskrbel, da bi se \u017eenske rodile \u017ee nali\u010dene. Ker so si s skrivnostjo trpljenja zaman razbijali glavo \u017ee ne\u0161teti veleumi \u2013 filozofi, teologi in celo moj kavarnar \u2013, se avtorica zadovolji s skromnimi intuicijami.<br \/>\nPrva je, da je Bog pedagog z na\u010drtom za vsakega \u010dloveka. Del tega na\u010drta je trpljenje, ki ima nek smisel. Mora ga imeti. Trpljenje je kot \u010dasopisni papir, ki ga je treba potrpe\u017eljivo odviti in v njem poiskati skriti diamant. \u010ce bi nam ga dal brez takega ovojnega papirja, tega diamanta ne bi cenili in ne bi nikoli postali zreli mo\u017eje in \u017eene, torej njegovi otroci.<\/div>\n<h3>O avtorici<\/h3>\n<p>Costanza Miriano se je rodila v Perugi leta 1970, kjer je tudi diplomirala iz klasi\u010dne knji\u017eevnosti. \u0160tudirala je \u0161e novinarstvo, se preselila v Rim in za\u010dela delo na javni italijanski televiziji RAI. Petnajst let je urejala dnevnik na tretjem programu, sedaj pa je odgovorna za verski program RAI Vaticano. Sodeluje tudi s \u010dasopisi Avvenire, Il Timone, Credere in Il Foglio. Je gore\u010da katoli\u010danka, prepri\u010dana, da se pride v nebesa le po priporo\u010danju, zato prednostno izbira poti, ki vodijo k nebe\u0161kemu vladarju. Med temi sta obisk svete ma\u0161e in molitev ro\u017enega venca. Je poro\u010dena in ima \u0161tiri otroke, dva sinova in dve h\u010deri (in enega mo\u017ea). Pi\u0161e pono\u010di, \u010dez dan po\u010dne tiso\u010d drugih stvari, predvsem pa je mama. \u017deli si najti ve\u010d \u010dasa za svoj najljub\u0161i hobi \u2013 tek. Sodelovala je v raznih maratonskih tekih, njen osebni rekord je 3 ure in 15 minut. Bila je \u010dlanica odbora Za\u0161\u010ditimo na\u0161e otroke, ki je organiziral odmevna Family Day v Rimu 20. junija 2015 in 30. januarja 2016.<\/p>\n<p><a href=\"https:\/\/www.iskreni.net\/trgovina\/wp-content\/uploads\/2023\/11\/Miriano_Nobeno-tvoje-trpljenje-ni-zaman-PREDSTAVITVENE-STRANI.pdf\">PRELISTAJ<\/a><\/p>\n","protected":false},"excerpt":{"rendered":"<p><strong>Leto izdaje:<\/strong> 2023<br \/>\n<strong>\u0160tevilo strani:<\/strong> 175<br \/>\n<strong>Mere:<\/strong> 210 x 130\u00a0 mm<\/p>\n<h5>Misti\u010dnost vsakdanjega \u017eivljenja<\/h5>\n<h5><a href=\"https:\/\/www.iskreni.net\/trgovina\/wp-content\/uploads\/2023\/11\/Miriano_Nobeno-tvoje-trpljenje-ni-zaman-PREDSTAVITVENE-STRANI.pdf\">PRELISTAJ<\/a><\/h5>\n<p>&nbsp;<\/p>\n","protected":false},"featured_media":71044,"comment_status":"open","ping_status":"closed","template":"","meta":[],"product_brand":[],"product_cat":[2324,63],"product_tag":[],"avtor":[2626],"zalozba":[2336],"vezava":[2307],"class_list":{"0":"post-71245","1":"product","2":"type-product","3":"status-publish","4":"has-post-thumbnail","6":"product_cat-duhovnost-in-osebna-rast","7":"product_cat-knjige","8":"avtor-costanza-miriano","9":"zalozba-salve","10":"vezava-mehka","12":"first","13":"onbackorder","14":"taxable","15":"shipping-taxable","16":"purchasable","17":"product-type-simple"},"yoast_head":"<!-- This site is optimized with the Yoast SEO plugin v26.3 - https:\/\/yoast.com\/wordpress\/plugins\/seo\/ -->\n<title>Nobeno tvoje trpljenje ni zaman - trgovina Iskreni<\/title>\n<meta name=\"description\" content=\"Nobeno tvoje trpljenje je knjiga napisana v zaupanju, da je Bog pedagog z na\u010drtom za vsakega \u010dloveka in da je trpljenje smiseln del tega na\u010drta.\" \/>\n<meta name=\"robots\" content=\"index, follow, max-snippet:-1, max-image-preview:large, max-video-preview:-1\" \/>\n<link rel=\"canonical\" href=\"https:\/\/www.iskreni.net\/trgovina\/product\/nobeno-tvoje-trpljenje-ni-zaman\/\" \/>\n<meta property=\"og:locale\" content=\"sl_SI\" \/>\n<meta property=\"og:type\" content=\"article\" \/>\n<meta property=\"og:title\" content=\"Nobeno tvoje trpljenje ni zaman\" \/>\n<meta property=\"og:description\" content=\"Nobeno tvoje trpljenje je knjiga napisana v zaupanju, da je Bog pedagog z na\u010drtom za vsakega \u010dloveka in da je trpljenje smiseln del tega na\u010drta.\" \/>\n<meta property=\"og:url\" content=\"https:\/\/www.iskreni.net\/trgovina\/product\/nobeno-tvoje-trpljenje-ni-zaman\/\" \/>\n<meta property=\"og:site_name\" content=\"Zavod Iskreni\" \/>\n<meta property=\"article:modified_time\" content=\"2025-07-11T07:33:47+00:00\" \/>\n<meta property=\"og:image\" content=\"https:\/\/www.iskreni.net\/trgovina\/wp-content\/uploads\/2023\/11\/3.jpg\" \/>\n\t<meta property=\"og:image:width\" content=\"600\" \/>\n\t<meta property=\"og:image:height\" content=\"600\" \/>\n\t<meta property=\"og:image:type\" content=\"image\/jpeg\" \/>\n<meta name=\"twitter:card\" content=\"summary_large_image\" \/>\n<meta name=\"twitter:label1\" content=\"Est. reading time\" \/>\n\t<meta name=\"twitter:data1\" content=\"3 minute\" \/>\n<script type=\"application\/ld+json\" class=\"yoast-schema-graph\">{\"@context\":\"https:\/\/schema.org\",\"@graph\":[{\"@type\":\"WebPage\",\"@id\":\"https:\/\/www.iskreni.net\/trgovina\/product\/nobeno-tvoje-trpljenje-ni-zaman\/\",\"url\":\"https:\/\/www.iskreni.net\/trgovina\/product\/nobeno-tvoje-trpljenje-ni-zaman\/\",\"name\":\"Nobeno tvoje trpljenje ni zaman - trgovina Iskreni\",\"isPartOf\":{\"@id\":\"https:\/\/www.iskreni.net\/trgovina\/#website\"},\"primaryImageOfPage\":{\"@id\":\"https:\/\/www.iskreni.net\/trgovina\/product\/nobeno-tvoje-trpljenje-ni-zaman\/#primaryimage\"},\"image\":{\"@id\":\"https:\/\/www.iskreni.net\/trgovina\/product\/nobeno-tvoje-trpljenje-ni-zaman\/#primaryimage\"},\"thumbnailUrl\":\"https:\/\/www.iskreni.net\/trgovina\/wp-content\/uploads\/2023\/11\/3.jpg\",\"datePublished\":\"2023-12-08T09:47:40+00:00\",\"dateModified\":\"2025-07-11T07:33:47+00:00\",\"description\":\"Nobeno tvoje trpljenje je knjiga napisana v zaupanju, da je Bog pedagog z na\u010drtom za vsakega \u010dloveka in da je trpljenje smiseln del tega na\u010drta.\",\"breadcrumb\":{\"@id\":\"https:\/\/www.iskreni.net\/trgovina\/product\/nobeno-tvoje-trpljenje-ni-zaman\/#breadcrumb\"},\"inLanguage\":\"sl-SI\",\"potentialAction\":[{\"@type\":\"ReadAction\",\"target\":[\"https:\/\/www.iskreni.net\/trgovina\/product\/nobeno-tvoje-trpljenje-ni-zaman\/\"]}]},{\"@type\":\"ImageObject\",\"inLanguage\":\"sl-SI\",\"@id\":\"https:\/\/www.iskreni.net\/trgovina\/product\/nobeno-tvoje-trpljenje-ni-zaman\/#primaryimage\",\"url\":\"https:\/\/www.iskreni.net\/trgovina\/wp-content\/uploads\/2023\/11\/3.jpg\",\"contentUrl\":\"https:\/\/www.iskreni.net\/trgovina\/wp-content\/uploads\/2023\/11\/3.jpg\",\"width\":600,\"height\":600},{\"@type\":\"BreadcrumbList\",\"@id\":\"https:\/\/www.iskreni.net\/trgovina\/product\/nobeno-tvoje-trpljenje-ni-zaman\/#breadcrumb\",\"itemListElement\":[{\"@type\":\"ListItem\",\"position\":1,\"name\":\"Home\",\"item\":\"https:\/\/www.iskreni.net\/trgovina\/\"},{\"@type\":\"ListItem\",\"position\":2,\"name\":\"Trgovina\",\"item\":\"https:\/\/www.iskreni.net\/trgovina\/trgovina\/\"},{\"@type\":\"ListItem\",\"position\":3,\"name\":\"Nobeno tvoje trpljenje ni zaman\"}]},{\"@type\":\"WebSite\",\"@id\":\"https:\/\/www.iskreni.net\/trgovina\/#website\",\"url\":\"https:\/\/www.iskreni.net\/trgovina\/\",\"name\":\"Zavod Iskreni\",\"description\":\"trgovina\",\"potentialAction\":[{\"@type\":\"SearchAction\",\"target\":{\"@type\":\"EntryPoint\",\"urlTemplate\":\"https:\/\/www.iskreni.net\/trgovina\/?s={search_term_string}\"},\"query-input\":{\"@type\":\"PropertyValueSpecification\",\"valueRequired\":true,\"valueName\":\"search_term_string\"}}],\"inLanguage\":\"sl-SI\"}]}<\/script>\n<!-- \/ Yoast SEO plugin. -->","yoast_head_json":{"title":"Nobeno tvoje trpljenje ni zaman - trgovina Iskreni","description":"Nobeno tvoje trpljenje je knjiga napisana v zaupanju, da je Bog pedagog z na\u010drtom za vsakega \u010dloveka in da je trpljenje smiseln del tega na\u010drta.","robots":{"index":"index","follow":"follow","max-snippet":"max-snippet:-1","max-image-preview":"max-image-preview:large","max-video-preview":"max-video-preview:-1"},"canonical":"https:\/\/www.iskreni.net\/trgovina\/product\/nobeno-tvoje-trpljenje-ni-zaman\/","og_locale":"sl_SI","og_type":"article","og_title":"Nobeno tvoje trpljenje ni zaman","og_description":"Nobeno tvoje trpljenje je knjiga napisana v zaupanju, da je Bog pedagog z na\u010drtom za vsakega \u010dloveka in da je trpljenje smiseln del tega na\u010drta.","og_url":"https:\/\/www.iskreni.net\/trgovina\/product\/nobeno-tvoje-trpljenje-ni-zaman\/","og_site_name":"Zavod Iskreni","article_modified_time":"2025-07-11T07:33:47+00:00","og_image":[{"width":600,"height":600,"url":"https:\/\/www.iskreni.net\/trgovina\/wp-content\/uploads\/2023\/11\/3.jpg","type":"image\/jpeg"}],"twitter_card":"summary_large_image","twitter_misc":{"Est. reading time":"3 minute"},"schema":{"@context":"https:\/\/schema.org","@graph":[{"@type":"WebPage","@id":"https:\/\/www.iskreni.net\/trgovina\/product\/nobeno-tvoje-trpljenje-ni-zaman\/","url":"https:\/\/www.iskreni.net\/trgovina\/product\/nobeno-tvoje-trpljenje-ni-zaman\/","name":"Nobeno tvoje trpljenje ni zaman - trgovina Iskreni","isPartOf":{"@id":"https:\/\/www.iskreni.net\/trgovina\/#website"},"primaryImageOfPage":{"@id":"https:\/\/www.iskreni.net\/trgovina\/product\/nobeno-tvoje-trpljenje-ni-zaman\/#primaryimage"},"image":{"@id":"https:\/\/www.iskreni.net\/trgovina\/product\/nobeno-tvoje-trpljenje-ni-zaman\/#primaryimage"},"thumbnailUrl":"https:\/\/www.iskreni.net\/trgovina\/wp-content\/uploads\/2023\/11\/3.jpg","datePublished":"2023-12-08T09:47:40+00:00","dateModified":"2025-07-11T07:33:47+00:00","description":"Nobeno tvoje trpljenje je knjiga napisana v zaupanju, da je Bog pedagog z na\u010drtom za vsakega \u010dloveka in da je trpljenje smiseln del tega na\u010drta.","breadcrumb":{"@id":"https:\/\/www.iskreni.net\/trgovina\/product\/nobeno-tvoje-trpljenje-ni-zaman\/#breadcrumb"},"inLanguage":"sl-SI","potentialAction":[{"@type":"ReadAction","target":["https:\/\/www.iskreni.net\/trgovina\/product\/nobeno-tvoje-trpljenje-ni-zaman\/"]}]},{"@type":"ImageObject","inLanguage":"sl-SI","@id":"https:\/\/www.iskreni.net\/trgovina\/product\/nobeno-tvoje-trpljenje-ni-zaman\/#primaryimage","url":"https:\/\/www.iskreni.net\/trgovina\/wp-content\/uploads\/2023\/11\/3.jpg","contentUrl":"https:\/\/www.iskreni.net\/trgovina\/wp-content\/uploads\/2023\/11\/3.jpg","width":600,"height":600},{"@type":"BreadcrumbList","@id":"https:\/\/www.iskreni.net\/trgovina\/product\/nobeno-tvoje-trpljenje-ni-zaman\/#breadcrumb","itemListElement":[{"@type":"ListItem","position":1,"name":"Home","item":"https:\/\/www.iskreni.net\/trgovina\/"},{"@type":"ListItem","position":2,"name":"Trgovina","item":"https:\/\/www.iskreni.net\/trgovina\/trgovina\/"},{"@type":"ListItem","position":3,"name":"Nobeno tvoje trpljenje ni zaman"}]},{"@type":"WebSite","@id":"https:\/\/www.iskreni.net\/trgovina\/#website","url":"https:\/\/www.iskreni.net\/trgovina\/","name":"Zavod Iskreni","description":"trgovina","potentialAction":[{"@type":"SearchAction","target":{"@type":"EntryPoint","urlTemplate":"https:\/\/www.iskreni.net\/trgovina\/?s={search_term_string}"},"query-input":{"@type":"PropertyValueSpecification","valueRequired":true,"valueName":"search_term_string"}}],"inLanguage":"sl-SI"}]}},"_links":{"self":[{"href":"https:\/\/www.iskreni.net\/trgovina\/wp-json\/wp\/v2\/product\/71245","targetHints":{"allow":["GET"]}}],"collection":[{"href":"https:\/\/www.iskreni.net\/trgovina\/wp-json\/wp\/v2\/product"}],"about":[{"href":"https:\/\/www.iskreni.net\/trgovina\/wp-json\/wp\/v2\/types\/product"}],"replies":[{"embeddable":true,"href":"https:\/\/www.iskreni.net\/trgovina\/wp-json\/wp\/v2\/comments?post=71245"}],"version-history":[{"count":4,"href":"https:\/\/www.iskreni.net\/trgovina\/wp-json\/wp\/v2\/product\/71245\/revisions"}],"predecessor-version":[{"id":71253,"href":"https:\/\/www.iskreni.net\/trgovina\/wp-json\/wp\/v2\/product\/71245\/revisions\/71253"}],"wp:featuredmedia":[{"embeddable":true,"href":"https:\/\/www.iskreni.net\/trgovina\/wp-json\/wp\/v2\/media\/71044"}],"wp:attachment":[{"href":"https:\/\/www.iskreni.net\/trgovina\/wp-json\/wp\/v2\/media?parent=71245"}],"wp:term":[{"taxonomy":"product_brand","embeddable":true,"href":"https:\/\/www.iskreni.net\/trgovina\/wp-json\/wp\/v2\/product_brand?post=71245"},{"taxonomy":"product_cat","embeddable":true,"href":"https:\/\/www.iskreni.net\/trgovina\/wp-json\/wp\/v2\/product_cat?post=71245"},{"taxonomy":"product_tag","embeddable":true,"href":"https:\/\/www.iskreni.net\/trgovina\/wp-json\/wp\/v2\/product_tag?post=71245"},{"taxonomy":"avtor","embeddable":true,"href":"https:\/\/www.iskreni.net\/trgovina\/wp-json\/wp\/v2\/avtor?post=71245"},{"taxonomy":"zalozba","embeddable":true,"href":"https:\/\/www.iskreni.net\/trgovina\/wp-json\/wp\/v2\/zalozba?post=71245"},{"taxonomy":"vezava","embeddable":true,"href":"https:\/\/www.iskreni.net\/trgovina\/wp-json\/wp\/v2\/vezava?post=71245"}],"curies":[{"name":"wp","href":"https:\/\/api.w.org\/{rel}","templated":true}]}}