{"id":70988,"date":"2023-11-29T11:18:39","date_gmt":"2023-11-29T10:18:39","guid":{"rendered":"https:\/\/www.iskreni.net\/trgovina\/?post_type=product&#038;p=70988"},"modified":"2023-12-04T11:17:23","modified_gmt":"2023-12-04T10:17:23","slug":"cudezni-vrt","status":"publish","type":"product","link":"https:\/\/www.iskreni.net\/trgovina\/product\/cudezni-vrt\/","title":{"rendered":"\u010cude\u017eni vrt"},"content":{"rendered":"<h3>Opis knjige <em>\u010cude\u017eni vrt<\/em><\/h3>\n<div>\n<div>Avtorica Judith Bouilloc in ilustratorka Sara Ugolotti preko knjige \u010cude\u017eni vrt predstavita otrokom sveto Hildegardo \u2013 veliko \u017eensko prerokinjo in cerkveno u\u010diteljico, ki je \u017eivela v srednjem veku \u2013 na razko\u0161en na\u010din, ki bo o\u010daral otroke vseh starosti.<\/div>\n<div>\n<p>Mlaj\u0161i otroci bodo predvsem u\u017eivali ob pogledu na ilustracije in ob glasnem branju zgodbe, starej\u0161i pa se bodo ob branju lahko poglobili v pomembna \u017eivljenjska vpra\u0161anja, razmi\u0161ljali o Bogu, vlogi \u010dloveka, pomenu ohranjanja narave ter ob\u010dudovali Hildegardin opis nebes.<\/p>\n<p>Knjiga je odli\u010dno izhodi\u0161\u010de za dru\u017einski pogovor in kar kli\u010de k skupnemu branju.<\/p>\n<\/div>\n<\/div>\n<div>\n<p><a href=\"https:\/\/www.iskreni.net\/trgovina\/wp-content\/uploads\/2023\/11\/Cudezni-vrt_www.pdf\">Prelistajte knjigo<\/a><\/p>\n<\/div>\n","protected":false},"excerpt":{"rendered":"<p><strong>Ilustracije: <\/strong>Sara Ugolotti<br \/>\n<strong>\u0160tevilo strani:<\/strong> 72<br \/>\n<strong>Leto izdaje:<\/strong> 2023<\/p>\n<div>Rika je bolna in \u010daka na te\u017eko operacijo. Nekega dne\u00a0v babi\u010dini knji\u017enici najde slikovite ilustracije svete\u00a0Hildegarde. Prevzeta od \u010dudovitih podob sko\u010di vanje\u00a0in se potopi v drug svet. Tam sre\u010da srednjeve\u0161ko\u00a0redovnico, ki ji odgovori na ve\u010d zanimivih vpra\u0161anj.\u00a0Kako izgledajo nebesa? Komu je podoben Bog?<\/div>\n<div>Knjiga za otroke in mlade, ki v slogu svete Hildegarde iz Bingna\u00a0pripoveduje o lepoti stvarstva in neskon\u010dni Bo\u017eji ljubezni.<\/div>\n<div><\/div>\n<div><strong>\u010cudovita zgodba, ki temelji na spisih in ilustracijah svete Hildegarde\u00a0iz Bingna, otrokom predstavi izjemnost in veli\u010dino Bo\u017ejega stvarstva.<\/strong><\/div>\n<div><\/div>\n<div><a href=\"https:\/\/www.iskreni.net\/trgovina\/wp-content\/uploads\/2023\/11\/Cudezni-vrt_www.pdf\">Prelistajte knjigo<\/a><\/div>\n<h4><\/h4>\n","protected":false},"featured_media":70992,"comment_status":"open","ping_status":"closed","template":"","meta":[],"product_brand":[],"product_cat":[2324,63,135],"product_tag":[],"avtor":[2620],"zalozba":[2335],"vezava":[2306],"class_list":{"0":"post-70988","1":"product","2":"type-product","3":"status-publish","4":"has-post-thumbnail","6":"product_cat-duhovnost-in-osebna-rast","7":"product_cat-knjige","8":"product_cat-za-otroke","9":"avtor-judith-bouilloc","10":"zalozba-zalozba-emanuel","11":"vezava-trda","13":"first","14":"instock","15":"taxable","16":"shipping-taxable","17":"purchasable","18":"product-type-simple"},"yoast_head":"<!-- This site is optimized with the Yoast SEO plugin v26.3 - https:\/\/yoast.com\/wordpress\/plugins\/seo\/ -->\n<title>\u010cude\u017eni vrt - trgovina Iskreni<\/title>\n<meta name=\"description\" content=\"\u010cude\u017eni vrt je knjiga za otroke in mlade, ki v slogu svete Hildegarde iz Bingna pripoveduje o lepoti stvarstva in neskon\u010dni Bo\u017eji ljubezni.\" \/>\n<meta name=\"robots\" content=\"index, follow, max-snippet:-1, max-image-preview:large, max-video-preview:-1\" \/>\n<link rel=\"canonical\" href=\"https:\/\/www.iskreni.net\/trgovina\/product\/cudezni-vrt\/\" \/>\n<meta property=\"og:locale\" content=\"sl_SI\" \/>\n<meta property=\"og:type\" content=\"article\" \/>\n<meta property=\"og:title\" content=\"\u010cude\u017eni vrt\" \/>\n<meta property=\"og:description\" content=\"\u010cude\u017eni vrt je knjiga za otroke in mlade, ki v slogu svete Hildegarde iz Bingna pripoveduje o lepoti stvarstva in neskon\u010dni Bo\u017eji ljubezni.\" \/>\n<meta property=\"og:url\" content=\"https:\/\/www.iskreni.net\/trgovina\/product\/cudezni-vrt\/\" \/>\n<meta property=\"og:site_name\" content=\"Zavod Iskreni\" \/>\n<meta property=\"article:modified_time\" content=\"2023-12-04T10:17:23+00:00\" \/>\n<meta property=\"og:image\" content=\"https:\/\/www.iskreni.net\/trgovina\/wp-content\/uploads\/2023\/11\/Slike-za-v-spletno-trgovino7.jpg\" \/>\n\t<meta property=\"og:image:width\" content=\"600\" \/>\n\t<meta property=\"og:image:height\" content=\"600\" \/>\n\t<meta property=\"og:image:type\" content=\"image\/jpeg\" \/>\n<meta name=\"twitter:card\" content=\"summary_large_image\" \/>\n<meta name=\"twitter:label1\" content=\"Est. reading time\" \/>\n\t<meta name=\"twitter:data1\" content=\"1 minuta\" \/>\n<script type=\"application\/ld+json\" class=\"yoast-schema-graph\">{\"@context\":\"https:\/\/schema.org\",\"@graph\":[{\"@type\":\"WebPage\",\"@id\":\"https:\/\/www.iskreni.net\/trgovina\/product\/cudezni-vrt\/\",\"url\":\"https:\/\/www.iskreni.net\/trgovina\/product\/cudezni-vrt\/\",\"name\":\"\u010cude\u017eni vrt - trgovina Iskreni\",\"isPartOf\":{\"@id\":\"https:\/\/www.iskreni.net\/trgovina\/#website\"},\"primaryImageOfPage\":{\"@id\":\"https:\/\/www.iskreni.net\/trgovina\/product\/cudezni-vrt\/#primaryimage\"},\"image\":{\"@id\":\"https:\/\/www.iskreni.net\/trgovina\/product\/cudezni-vrt\/#primaryimage\"},\"thumbnailUrl\":\"https:\/\/www.iskreni.net\/trgovina\/wp-content\/uploads\/2023\/11\/Slike-za-v-spletno-trgovino7.jpg\",\"datePublished\":\"2023-11-29T10:18:39+00:00\",\"dateModified\":\"2023-12-04T10:17:23+00:00\",\"description\":\"\u010cude\u017eni vrt je knjiga za otroke in mlade, ki v slogu svete Hildegarde iz Bingna pripoveduje o lepoti stvarstva in neskon\u010dni Bo\u017eji ljubezni.\",\"breadcrumb\":{\"@id\":\"https:\/\/www.iskreni.net\/trgovina\/product\/cudezni-vrt\/#breadcrumb\"},\"inLanguage\":\"sl-SI\",\"potentialAction\":[{\"@type\":\"ReadAction\",\"target\":[\"https:\/\/www.iskreni.net\/trgovina\/product\/cudezni-vrt\/\"]}]},{\"@type\":\"ImageObject\",\"inLanguage\":\"sl-SI\",\"@id\":\"https:\/\/www.iskreni.net\/trgovina\/product\/cudezni-vrt\/#primaryimage\",\"url\":\"https:\/\/www.iskreni.net\/trgovina\/wp-content\/uploads\/2023\/11\/Slike-za-v-spletno-trgovino7.jpg\",\"contentUrl\":\"https:\/\/www.iskreni.net\/trgovina\/wp-content\/uploads\/2023\/11\/Slike-za-v-spletno-trgovino7.jpg\",\"width\":600,\"height\":600},{\"@type\":\"BreadcrumbList\",\"@id\":\"https:\/\/www.iskreni.net\/trgovina\/product\/cudezni-vrt\/#breadcrumb\",\"itemListElement\":[{\"@type\":\"ListItem\",\"position\":1,\"name\":\"Home\",\"item\":\"https:\/\/www.iskreni.net\/trgovina\/\"},{\"@type\":\"ListItem\",\"position\":2,\"name\":\"Trgovina\",\"item\":\"https:\/\/www.iskreni.net\/trgovina\/trgovina\/\"},{\"@type\":\"ListItem\",\"position\":3,\"name\":\"\u010cude\u017eni vrt\"}]},{\"@type\":\"WebSite\",\"@id\":\"https:\/\/www.iskreni.net\/trgovina\/#website\",\"url\":\"https:\/\/www.iskreni.net\/trgovina\/\",\"name\":\"Zavod Iskreni\",\"description\":\"trgovina\",\"potentialAction\":[{\"@type\":\"SearchAction\",\"target\":{\"@type\":\"EntryPoint\",\"urlTemplate\":\"https:\/\/www.iskreni.net\/trgovina\/?s={search_term_string}\"},\"query-input\":{\"@type\":\"PropertyValueSpecification\",\"valueRequired\":true,\"valueName\":\"search_term_string\"}}],\"inLanguage\":\"sl-SI\"}]}<\/script>\n<!-- \/ Yoast SEO plugin. -->","yoast_head_json":{"title":"\u010cude\u017eni vrt - trgovina Iskreni","description":"\u010cude\u017eni vrt je knjiga za otroke in mlade, ki v slogu svete Hildegarde iz Bingna pripoveduje o lepoti stvarstva in neskon\u010dni Bo\u017eji ljubezni.","robots":{"index":"index","follow":"follow","max-snippet":"max-snippet:-1","max-image-preview":"max-image-preview:large","max-video-preview":"max-video-preview:-1"},"canonical":"https:\/\/www.iskreni.net\/trgovina\/product\/cudezni-vrt\/","og_locale":"sl_SI","og_type":"article","og_title":"\u010cude\u017eni vrt","og_description":"\u010cude\u017eni vrt je knjiga za otroke in mlade, ki v slogu svete Hildegarde iz Bingna pripoveduje o lepoti stvarstva in neskon\u010dni Bo\u017eji ljubezni.","og_url":"https:\/\/www.iskreni.net\/trgovina\/product\/cudezni-vrt\/","og_site_name":"Zavod Iskreni","article_modified_time":"2023-12-04T10:17:23+00:00","og_image":[{"width":600,"height":600,"url":"https:\/\/www.iskreni.net\/trgovina\/wp-content\/uploads\/2023\/11\/Slike-za-v-spletno-trgovino7.jpg","type":"image\/jpeg"}],"twitter_card":"summary_large_image","twitter_misc":{"Est. reading time":"1 minuta"},"schema":{"@context":"https:\/\/schema.org","@graph":[{"@type":"WebPage","@id":"https:\/\/www.iskreni.net\/trgovina\/product\/cudezni-vrt\/","url":"https:\/\/www.iskreni.net\/trgovina\/product\/cudezni-vrt\/","name":"\u010cude\u017eni vrt - trgovina Iskreni","isPartOf":{"@id":"https:\/\/www.iskreni.net\/trgovina\/#website"},"primaryImageOfPage":{"@id":"https:\/\/www.iskreni.net\/trgovina\/product\/cudezni-vrt\/#primaryimage"},"image":{"@id":"https:\/\/www.iskreni.net\/trgovina\/product\/cudezni-vrt\/#primaryimage"},"thumbnailUrl":"https:\/\/www.iskreni.net\/trgovina\/wp-content\/uploads\/2023\/11\/Slike-za-v-spletno-trgovino7.jpg","datePublished":"2023-11-29T10:18:39+00:00","dateModified":"2023-12-04T10:17:23+00:00","description":"\u010cude\u017eni vrt je knjiga za otroke in mlade, ki v slogu svete Hildegarde iz Bingna pripoveduje o lepoti stvarstva in neskon\u010dni Bo\u017eji ljubezni.","breadcrumb":{"@id":"https:\/\/www.iskreni.net\/trgovina\/product\/cudezni-vrt\/#breadcrumb"},"inLanguage":"sl-SI","potentialAction":[{"@type":"ReadAction","target":["https:\/\/www.iskreni.net\/trgovina\/product\/cudezni-vrt\/"]}]},{"@type":"ImageObject","inLanguage":"sl-SI","@id":"https:\/\/www.iskreni.net\/trgovina\/product\/cudezni-vrt\/#primaryimage","url":"https:\/\/www.iskreni.net\/trgovina\/wp-content\/uploads\/2023\/11\/Slike-za-v-spletno-trgovino7.jpg","contentUrl":"https:\/\/www.iskreni.net\/trgovina\/wp-content\/uploads\/2023\/11\/Slike-za-v-spletno-trgovino7.jpg","width":600,"height":600},{"@type":"BreadcrumbList","@id":"https:\/\/www.iskreni.net\/trgovina\/product\/cudezni-vrt\/#breadcrumb","itemListElement":[{"@type":"ListItem","position":1,"name":"Home","item":"https:\/\/www.iskreni.net\/trgovina\/"},{"@type":"ListItem","position":2,"name":"Trgovina","item":"https:\/\/www.iskreni.net\/trgovina\/trgovina\/"},{"@type":"ListItem","position":3,"name":"\u010cude\u017eni vrt"}]},{"@type":"WebSite","@id":"https:\/\/www.iskreni.net\/trgovina\/#website","url":"https:\/\/www.iskreni.net\/trgovina\/","name":"Zavod Iskreni","description":"trgovina","potentialAction":[{"@type":"SearchAction","target":{"@type":"EntryPoint","urlTemplate":"https:\/\/www.iskreni.net\/trgovina\/?s={search_term_string}"},"query-input":{"@type":"PropertyValueSpecification","valueRequired":true,"valueName":"search_term_string"}}],"inLanguage":"sl-SI"}]}},"_links":{"self":[{"href":"https:\/\/www.iskreni.net\/trgovina\/wp-json\/wp\/v2\/product\/70988","targetHints":{"allow":["GET"]}}],"collection":[{"href":"https:\/\/www.iskreni.net\/trgovina\/wp-json\/wp\/v2\/product"}],"about":[{"href":"https:\/\/www.iskreni.net\/trgovina\/wp-json\/wp\/v2\/types\/product"}],"replies":[{"embeddable":true,"href":"https:\/\/www.iskreni.net\/trgovina\/wp-json\/wp\/v2\/comments?post=70988"}],"version-history":[{"count":2,"href":"https:\/\/www.iskreni.net\/trgovina\/wp-json\/wp\/v2\/product\/70988\/revisions"}],"predecessor-version":[{"id":70994,"href":"https:\/\/www.iskreni.net\/trgovina\/wp-json\/wp\/v2\/product\/70988\/revisions\/70994"}],"wp:featuredmedia":[{"embeddable":true,"href":"https:\/\/www.iskreni.net\/trgovina\/wp-json\/wp\/v2\/media\/70992"}],"wp:attachment":[{"href":"https:\/\/www.iskreni.net\/trgovina\/wp-json\/wp\/v2\/media?parent=70988"}],"wp:term":[{"taxonomy":"product_brand","embeddable":true,"href":"https:\/\/www.iskreni.net\/trgovina\/wp-json\/wp\/v2\/product_brand?post=70988"},{"taxonomy":"product_cat","embeddable":true,"href":"https:\/\/www.iskreni.net\/trgovina\/wp-json\/wp\/v2\/product_cat?post=70988"},{"taxonomy":"product_tag","embeddable":true,"href":"https:\/\/www.iskreni.net\/trgovina\/wp-json\/wp\/v2\/product_tag?post=70988"},{"taxonomy":"avtor","embeddable":true,"href":"https:\/\/www.iskreni.net\/trgovina\/wp-json\/wp\/v2\/avtor?post=70988"},{"taxonomy":"zalozba","embeddable":true,"href":"https:\/\/www.iskreni.net\/trgovina\/wp-json\/wp\/v2\/zalozba?post=70988"},{"taxonomy":"vezava","embeddable":true,"href":"https:\/\/www.iskreni.net\/trgovina\/wp-json\/wp\/v2\/vezava?post=70988"}],"curies":[{"name":"wp","href":"https:\/\/api.w.org\/{rel}","templated":true}]}}