{"id":69799,"date":"2023-10-13T11:50:43","date_gmt":"2023-10-13T09:50:43","guid":{"rendered":"https:\/\/www.iskreni.net\/trgovina\/?post_type=product&#038;p=69799"},"modified":"2023-10-13T11:52:08","modified_gmt":"2023-10-13T09:52:08","slug":"sofija-in-labodje-jezero","status":"publish","type":"product","link":"https:\/\/www.iskreni.net\/trgovina\/product\/sofija-in-labodje-jezero\/","title":{"rendered":"Sofija in labodje jezero"},"content":{"rendered":"<h4>O knjigi Sofija in labodje jezero<em><br \/>\n<\/em><\/h4>\n<div class=\"\">\n<p>Sofija je zopet obula baletne copatke in odplesala, tokrat v Sofija in Labodje jezero \u2026 Sofija se veseli nove plesne vloge. O\u010dka je seveda nadvse pomemben gledalec baletne predstave, a kaj, ko mora na slu\u017ebeno pot \u2026 Kak\u0161no razo\u010daranje!<\/p>\n<p>Kaj je lahko pomembnej\u0161e od h\u010derkinega nastopa? Kak\u0161na slu\u017ebena pot! O\u010dka, no \u2026 Pa res ne bo pri\u0161el? Preberite slikanico in boste videli, kaj je o\u010dku zares najpomembnej\u0161e v \u017eivljenju.<\/p>\n<p>Vsi sestanki, vsa slu\u017ebena potovanja, vsi poslovni uspehi ne odtehtajo enega samega h\u010derkinega nasmeha. Tata je najprej tata, je neko\u010d zapisal Tone Pav\u010dek. Kako prav je imel! Tudi Sofijin o\u010dka je najprej in predvsem o\u010dka, ki ve, da ga njegova princeska nujno potrebuje.<\/p>\n<p>&nbsp;<\/p>\n<\/div>\n<p>&nbsp;<\/p>\n<p>&nbsp;<\/p>\n","protected":false},"excerpt":{"rendered":"<p><strong>Ilustracije: <\/strong>Tina Dobrajc<strong><br \/>\n<\/strong><strong>\u0160tevilo strani: <\/strong>32<br \/>\n<strong>Leto izdaje:<\/strong> 2023<br \/>\n<strong>Mere:<\/strong> 28,5 x 22,5 cm<\/p>\n","protected":false},"featured_media":69894,"comment_status":"open","ping_status":"closed","template":"","meta":[],"product_brand":[],"product_cat":[63,135],"product_tag":[],"avtor":[2436],"zalozba":[2360],"vezava":[2306],"class_list":{"0":"post-69799","1":"product","2":"type-product","3":"status-publish","4":"has-post-thumbnail","6":"product_cat-knjige","7":"product_cat-za-otroke","8":"avtor-helena-kraljic","9":"zalozba-morfem","10":"vezava-trda","12":"first","13":"onbackorder","14":"taxable","15":"shipping-taxable","16":"purchasable","17":"product-type-simple"},"yoast_head":"<!-- This site is optimized with the Yoast SEO plugin v26.3 - https:\/\/yoast.com\/wordpress\/plugins\/seo\/ -->\n<title>Sofija in baletni copatki - trgovina Iskreni<\/title>\n<meta name=\"description\" content=\"Sofija in labodje jezero nas popelje v novo plesno zgodbo, tokrat s Sofijo in njenim o\u010dkom, ki je nadvse pomemben gledalec baletne predstave.\" \/>\n<meta name=\"robots\" content=\"index, follow, max-snippet:-1, max-image-preview:large, max-video-preview:-1\" \/>\n<link rel=\"canonical\" href=\"https:\/\/www.iskreni.net\/trgovina\/product\/sofija-in-labodje-jezero\/\" \/>\n<meta property=\"og:locale\" content=\"sl_SI\" \/>\n<meta property=\"og:type\" content=\"article\" \/>\n<meta property=\"og:title\" content=\"Sofija in labodje jezero\" \/>\n<meta property=\"og:description\" content=\"Sofija in labodje jezero nas popelje v novo plesno zgodbo, tokrat s Sofijo in njenim o\u010dkom, ki je nadvse pomemben gledalec baletne predstave.\" \/>\n<meta property=\"og:url\" content=\"https:\/\/www.iskreni.net\/trgovina\/product\/sofija-in-labodje-jezero\/\" \/>\n<meta property=\"og:site_name\" content=\"Zavod Iskreni\" \/>\n<meta property=\"article:modified_time\" content=\"2023-10-13T09:52:08+00:00\" \/>\n<meta property=\"og:image\" content=\"https:\/\/www.iskreni.net\/trgovina\/wp-content\/uploads\/2023\/10\/Slike-za-v-spletno-trgovino-32.jpg\" \/>\n\t<meta property=\"og:image:width\" content=\"600\" \/>\n\t<meta property=\"og:image:height\" content=\"600\" \/>\n\t<meta property=\"og:image:type\" content=\"image\/jpeg\" \/>\n<meta name=\"twitter:card\" content=\"summary_large_image\" \/>\n<meta name=\"twitter:label1\" content=\"Est. reading time\" \/>\n\t<meta name=\"twitter:data1\" content=\"1 minuta\" \/>\n<script type=\"application\/ld+json\" class=\"yoast-schema-graph\">{\"@context\":\"https:\/\/schema.org\",\"@graph\":[{\"@type\":\"WebPage\",\"@id\":\"https:\/\/www.iskreni.net\/trgovina\/product\/sofija-in-labodje-jezero\/\",\"url\":\"https:\/\/www.iskreni.net\/trgovina\/product\/sofija-in-labodje-jezero\/\",\"name\":\"Sofija in baletni copatki - trgovina Iskreni\",\"isPartOf\":{\"@id\":\"https:\/\/www.iskreni.net\/trgovina\/#website\"},\"primaryImageOfPage\":{\"@id\":\"https:\/\/www.iskreni.net\/trgovina\/product\/sofija-in-labodje-jezero\/#primaryimage\"},\"image\":{\"@id\":\"https:\/\/www.iskreni.net\/trgovina\/product\/sofija-in-labodje-jezero\/#primaryimage\"},\"thumbnailUrl\":\"https:\/\/www.iskreni.net\/trgovina\/wp-content\/uploads\/2023\/10\/Slike-za-v-spletno-trgovino-32.jpg\",\"datePublished\":\"2023-10-13T09:50:43+00:00\",\"dateModified\":\"2023-10-13T09:52:08+00:00\",\"description\":\"Sofija in labodje jezero nas popelje v novo plesno zgodbo, tokrat s Sofijo in njenim o\u010dkom, ki je nadvse pomemben gledalec baletne predstave.\",\"breadcrumb\":{\"@id\":\"https:\/\/www.iskreni.net\/trgovina\/product\/sofija-in-labodje-jezero\/#breadcrumb\"},\"inLanguage\":\"sl-SI\",\"potentialAction\":[{\"@type\":\"ReadAction\",\"target\":[\"https:\/\/www.iskreni.net\/trgovina\/product\/sofija-in-labodje-jezero\/\"]}]},{\"@type\":\"ImageObject\",\"inLanguage\":\"sl-SI\",\"@id\":\"https:\/\/www.iskreni.net\/trgovina\/product\/sofija-in-labodje-jezero\/#primaryimage\",\"url\":\"https:\/\/www.iskreni.net\/trgovina\/wp-content\/uploads\/2023\/10\/Slike-za-v-spletno-trgovino-32.jpg\",\"contentUrl\":\"https:\/\/www.iskreni.net\/trgovina\/wp-content\/uploads\/2023\/10\/Slike-za-v-spletno-trgovino-32.jpg\",\"width\":600,\"height\":600},{\"@type\":\"BreadcrumbList\",\"@id\":\"https:\/\/www.iskreni.net\/trgovina\/product\/sofija-in-labodje-jezero\/#breadcrumb\",\"itemListElement\":[{\"@type\":\"ListItem\",\"position\":1,\"name\":\"Home\",\"item\":\"https:\/\/www.iskreni.net\/trgovina\/\"},{\"@type\":\"ListItem\",\"position\":2,\"name\":\"Trgovina\",\"item\":\"https:\/\/www.iskreni.net\/trgovina\/trgovina\/\"},{\"@type\":\"ListItem\",\"position\":3,\"name\":\"Sofija in labodje jezero\"}]},{\"@type\":\"WebSite\",\"@id\":\"https:\/\/www.iskreni.net\/trgovina\/#website\",\"url\":\"https:\/\/www.iskreni.net\/trgovina\/\",\"name\":\"Zavod Iskreni\",\"description\":\"trgovina\",\"potentialAction\":[{\"@type\":\"SearchAction\",\"target\":{\"@type\":\"EntryPoint\",\"urlTemplate\":\"https:\/\/www.iskreni.net\/trgovina\/?s={search_term_string}\"},\"query-input\":{\"@type\":\"PropertyValueSpecification\",\"valueRequired\":true,\"valueName\":\"search_term_string\"}}],\"inLanguage\":\"sl-SI\"}]}<\/script>\n<!-- \/ Yoast SEO plugin. -->","yoast_head_json":{"title":"Sofija in baletni copatki - trgovina Iskreni","description":"Sofija in labodje jezero nas popelje v novo plesno zgodbo, tokrat s Sofijo in njenim o\u010dkom, ki je nadvse pomemben gledalec baletne predstave.","robots":{"index":"index","follow":"follow","max-snippet":"max-snippet:-1","max-image-preview":"max-image-preview:large","max-video-preview":"max-video-preview:-1"},"canonical":"https:\/\/www.iskreni.net\/trgovina\/product\/sofija-in-labodje-jezero\/","og_locale":"sl_SI","og_type":"article","og_title":"Sofija in labodje jezero","og_description":"Sofija in labodje jezero nas popelje v novo plesno zgodbo, tokrat s Sofijo in njenim o\u010dkom, ki je nadvse pomemben gledalec baletne predstave.","og_url":"https:\/\/www.iskreni.net\/trgovina\/product\/sofija-in-labodje-jezero\/","og_site_name":"Zavod Iskreni","article_modified_time":"2023-10-13T09:52:08+00:00","og_image":[{"width":600,"height":600,"url":"https:\/\/www.iskreni.net\/trgovina\/wp-content\/uploads\/2023\/10\/Slike-za-v-spletno-trgovino-32.jpg","type":"image\/jpeg"}],"twitter_card":"summary_large_image","twitter_misc":{"Est. reading time":"1 minuta"},"schema":{"@context":"https:\/\/schema.org","@graph":[{"@type":"WebPage","@id":"https:\/\/www.iskreni.net\/trgovina\/product\/sofija-in-labodje-jezero\/","url":"https:\/\/www.iskreni.net\/trgovina\/product\/sofija-in-labodje-jezero\/","name":"Sofija in baletni copatki - trgovina Iskreni","isPartOf":{"@id":"https:\/\/www.iskreni.net\/trgovina\/#website"},"primaryImageOfPage":{"@id":"https:\/\/www.iskreni.net\/trgovina\/product\/sofija-in-labodje-jezero\/#primaryimage"},"image":{"@id":"https:\/\/www.iskreni.net\/trgovina\/product\/sofija-in-labodje-jezero\/#primaryimage"},"thumbnailUrl":"https:\/\/www.iskreni.net\/trgovina\/wp-content\/uploads\/2023\/10\/Slike-za-v-spletno-trgovino-32.jpg","datePublished":"2023-10-13T09:50:43+00:00","dateModified":"2023-10-13T09:52:08+00:00","description":"Sofija in labodje jezero nas popelje v novo plesno zgodbo, tokrat s Sofijo in njenim o\u010dkom, ki je nadvse pomemben gledalec baletne predstave.","breadcrumb":{"@id":"https:\/\/www.iskreni.net\/trgovina\/product\/sofija-in-labodje-jezero\/#breadcrumb"},"inLanguage":"sl-SI","potentialAction":[{"@type":"ReadAction","target":["https:\/\/www.iskreni.net\/trgovina\/product\/sofija-in-labodje-jezero\/"]}]},{"@type":"ImageObject","inLanguage":"sl-SI","@id":"https:\/\/www.iskreni.net\/trgovina\/product\/sofija-in-labodje-jezero\/#primaryimage","url":"https:\/\/www.iskreni.net\/trgovina\/wp-content\/uploads\/2023\/10\/Slike-za-v-spletno-trgovino-32.jpg","contentUrl":"https:\/\/www.iskreni.net\/trgovina\/wp-content\/uploads\/2023\/10\/Slike-za-v-spletno-trgovino-32.jpg","width":600,"height":600},{"@type":"BreadcrumbList","@id":"https:\/\/www.iskreni.net\/trgovina\/product\/sofija-in-labodje-jezero\/#breadcrumb","itemListElement":[{"@type":"ListItem","position":1,"name":"Home","item":"https:\/\/www.iskreni.net\/trgovina\/"},{"@type":"ListItem","position":2,"name":"Trgovina","item":"https:\/\/www.iskreni.net\/trgovina\/trgovina\/"},{"@type":"ListItem","position":3,"name":"Sofija in labodje jezero"}]},{"@type":"WebSite","@id":"https:\/\/www.iskreni.net\/trgovina\/#website","url":"https:\/\/www.iskreni.net\/trgovina\/","name":"Zavod Iskreni","description":"trgovina","potentialAction":[{"@type":"SearchAction","target":{"@type":"EntryPoint","urlTemplate":"https:\/\/www.iskreni.net\/trgovina\/?s={search_term_string}"},"query-input":{"@type":"PropertyValueSpecification","valueRequired":true,"valueName":"search_term_string"}}],"inLanguage":"sl-SI"}]}},"_links":{"self":[{"href":"https:\/\/www.iskreni.net\/trgovina\/wp-json\/wp\/v2\/product\/69799","targetHints":{"allow":["GET"]}}],"collection":[{"href":"https:\/\/www.iskreni.net\/trgovina\/wp-json\/wp\/v2\/product"}],"about":[{"href":"https:\/\/www.iskreni.net\/trgovina\/wp-json\/wp\/v2\/types\/product"}],"replies":[{"embeddable":true,"href":"https:\/\/www.iskreni.net\/trgovina\/wp-json\/wp\/v2\/comments?post=69799"}],"version-history":[{"count":3,"href":"https:\/\/www.iskreni.net\/trgovina\/wp-json\/wp\/v2\/product\/69799\/revisions"}],"predecessor-version":[{"id":69898,"href":"https:\/\/www.iskreni.net\/trgovina\/wp-json\/wp\/v2\/product\/69799\/revisions\/69898"}],"wp:featuredmedia":[{"embeddable":true,"href":"https:\/\/www.iskreni.net\/trgovina\/wp-json\/wp\/v2\/media\/69894"}],"wp:attachment":[{"href":"https:\/\/www.iskreni.net\/trgovina\/wp-json\/wp\/v2\/media?parent=69799"}],"wp:term":[{"taxonomy":"product_brand","embeddable":true,"href":"https:\/\/www.iskreni.net\/trgovina\/wp-json\/wp\/v2\/product_brand?post=69799"},{"taxonomy":"product_cat","embeddable":true,"href":"https:\/\/www.iskreni.net\/trgovina\/wp-json\/wp\/v2\/product_cat?post=69799"},{"taxonomy":"product_tag","embeddable":true,"href":"https:\/\/www.iskreni.net\/trgovina\/wp-json\/wp\/v2\/product_tag?post=69799"},{"taxonomy":"avtor","embeddable":true,"href":"https:\/\/www.iskreni.net\/trgovina\/wp-json\/wp\/v2\/avtor?post=69799"},{"taxonomy":"zalozba","embeddable":true,"href":"https:\/\/www.iskreni.net\/trgovina\/wp-json\/wp\/v2\/zalozba?post=69799"},{"taxonomy":"vezava","embeddable":true,"href":"https:\/\/www.iskreni.net\/trgovina\/wp-json\/wp\/v2\/vezava?post=69799"}],"curies":[{"name":"wp","href":"https:\/\/api.w.org\/{rel}","templated":true}]}}