{"id":68748,"date":"2023-08-10T23:45:19","date_gmt":"2023-08-10T21:45:19","guid":{"rendered":"https:\/\/www.iskreni.net\/trgovina\/?post_type=product&#038;p=68748"},"modified":"2023-08-28T19:20:14","modified_gmt":"2023-08-28T17:20:14","slug":"josipina-turnograjska","status":"publish","type":"product","link":"https:\/\/www.iskreni.net\/trgovina\/product\/josipina-turnograjska\/","title":{"rendered":"Josipina Turnograjska"},"content":{"rendered":"<h3 id=\"anchor-o-izdelku\" class=\"title\">O knjigi <em>Josipina Turnograjska<\/em><\/h3>\n<div id=\"tab-opis_tab\" class=\"tab-pane active\">\n<p>Ne\u017ena zgodba o prvi slovenski pisateljici.<\/p>\n<p><em>Davno tega se je na gradu Turn v Preddvoru rodila prelepa deklica Josipina. Njeno ne\u017eno in ljubeznivo srce je prekipevalo od sre\u010de ob pohajkovanju po travnikih, nad katerimi se je bohotil prelepi Stor\u017ei\u010d. Veselje do narave in u\u010denja je razburkalo njene misli, ki jih je vneto zapisovala in jih zaklepala v zgodbice, pravljice, pesmice, skladbe in ljubezenska pisma. To je zgodba o Josipini Urban\u010di\u010d Turnograjski, prvi slovenski pisateljici, ki je v slovenski kulturni zgodovini pustila velik pe\u010dat.<\/em><\/p>\n<p>Najbolj neskaljene lepote gorenjske narave so Josipino Urban\u010di\u010d Turnograjsko navdihovale celo \u017eivljenje. Njena ne\u017ena du\u0161a je \u010drpala navdih iz mogo\u010dnih gora in \u0161ume\u010de Bistrice in se radostila ob poljih barvitega cvetja. Njeno iskreno srce pa je najbolj nagovorila ljubezen mladega Lovra Tomana, s katerim sta si za\u010dela izmenjevati dolga pisma, polna hrepenenja, a tudi zanosa do vrednot, ki sta jih delila: slovenstva, narodne identitete in slovenskega jezika. Slednjemu je bila Jospina tako predana, da je njeno pero sli\u0161alo le njegov zven. Tako so se rojevale pravljice, povestice in pesmi, v njenem srcu pa je rasel ponos do slovenskega naroda, ki ga je vedno jasno izpri\u010devala. Po dolgih letih dopisovanja sta Josipina in Lovro stopila pred oltar, a je v njuno ljubezen prehitro zarezala Josipinina smrt. Njena du\u0161a pa v njenih delih, ki predstavljajo izjemen prispevek k slovenski literarni zapu\u0161\u010dini, \u017eivi \u0161e danes.<\/p>\n<\/div>\n<h4><\/h4>\n","protected":false},"excerpt":{"rendered":"<p><strong>Ilustracije:<\/strong> Polona Kosec<br \/>\n<strong>Leto izdaje:<\/strong> 2023<br \/>\n<strong>\u0160tevilo strani:<\/strong> 28<br \/>\n<strong>Format:<\/strong> 240 x 300 mm<\/p>\n<p>Davno tega se je na gradu Turn v Preddvoru rodila prelepa deklica Josipina. Njeno ne\u017eno in ljubeznivo srce je prekipevalo od sre\u010de ob pohajkovanju po travnikih, nad katerimi se je bohotil prelepi Stor\u017ei\u010d.<\/p>\n","protected":false},"featured_media":68750,"comment_status":"open","ping_status":"closed","template":"","meta":[],"product_brand":[],"product_cat":[63,135],"product_tag":[793,2403],"avtor":[2398],"zalozba":[2337],"vezava":[2306],"class_list":{"0":"post-68748","1":"product","2":"type-product","3":"status-publish","4":"has-post-thumbnail","6":"product_cat-knjige","7":"product_cat-za-otroke","8":"product_tag-biografija","9":"product_tag-josipina-turnograjska","10":"avtor-mojiceja-bonte","11":"zalozba-celjska-mohorjeva-druzba","12":"vezava-trda","14":"first","15":"instock","16":"taxable","17":"shipping-taxable","18":"purchasable","19":"product-type-simple"},"yoast_head":"<!-- This site is optimized with the Yoast SEO plugin v26.3 - https:\/\/yoast.com\/wordpress\/plugins\/seo\/ -->\n<title>Josipina Turnograjska - trgovina Iskreni<\/title>\n<meta name=\"description\" content=\"Josipina Turnograjska, zgodba o prvi slovenski pisateljici, ki je veselje do narave in u\u010denja zapisovala v zgodbice, pravljice, pesmice, skladbe in ljubezenska pisma.\" \/>\n<meta name=\"robots\" content=\"index, follow, max-snippet:-1, max-image-preview:large, max-video-preview:-1\" \/>\n<link rel=\"canonical\" href=\"https:\/\/www.iskreni.net\/trgovina\/product\/josipina-turnograjska\/\" \/>\n<meta property=\"og:locale\" content=\"sl_SI\" \/>\n<meta property=\"og:type\" content=\"article\" \/>\n<meta property=\"og:title\" content=\"Josipina Turnograjska\" \/>\n<meta property=\"og:description\" content=\"Josipina Turnograjska, zgodba o prvi slovenski pisateljici, ki je veselje do narave in u\u010denja zapisovala v zgodbice, pravljice, pesmice, skladbe in ljubezenska pisma.\" \/>\n<meta property=\"og:url\" content=\"https:\/\/www.iskreni.net\/trgovina\/product\/josipina-turnograjska\/\" \/>\n<meta property=\"og:site_name\" content=\"Zavod Iskreni\" \/>\n<meta property=\"article:modified_time\" content=\"2023-08-28T17:20:14+00:00\" \/>\n<meta property=\"og:image\" content=\"https:\/\/www.iskreni.net\/trgovina\/wp-content\/uploads\/2023\/08\/Josipina-Turnograjska.png\" \/>\n\t<meta property=\"og:image:width\" content=\"600\" \/>\n\t<meta property=\"og:image:height\" content=\"600\" \/>\n\t<meta property=\"og:image:type\" content=\"image\/png\" \/>\n<meta name=\"twitter:card\" content=\"summary_large_image\" \/>\n<meta name=\"twitter:label1\" content=\"Est. reading time\" \/>\n\t<meta name=\"twitter:data1\" content=\"2 minuti\" \/>\n<script type=\"application\/ld+json\" class=\"yoast-schema-graph\">{\"@context\":\"https:\/\/schema.org\",\"@graph\":[{\"@type\":\"WebPage\",\"@id\":\"https:\/\/www.iskreni.net\/trgovina\/product\/josipina-turnograjska\/\",\"url\":\"https:\/\/www.iskreni.net\/trgovina\/product\/josipina-turnograjska\/\",\"name\":\"Josipina Turnograjska - trgovina Iskreni\",\"isPartOf\":{\"@id\":\"https:\/\/www.iskreni.net\/trgovina\/#website\"},\"primaryImageOfPage\":{\"@id\":\"https:\/\/www.iskreni.net\/trgovina\/product\/josipina-turnograjska\/#primaryimage\"},\"image\":{\"@id\":\"https:\/\/www.iskreni.net\/trgovina\/product\/josipina-turnograjska\/#primaryimage\"},\"thumbnailUrl\":\"https:\/\/www.iskreni.net\/trgovina\/wp-content\/uploads\/2023\/08\/Josipina-Turnograjska.png\",\"datePublished\":\"2023-08-10T21:45:19+00:00\",\"dateModified\":\"2023-08-28T17:20:14+00:00\",\"description\":\"Josipina Turnograjska, zgodba o prvi slovenski pisateljici, ki je veselje do narave in u\u010denja zapisovala v zgodbice, pravljice, pesmice, skladbe in ljubezenska pisma.\",\"breadcrumb\":{\"@id\":\"https:\/\/www.iskreni.net\/trgovina\/product\/josipina-turnograjska\/#breadcrumb\"},\"inLanguage\":\"sl-SI\",\"potentialAction\":[{\"@type\":\"ReadAction\",\"target\":[\"https:\/\/www.iskreni.net\/trgovina\/product\/josipina-turnograjska\/\"]}]},{\"@type\":\"ImageObject\",\"inLanguage\":\"sl-SI\",\"@id\":\"https:\/\/www.iskreni.net\/trgovina\/product\/josipina-turnograjska\/#primaryimage\",\"url\":\"https:\/\/www.iskreni.net\/trgovina\/wp-content\/uploads\/2023\/08\/Josipina-Turnograjska.png\",\"contentUrl\":\"https:\/\/www.iskreni.net\/trgovina\/wp-content\/uploads\/2023\/08\/Josipina-Turnograjska.png\",\"width\":600,\"height\":600},{\"@type\":\"BreadcrumbList\",\"@id\":\"https:\/\/www.iskreni.net\/trgovina\/product\/josipina-turnograjska\/#breadcrumb\",\"itemListElement\":[{\"@type\":\"ListItem\",\"position\":1,\"name\":\"Home\",\"item\":\"https:\/\/www.iskreni.net\/trgovina\/\"},{\"@type\":\"ListItem\",\"position\":2,\"name\":\"Trgovina\",\"item\":\"https:\/\/www.iskreni.net\/trgovina\/trgovina\/\"},{\"@type\":\"ListItem\",\"position\":3,\"name\":\"Josipina Turnograjska\"}]},{\"@type\":\"WebSite\",\"@id\":\"https:\/\/www.iskreni.net\/trgovina\/#website\",\"url\":\"https:\/\/www.iskreni.net\/trgovina\/\",\"name\":\"Zavod Iskreni\",\"description\":\"trgovina\",\"potentialAction\":[{\"@type\":\"SearchAction\",\"target\":{\"@type\":\"EntryPoint\",\"urlTemplate\":\"https:\/\/www.iskreni.net\/trgovina\/?s={search_term_string}\"},\"query-input\":{\"@type\":\"PropertyValueSpecification\",\"valueRequired\":true,\"valueName\":\"search_term_string\"}}],\"inLanguage\":\"sl-SI\"}]}<\/script>\n<!-- \/ Yoast SEO plugin. -->","yoast_head_json":{"title":"Josipina Turnograjska - trgovina Iskreni","description":"Josipina Turnograjska, zgodba o prvi slovenski pisateljici, ki je veselje do narave in u\u010denja zapisovala v zgodbice, pravljice, pesmice, skladbe in ljubezenska pisma.","robots":{"index":"index","follow":"follow","max-snippet":"max-snippet:-1","max-image-preview":"max-image-preview:large","max-video-preview":"max-video-preview:-1"},"canonical":"https:\/\/www.iskreni.net\/trgovina\/product\/josipina-turnograjska\/","og_locale":"sl_SI","og_type":"article","og_title":"Josipina Turnograjska","og_description":"Josipina Turnograjska, zgodba o prvi slovenski pisateljici, ki je veselje do narave in u\u010denja zapisovala v zgodbice, pravljice, pesmice, skladbe in ljubezenska pisma.","og_url":"https:\/\/www.iskreni.net\/trgovina\/product\/josipina-turnograjska\/","og_site_name":"Zavod Iskreni","article_modified_time":"2023-08-28T17:20:14+00:00","og_image":[{"width":600,"height":600,"url":"https:\/\/www.iskreni.net\/trgovina\/wp-content\/uploads\/2023\/08\/Josipina-Turnograjska.png","type":"image\/png"}],"twitter_card":"summary_large_image","twitter_misc":{"Est. reading time":"2 minuti"},"schema":{"@context":"https:\/\/schema.org","@graph":[{"@type":"WebPage","@id":"https:\/\/www.iskreni.net\/trgovina\/product\/josipina-turnograjska\/","url":"https:\/\/www.iskreni.net\/trgovina\/product\/josipina-turnograjska\/","name":"Josipina Turnograjska - trgovina Iskreni","isPartOf":{"@id":"https:\/\/www.iskreni.net\/trgovina\/#website"},"primaryImageOfPage":{"@id":"https:\/\/www.iskreni.net\/trgovina\/product\/josipina-turnograjska\/#primaryimage"},"image":{"@id":"https:\/\/www.iskreni.net\/trgovina\/product\/josipina-turnograjska\/#primaryimage"},"thumbnailUrl":"https:\/\/www.iskreni.net\/trgovina\/wp-content\/uploads\/2023\/08\/Josipina-Turnograjska.png","datePublished":"2023-08-10T21:45:19+00:00","dateModified":"2023-08-28T17:20:14+00:00","description":"Josipina Turnograjska, zgodba o prvi slovenski pisateljici, ki je veselje do narave in u\u010denja zapisovala v zgodbice, pravljice, pesmice, skladbe in ljubezenska pisma.","breadcrumb":{"@id":"https:\/\/www.iskreni.net\/trgovina\/product\/josipina-turnograjska\/#breadcrumb"},"inLanguage":"sl-SI","potentialAction":[{"@type":"ReadAction","target":["https:\/\/www.iskreni.net\/trgovina\/product\/josipina-turnograjska\/"]}]},{"@type":"ImageObject","inLanguage":"sl-SI","@id":"https:\/\/www.iskreni.net\/trgovina\/product\/josipina-turnograjska\/#primaryimage","url":"https:\/\/www.iskreni.net\/trgovina\/wp-content\/uploads\/2023\/08\/Josipina-Turnograjska.png","contentUrl":"https:\/\/www.iskreni.net\/trgovina\/wp-content\/uploads\/2023\/08\/Josipina-Turnograjska.png","width":600,"height":600},{"@type":"BreadcrumbList","@id":"https:\/\/www.iskreni.net\/trgovina\/product\/josipina-turnograjska\/#breadcrumb","itemListElement":[{"@type":"ListItem","position":1,"name":"Home","item":"https:\/\/www.iskreni.net\/trgovina\/"},{"@type":"ListItem","position":2,"name":"Trgovina","item":"https:\/\/www.iskreni.net\/trgovina\/trgovina\/"},{"@type":"ListItem","position":3,"name":"Josipina Turnograjska"}]},{"@type":"WebSite","@id":"https:\/\/www.iskreni.net\/trgovina\/#website","url":"https:\/\/www.iskreni.net\/trgovina\/","name":"Zavod Iskreni","description":"trgovina","potentialAction":[{"@type":"SearchAction","target":{"@type":"EntryPoint","urlTemplate":"https:\/\/www.iskreni.net\/trgovina\/?s={search_term_string}"},"query-input":{"@type":"PropertyValueSpecification","valueRequired":true,"valueName":"search_term_string"}}],"inLanguage":"sl-SI"}]}},"_links":{"self":[{"href":"https:\/\/www.iskreni.net\/trgovina\/wp-json\/wp\/v2\/product\/68748","targetHints":{"allow":["GET"]}}],"collection":[{"href":"https:\/\/www.iskreni.net\/trgovina\/wp-json\/wp\/v2\/product"}],"about":[{"href":"https:\/\/www.iskreni.net\/trgovina\/wp-json\/wp\/v2\/types\/product"}],"replies":[{"embeddable":true,"href":"https:\/\/www.iskreni.net\/trgovina\/wp-json\/wp\/v2\/comments?post=68748"}],"version-history":[{"count":4,"href":"https:\/\/www.iskreni.net\/trgovina\/wp-json\/wp\/v2\/product\/68748\/revisions"}],"predecessor-version":[{"id":68832,"href":"https:\/\/www.iskreni.net\/trgovina\/wp-json\/wp\/v2\/product\/68748\/revisions\/68832"}],"wp:featuredmedia":[{"embeddable":true,"href":"https:\/\/www.iskreni.net\/trgovina\/wp-json\/wp\/v2\/media\/68750"}],"wp:attachment":[{"href":"https:\/\/www.iskreni.net\/trgovina\/wp-json\/wp\/v2\/media?parent=68748"}],"wp:term":[{"taxonomy":"product_brand","embeddable":true,"href":"https:\/\/www.iskreni.net\/trgovina\/wp-json\/wp\/v2\/product_brand?post=68748"},{"taxonomy":"product_cat","embeddable":true,"href":"https:\/\/www.iskreni.net\/trgovina\/wp-json\/wp\/v2\/product_cat?post=68748"},{"taxonomy":"product_tag","embeddable":true,"href":"https:\/\/www.iskreni.net\/trgovina\/wp-json\/wp\/v2\/product_tag?post=68748"},{"taxonomy":"avtor","embeddable":true,"href":"https:\/\/www.iskreni.net\/trgovina\/wp-json\/wp\/v2\/avtor?post=68748"},{"taxonomy":"zalozba","embeddable":true,"href":"https:\/\/www.iskreni.net\/trgovina\/wp-json\/wp\/v2\/zalozba?post=68748"},{"taxonomy":"vezava","embeddable":true,"href":"https:\/\/www.iskreni.net\/trgovina\/wp-json\/wp\/v2\/vezava?post=68748"}],"curies":[{"name":"wp","href":"https:\/\/api.w.org\/{rel}","templated":true}]}}