{"id":68743,"date":"2023-08-10T23:27:49","date_gmt":"2023-08-10T21:27:49","guid":{"rendered":"https:\/\/www.iskreni.net\/trgovina\/?post_type=product&#038;p=68743"},"modified":"2023-08-16T21:38:19","modified_gmt":"2023-08-16T19:38:19","slug":"oce","status":"publish","type":"product","link":"https:\/\/www.iskreni.net\/trgovina\/product\/oce\/","title":{"rendered":"O\u010de"},"content":{"rendered":"<h4>O knjigi <em>O\u010de<\/em><\/h4>\n<p><em>\u00bbO\u010dka bo\u0161.\u00ab<\/em> Poznate morda lep\u0161i stavek?<\/p>\n<p>O\u010de. Ena sama drobna beseda, pa toliko pomenov. Ponos, ki napenja prsi. Strah, da bodo odlo\u010ditve napa\u010dne. Ne\u017enost, ki se ne sramuje. Ljubezen, ki je stanovitna. O\u010detje so si razli\u010dni. Pa vendar si vsi \u017eelijo isto. Da bi bili njihovi otroci sre\u010dni. Kot mnogo drugega je to v\u010dasih te\u017eko ubesediti. In morda je to prva knjiga, ki z malo besed pove skoraj vse.<\/p>\n<p>\u010ce smo o materinstvu \u0161e vajeni govoriti, pa o o\u010detovstvu redkeje. Najbolj univerzalna nit, ki vse \u010dlove\u0161tvo ve\u017ee v eno, ima dva konca. Mamo in o\u010deta. Za\u00a0<a href=\"https:\/\/www.iskreni.net\/trgovina\/product\/mama\/\"><em>Mamo<\/em><\/a>\u00a0je uigran ustvarjalni dvojec pripravil \u0161e knjigo, ki v najrazli\u010dnej\u0161ih podobah, kulturnih odsevih in socialnih okoli\u0161\u010dinah slavi o\u010detovstvo. Vsaka od teh podob ima veliko izrazno mo\u010d, \u010dustven naboj in obilno mero empatije. V eni sami besedi mednarodnega jezika ljubezni se prepoznajo vsi o\u010detje in vsi otroci sveta. Osupljiva zbirka akvarelnih portretov in \u017eivahnih skic je delo nagrajenega ilustratorja Quentina Gr\u00e9bana. Ob njih edinstveno in \u010dustveno popotovanje skozi liri\u010dno besedilo H\u00e9l\u00e8ne Delforge (enako kot materinstva) o\u010detovstva ne idealizira. Ujame pa splet vseh mogo\u010dih okoli\u0161\u010din, razli\u010dnih \u010dasov in kultur, \u017eivih portretov ter intimnih razmi\u0161ljanj z vsega sveta. O\u010detovstvo v vsej svoji kompleksnosti na vrtiljaku zadovoljstva in \u017ealosti, frustracij in zabav na koncu govori en sam, vsemu svetu razumljiv jezik. Re\u010de se mu ljubezen.<\/p>\n<h4><\/h4>\n<p>&nbsp;<\/p>\n","protected":false},"excerpt":{"rendered":"<p><strong>Prevod: <\/strong>Nadja Dobnik<br \/>\n<strong>Ilustracije: <\/strong>Quentin Gr\u00e9ban<br \/>\n<strong>\u0160tevilo strani:<\/strong> 72<br \/>\n<strong>Leto izdaje:<\/strong> 2023<br \/>\n<strong>Format: <\/strong>284 mm x 348 m<\/p>\n<p>Popolno darilo za vse o\u010dete.<\/p>\n","protected":false},"featured_media":68745,"comment_status":"open","ping_status":"closed","template":"","meta":[],"product_brand":[],"product_cat":[63,135],"product_tag":[2386],"avtor":[2399],"zalozba":[2337],"vezava":[2306],"class_list":{"0":"post-68743","1":"product","2":"type-product","3":"status-publish","4":"has-post-thumbnail","6":"product_cat-knjige","7":"product_cat-za-otroke","8":"product_tag-ocetovstvo","9":"avtor-helene-delforge","10":"zalozba-celjska-mohorjeva-druzba","11":"vezava-trda","13":"first","14":"instock","15":"taxable","16":"shipping-taxable","17":"purchasable","18":"product-type-simple"},"yoast_head":"<!-- This site is optimized with the Yoast SEO plugin v26.3 - https:\/\/yoast.com\/wordpress\/plugins\/seo\/ -->\n<title>O\u010de - trgovina Iskreni<\/title>\n<meta name=\"description\" content=\"O\u010de je osupljiva zbirka akvarelnih portretov, ki orisujejo o\u010detovstvo v vsej mno\u017eici \u010dustev v razli\u010dnih kulturah, \u010dasih in okoli\u0161\u010dinah.\" \/>\n<meta name=\"robots\" content=\"index, follow, max-snippet:-1, max-image-preview:large, max-video-preview:-1\" \/>\n<link rel=\"canonical\" href=\"https:\/\/www.iskreni.net\/trgovina\/product\/oce\/\" \/>\n<meta property=\"og:locale\" content=\"sl_SI\" \/>\n<meta property=\"og:type\" content=\"article\" \/>\n<meta property=\"og:title\" content=\"O\u010de\" \/>\n<meta property=\"og:description\" content=\"O\u010de je osupljiva zbirka akvarelnih portretov, ki orisujejo o\u010detovstvo v vsej mno\u017eici \u010dustev v razli\u010dnih kulturah, \u010dasih in okoli\u0161\u010dinah.\" \/>\n<meta property=\"og:url\" content=\"https:\/\/www.iskreni.net\/trgovina\/product\/oce\/\" \/>\n<meta property=\"og:site_name\" content=\"Zavod Iskreni\" \/>\n<meta property=\"article:modified_time\" content=\"2023-08-16T19:38:19+00:00\" \/>\n<meta property=\"og:image\" content=\"https:\/\/www.iskreni.net\/trgovina\/wp-content\/uploads\/2023\/08\/Oce.png\" \/>\n\t<meta property=\"og:image:width\" content=\"600\" \/>\n\t<meta property=\"og:image:height\" content=\"600\" \/>\n\t<meta property=\"og:image:type\" content=\"image\/png\" \/>\n<meta name=\"twitter:card\" content=\"summary_large_image\" \/>\n<meta name=\"twitter:label1\" content=\"Est. reading time\" \/>\n\t<meta name=\"twitter:data1\" content=\"2 minuti\" \/>\n<script type=\"application\/ld+json\" class=\"yoast-schema-graph\">{\"@context\":\"https:\/\/schema.org\",\"@graph\":[{\"@type\":\"WebPage\",\"@id\":\"https:\/\/www.iskreni.net\/trgovina\/product\/oce\/\",\"url\":\"https:\/\/www.iskreni.net\/trgovina\/product\/oce\/\",\"name\":\"O\u010de - trgovina Iskreni\",\"isPartOf\":{\"@id\":\"https:\/\/www.iskreni.net\/trgovina\/#website\"},\"primaryImageOfPage\":{\"@id\":\"https:\/\/www.iskreni.net\/trgovina\/product\/oce\/#primaryimage\"},\"image\":{\"@id\":\"https:\/\/www.iskreni.net\/trgovina\/product\/oce\/#primaryimage\"},\"thumbnailUrl\":\"https:\/\/www.iskreni.net\/trgovina\/wp-content\/uploads\/2023\/08\/Oce.png\",\"datePublished\":\"2023-08-10T21:27:49+00:00\",\"dateModified\":\"2023-08-16T19:38:19+00:00\",\"description\":\"O\u010de je osupljiva zbirka akvarelnih portretov, ki orisujejo o\u010detovstvo v vsej mno\u017eici \u010dustev v razli\u010dnih kulturah, \u010dasih in okoli\u0161\u010dinah.\",\"breadcrumb\":{\"@id\":\"https:\/\/www.iskreni.net\/trgovina\/product\/oce\/#breadcrumb\"},\"inLanguage\":\"sl-SI\",\"potentialAction\":[{\"@type\":\"ReadAction\",\"target\":[\"https:\/\/www.iskreni.net\/trgovina\/product\/oce\/\"]}]},{\"@type\":\"ImageObject\",\"inLanguage\":\"sl-SI\",\"@id\":\"https:\/\/www.iskreni.net\/trgovina\/product\/oce\/#primaryimage\",\"url\":\"https:\/\/www.iskreni.net\/trgovina\/wp-content\/uploads\/2023\/08\/Oce.png\",\"contentUrl\":\"https:\/\/www.iskreni.net\/trgovina\/wp-content\/uploads\/2023\/08\/Oce.png\",\"width\":600,\"height\":600},{\"@type\":\"BreadcrumbList\",\"@id\":\"https:\/\/www.iskreni.net\/trgovina\/product\/oce\/#breadcrumb\",\"itemListElement\":[{\"@type\":\"ListItem\",\"position\":1,\"name\":\"Home\",\"item\":\"https:\/\/www.iskreni.net\/trgovina\/\"},{\"@type\":\"ListItem\",\"position\":2,\"name\":\"Trgovina\",\"item\":\"https:\/\/www.iskreni.net\/trgovina\/trgovina\/\"},{\"@type\":\"ListItem\",\"position\":3,\"name\":\"O\u010de\"}]},{\"@type\":\"WebSite\",\"@id\":\"https:\/\/www.iskreni.net\/trgovina\/#website\",\"url\":\"https:\/\/www.iskreni.net\/trgovina\/\",\"name\":\"Zavod Iskreni\",\"description\":\"trgovina\",\"potentialAction\":[{\"@type\":\"SearchAction\",\"target\":{\"@type\":\"EntryPoint\",\"urlTemplate\":\"https:\/\/www.iskreni.net\/trgovina\/?s={search_term_string}\"},\"query-input\":{\"@type\":\"PropertyValueSpecification\",\"valueRequired\":true,\"valueName\":\"search_term_string\"}}],\"inLanguage\":\"sl-SI\"}]}<\/script>\n<!-- \/ Yoast SEO plugin. -->","yoast_head_json":{"title":"O\u010de - trgovina Iskreni","description":"O\u010de je osupljiva zbirka akvarelnih portretov, ki orisujejo o\u010detovstvo v vsej mno\u017eici \u010dustev v razli\u010dnih kulturah, \u010dasih in okoli\u0161\u010dinah.","robots":{"index":"index","follow":"follow","max-snippet":"max-snippet:-1","max-image-preview":"max-image-preview:large","max-video-preview":"max-video-preview:-1"},"canonical":"https:\/\/www.iskreni.net\/trgovina\/product\/oce\/","og_locale":"sl_SI","og_type":"article","og_title":"O\u010de","og_description":"O\u010de je osupljiva zbirka akvarelnih portretov, ki orisujejo o\u010detovstvo v vsej mno\u017eici \u010dustev v razli\u010dnih kulturah, \u010dasih in okoli\u0161\u010dinah.","og_url":"https:\/\/www.iskreni.net\/trgovina\/product\/oce\/","og_site_name":"Zavod Iskreni","article_modified_time":"2023-08-16T19:38:19+00:00","og_image":[{"width":600,"height":600,"url":"https:\/\/www.iskreni.net\/trgovina\/wp-content\/uploads\/2023\/08\/Oce.png","type":"image\/png"}],"twitter_card":"summary_large_image","twitter_misc":{"Est. reading time":"2 minuti"},"schema":{"@context":"https:\/\/schema.org","@graph":[{"@type":"WebPage","@id":"https:\/\/www.iskreni.net\/trgovina\/product\/oce\/","url":"https:\/\/www.iskreni.net\/trgovina\/product\/oce\/","name":"O\u010de - trgovina Iskreni","isPartOf":{"@id":"https:\/\/www.iskreni.net\/trgovina\/#website"},"primaryImageOfPage":{"@id":"https:\/\/www.iskreni.net\/trgovina\/product\/oce\/#primaryimage"},"image":{"@id":"https:\/\/www.iskreni.net\/trgovina\/product\/oce\/#primaryimage"},"thumbnailUrl":"https:\/\/www.iskreni.net\/trgovina\/wp-content\/uploads\/2023\/08\/Oce.png","datePublished":"2023-08-10T21:27:49+00:00","dateModified":"2023-08-16T19:38:19+00:00","description":"O\u010de je osupljiva zbirka akvarelnih portretov, ki orisujejo o\u010detovstvo v vsej mno\u017eici \u010dustev v razli\u010dnih kulturah, \u010dasih in okoli\u0161\u010dinah.","breadcrumb":{"@id":"https:\/\/www.iskreni.net\/trgovina\/product\/oce\/#breadcrumb"},"inLanguage":"sl-SI","potentialAction":[{"@type":"ReadAction","target":["https:\/\/www.iskreni.net\/trgovina\/product\/oce\/"]}]},{"@type":"ImageObject","inLanguage":"sl-SI","@id":"https:\/\/www.iskreni.net\/trgovina\/product\/oce\/#primaryimage","url":"https:\/\/www.iskreni.net\/trgovina\/wp-content\/uploads\/2023\/08\/Oce.png","contentUrl":"https:\/\/www.iskreni.net\/trgovina\/wp-content\/uploads\/2023\/08\/Oce.png","width":600,"height":600},{"@type":"BreadcrumbList","@id":"https:\/\/www.iskreni.net\/trgovina\/product\/oce\/#breadcrumb","itemListElement":[{"@type":"ListItem","position":1,"name":"Home","item":"https:\/\/www.iskreni.net\/trgovina\/"},{"@type":"ListItem","position":2,"name":"Trgovina","item":"https:\/\/www.iskreni.net\/trgovina\/trgovina\/"},{"@type":"ListItem","position":3,"name":"O\u010de"}]},{"@type":"WebSite","@id":"https:\/\/www.iskreni.net\/trgovina\/#website","url":"https:\/\/www.iskreni.net\/trgovina\/","name":"Zavod Iskreni","description":"trgovina","potentialAction":[{"@type":"SearchAction","target":{"@type":"EntryPoint","urlTemplate":"https:\/\/www.iskreni.net\/trgovina\/?s={search_term_string}"},"query-input":{"@type":"PropertyValueSpecification","valueRequired":true,"valueName":"search_term_string"}}],"inLanguage":"sl-SI"}]}},"_links":{"self":[{"href":"https:\/\/www.iskreni.net\/trgovina\/wp-json\/wp\/v2\/product\/68743","targetHints":{"allow":["GET"]}}],"collection":[{"href":"https:\/\/www.iskreni.net\/trgovina\/wp-json\/wp\/v2\/product"}],"about":[{"href":"https:\/\/www.iskreni.net\/trgovina\/wp-json\/wp\/v2\/types\/product"}],"replies":[{"embeddable":true,"href":"https:\/\/www.iskreni.net\/trgovina\/wp-json\/wp\/v2\/comments?post=68743"}],"version-history":[{"count":3,"href":"https:\/\/www.iskreni.net\/trgovina\/wp-json\/wp\/v2\/product\/68743\/revisions"}],"predecessor-version":[{"id":68823,"href":"https:\/\/www.iskreni.net\/trgovina\/wp-json\/wp\/v2\/product\/68743\/revisions\/68823"}],"wp:featuredmedia":[{"embeddable":true,"href":"https:\/\/www.iskreni.net\/trgovina\/wp-json\/wp\/v2\/media\/68745"}],"wp:attachment":[{"href":"https:\/\/www.iskreni.net\/trgovina\/wp-json\/wp\/v2\/media?parent=68743"}],"wp:term":[{"taxonomy":"product_brand","embeddable":true,"href":"https:\/\/www.iskreni.net\/trgovina\/wp-json\/wp\/v2\/product_brand?post=68743"},{"taxonomy":"product_cat","embeddable":true,"href":"https:\/\/www.iskreni.net\/trgovina\/wp-json\/wp\/v2\/product_cat?post=68743"},{"taxonomy":"product_tag","embeddable":true,"href":"https:\/\/www.iskreni.net\/trgovina\/wp-json\/wp\/v2\/product_tag?post=68743"},{"taxonomy":"avtor","embeddable":true,"href":"https:\/\/www.iskreni.net\/trgovina\/wp-json\/wp\/v2\/avtor?post=68743"},{"taxonomy":"zalozba","embeddable":true,"href":"https:\/\/www.iskreni.net\/trgovina\/wp-json\/wp\/v2\/zalozba?post=68743"},{"taxonomy":"vezava","embeddable":true,"href":"https:\/\/www.iskreni.net\/trgovina\/wp-json\/wp\/v2\/vezava?post=68743"}],"curies":[{"name":"wp","href":"https:\/\/api.w.org\/{rel}","templated":true}]}}