{"id":68055,"date":"2023-07-10T11:10:36","date_gmt":"2023-07-10T09:10:36","guid":{"rendered":"https:\/\/www.iskreni.net\/trgovina\/?post_type=product&#038;p=68055"},"modified":"2023-07-26T14:02:24","modified_gmt":"2023-07-26T12:02:24","slug":"magdalena","status":"publish","type":"product","link":"https:\/\/www.iskreni.net\/trgovina\/product\/magdalena\/","title":{"rendered":"Magdalena"},"content":{"rendered":"<h4>O knjigi Magdalena:<\/h4>\n<div id=\"product-19943-description\" class=\"single-product__content\">\n<section class=\"single-product__accordions\">\n<div class=\"product-content col-span-9\">\n<div class=\"tab-description js-tab-singleProduct-description content-tab\">\n<p>Slavni poljski pisatelj Jan Dobraczy\u0144ski (1910\u20131994), ki ga slovenski bralci \u017ee poznajo po romanu o sv. Jo\u017eefu z naslovom O\u010detova senca, v tem delu predstavlja ganljivo in razburljivo zgodbo Marije Magdalene, spokorjene mladenke, ki je s svojimi solzami umivala Jezusove noge in ki je bila zaradi svoje ljubezni dele\u017ena milosti, da je postala prva pri\u010da Gospodovega vstajenja.<\/p>\n<p>Pisatelj ustvarjalno povezuje razli\u010dne interpretacije iz kr\u0161\u010danske tradicije, saj je njena Magdalenina zgodba spri\u010do redkih opisov v evangelijih precej negotova in skrivnostna. A kakr\u0161nakoli je \u017ee bila njena \u017eivljenjska pot, predstavlja pot vsakega \u010dloveka: od izku\u0161nje gre\u0161nosti, prek spreobrnjenja, ki ga spodbuja delovanje Bo\u017eje milosti, do tola\u017ebe v objemu usmiljenega O\u010deta in vstalega Sina.<\/p>\n<h4><strong>Odlomek iz knjige:<\/strong><\/h4>\n<p>\u00bbZa\u010dela je jokati. \u017de njegova smrt jo je pripeljala na rob obupa, zdaj pa ji je bilo vzeto \u0161e telo kot zadnji spomin na najbolj ljubljeno od vseh oseb. Dokler je le\u017eal v grobu, je \u0161e vedno ostajalo neko nerazumljivo in neizrekljivo upanje. Ko pa je njegovo telo izginilo, ni bilo ve\u010d nobenega upanja.<\/p>\n<p>Jo\u017eefov grob je od drugih grobov lo\u010deval majhen travnik, po katerem je odtavala kot slepa, ker so ji o\u010di napolnile solze. Tedaj pa ji je nekdo zaprl pot. Ne da bi dvignila pogled, je rekla:<\/p>\n<p>\u00bbGospod, si morda ti odnesel U\u010ditelja iz groba? \u010ce si, mi povej, kje je &#8230; Najti ga moram &#8230; Povej mi, prosim &#8230;\u00ab<\/p>\n<p>\u00bbMarija!\u00ab<\/p>\n<p>Takoj je prepoznala glas, ki ga ni bilo mogo\u010de pozabiti. Vzkliknila je:<\/p>\n<p>\u00bbRabuni! U\u010ditelj!\u00ab<\/p>\n<p>Vrgla se mu je pred noge in se jih oklenila, ne da bi ga kaj vpra\u0161ala. Njegova navzo\u010dnost je nadomestila vse odgovore.\u00ab<\/p>\n<\/div>\n<\/div>\n<\/section>\n<section class=\"single-product__tabs\">\n<div class=\"top-8\">\n<section class=\"product-list-similar product-list slider\">\n<div class=\"description\"><\/div>\n<\/section>\n<\/div>\n<\/section>\n<\/div>\n<p>&nbsp;<\/p>\n","protected":false},"excerpt":{"rendered":"<p><strong>Avtor prevoda:<\/strong> Andrej Turk<br \/>\n<strong>\u0160tevilo strani:<\/strong> 288<br \/>\n<strong>Leto izdaje:<\/strong> 2023<br \/>\n<strong>Mere:<\/strong> 140 x 210 mm<\/p>\n<p>&nbsp;<\/p>\n","protected":false},"featured_media":68059,"comment_status":"open","ping_status":"closed","template":"","meta":[],"product_brand":[],"product_cat":[2325],"product_tag":[734,1619],"avtor":[2313],"zalozba":[2311],"vezava":[2307],"class_list":{"0":"post-68055","1":"product","2":"type-product","3":"status-publish","4":"has-post-thumbnail","6":"product_cat-leposlovje","7":"product_tag-roman","8":"product_tag-svetniki","9":"avtor-jan-dobraczynski","10":"zalozba-druzina","11":"vezava-mehka","13":"first","14":"instock","15":"taxable","16":"shipping-taxable","17":"purchasable","18":"product-type-simple"},"yoast_head":"<!-- This site is optimized with the Yoast SEO plugin v26.3 - https:\/\/yoast.com\/wordpress\/plugins\/seo\/ -->\n<title>Magdalena - trgovina Iskreni<\/title>\n<meta name=\"description\" content=\"Magdalena je ganljiva in razburljiva zgodba spokorjene mladenke, ki je s svojimi solzami umivala Jezusove noge in postala prva pri\u010da Gospodovega vstajenja.\" \/>\n<meta name=\"robots\" content=\"index, follow, max-snippet:-1, max-image-preview:large, max-video-preview:-1\" \/>\n<link rel=\"canonical\" href=\"https:\/\/www.iskreni.net\/trgovina\/product\/magdalena\/\" \/>\n<meta property=\"og:locale\" content=\"sl_SI\" \/>\n<meta property=\"og:type\" content=\"article\" \/>\n<meta property=\"og:title\" content=\"Magdalena\" \/>\n<meta property=\"og:description\" content=\"Magdalena je ganljiva in razburljiva zgodba spokorjene mladenke, ki je s svojimi solzami umivala Jezusove noge in postala prva pri\u010da Gospodovega vstajenja.\" \/>\n<meta property=\"og:url\" content=\"https:\/\/www.iskreni.net\/trgovina\/product\/magdalena\/\" \/>\n<meta property=\"og:site_name\" content=\"Zavod Iskreni\" \/>\n<meta property=\"article:modified_time\" content=\"2023-07-26T12:02:24+00:00\" \/>\n<meta property=\"og:image\" content=\"https:\/\/www.iskreni.net\/trgovina\/wp-content\/uploads\/2023\/07\/Slike-za-v-spletno-trgovino-2023-07-10T110933.166.jpg\" \/>\n\t<meta property=\"og:image:width\" content=\"600\" \/>\n\t<meta property=\"og:image:height\" content=\"600\" \/>\n\t<meta property=\"og:image:type\" content=\"image\/jpeg\" \/>\n<meta name=\"twitter:card\" content=\"summary_large_image\" \/>\n<meta name=\"twitter:label1\" content=\"Est. reading time\" \/>\n\t<meta name=\"twitter:data1\" content=\"2 minuti\" \/>\n<script type=\"application\/ld+json\" class=\"yoast-schema-graph\">{\"@context\":\"https:\/\/schema.org\",\"@graph\":[{\"@type\":\"WebPage\",\"@id\":\"https:\/\/www.iskreni.net\/trgovina\/product\/magdalena\/\",\"url\":\"https:\/\/www.iskreni.net\/trgovina\/product\/magdalena\/\",\"name\":\"Magdalena - trgovina Iskreni\",\"isPartOf\":{\"@id\":\"https:\/\/www.iskreni.net\/trgovina\/#website\"},\"primaryImageOfPage\":{\"@id\":\"https:\/\/www.iskreni.net\/trgovina\/product\/magdalena\/#primaryimage\"},\"image\":{\"@id\":\"https:\/\/www.iskreni.net\/trgovina\/product\/magdalena\/#primaryimage\"},\"thumbnailUrl\":\"https:\/\/www.iskreni.net\/trgovina\/wp-content\/uploads\/2023\/07\/Slike-za-v-spletno-trgovino-2023-07-10T110933.166.jpg\",\"datePublished\":\"2023-07-10T09:10:36+00:00\",\"dateModified\":\"2023-07-26T12:02:24+00:00\",\"description\":\"Magdalena je ganljiva in razburljiva zgodba spokorjene mladenke, ki je s svojimi solzami umivala Jezusove noge in postala prva pri\u010da Gospodovega vstajenja.\",\"breadcrumb\":{\"@id\":\"https:\/\/www.iskreni.net\/trgovina\/product\/magdalena\/#breadcrumb\"},\"inLanguage\":\"sl-SI\",\"potentialAction\":[{\"@type\":\"ReadAction\",\"target\":[\"https:\/\/www.iskreni.net\/trgovina\/product\/magdalena\/\"]}]},{\"@type\":\"ImageObject\",\"inLanguage\":\"sl-SI\",\"@id\":\"https:\/\/www.iskreni.net\/trgovina\/product\/magdalena\/#primaryimage\",\"url\":\"https:\/\/www.iskreni.net\/trgovina\/wp-content\/uploads\/2023\/07\/Slike-za-v-spletno-trgovino-2023-07-10T110933.166.jpg\",\"contentUrl\":\"https:\/\/www.iskreni.net\/trgovina\/wp-content\/uploads\/2023\/07\/Slike-za-v-spletno-trgovino-2023-07-10T110933.166.jpg\",\"width\":600,\"height\":600},{\"@type\":\"BreadcrumbList\",\"@id\":\"https:\/\/www.iskreni.net\/trgovina\/product\/magdalena\/#breadcrumb\",\"itemListElement\":[{\"@type\":\"ListItem\",\"position\":1,\"name\":\"Home\",\"item\":\"https:\/\/www.iskreni.net\/trgovina\/\"},{\"@type\":\"ListItem\",\"position\":2,\"name\":\"Trgovina\",\"item\":\"https:\/\/www.iskreni.net\/trgovina\/trgovina\/\"},{\"@type\":\"ListItem\",\"position\":3,\"name\":\"Magdalena\"}]},{\"@type\":\"WebSite\",\"@id\":\"https:\/\/www.iskreni.net\/trgovina\/#website\",\"url\":\"https:\/\/www.iskreni.net\/trgovina\/\",\"name\":\"Zavod Iskreni\",\"description\":\"trgovina\",\"potentialAction\":[{\"@type\":\"SearchAction\",\"target\":{\"@type\":\"EntryPoint\",\"urlTemplate\":\"https:\/\/www.iskreni.net\/trgovina\/?s={search_term_string}\"},\"query-input\":{\"@type\":\"PropertyValueSpecification\",\"valueRequired\":true,\"valueName\":\"search_term_string\"}}],\"inLanguage\":\"sl-SI\"}]}<\/script>\n<!-- \/ Yoast SEO plugin. -->","yoast_head_json":{"title":"Magdalena - trgovina Iskreni","description":"Magdalena je ganljiva in razburljiva zgodba spokorjene mladenke, ki je s svojimi solzami umivala Jezusove noge in postala prva pri\u010da Gospodovega vstajenja.","robots":{"index":"index","follow":"follow","max-snippet":"max-snippet:-1","max-image-preview":"max-image-preview:large","max-video-preview":"max-video-preview:-1"},"canonical":"https:\/\/www.iskreni.net\/trgovina\/product\/magdalena\/","og_locale":"sl_SI","og_type":"article","og_title":"Magdalena","og_description":"Magdalena je ganljiva in razburljiva zgodba spokorjene mladenke, ki je s svojimi solzami umivala Jezusove noge in postala prva pri\u010da Gospodovega vstajenja.","og_url":"https:\/\/www.iskreni.net\/trgovina\/product\/magdalena\/","og_site_name":"Zavod Iskreni","article_modified_time":"2023-07-26T12:02:24+00:00","og_image":[{"width":600,"height":600,"url":"https:\/\/www.iskreni.net\/trgovina\/wp-content\/uploads\/2023\/07\/Slike-za-v-spletno-trgovino-2023-07-10T110933.166.jpg","type":"image\/jpeg"}],"twitter_card":"summary_large_image","twitter_misc":{"Est. reading time":"2 minuti"},"schema":{"@context":"https:\/\/schema.org","@graph":[{"@type":"WebPage","@id":"https:\/\/www.iskreni.net\/trgovina\/product\/magdalena\/","url":"https:\/\/www.iskreni.net\/trgovina\/product\/magdalena\/","name":"Magdalena - trgovina Iskreni","isPartOf":{"@id":"https:\/\/www.iskreni.net\/trgovina\/#website"},"primaryImageOfPage":{"@id":"https:\/\/www.iskreni.net\/trgovina\/product\/magdalena\/#primaryimage"},"image":{"@id":"https:\/\/www.iskreni.net\/trgovina\/product\/magdalena\/#primaryimage"},"thumbnailUrl":"https:\/\/www.iskreni.net\/trgovina\/wp-content\/uploads\/2023\/07\/Slike-za-v-spletno-trgovino-2023-07-10T110933.166.jpg","datePublished":"2023-07-10T09:10:36+00:00","dateModified":"2023-07-26T12:02:24+00:00","description":"Magdalena je ganljiva in razburljiva zgodba spokorjene mladenke, ki je s svojimi solzami umivala Jezusove noge in postala prva pri\u010da Gospodovega vstajenja.","breadcrumb":{"@id":"https:\/\/www.iskreni.net\/trgovina\/product\/magdalena\/#breadcrumb"},"inLanguage":"sl-SI","potentialAction":[{"@type":"ReadAction","target":["https:\/\/www.iskreni.net\/trgovina\/product\/magdalena\/"]}]},{"@type":"ImageObject","inLanguage":"sl-SI","@id":"https:\/\/www.iskreni.net\/trgovina\/product\/magdalena\/#primaryimage","url":"https:\/\/www.iskreni.net\/trgovina\/wp-content\/uploads\/2023\/07\/Slike-za-v-spletno-trgovino-2023-07-10T110933.166.jpg","contentUrl":"https:\/\/www.iskreni.net\/trgovina\/wp-content\/uploads\/2023\/07\/Slike-za-v-spletno-trgovino-2023-07-10T110933.166.jpg","width":600,"height":600},{"@type":"BreadcrumbList","@id":"https:\/\/www.iskreni.net\/trgovina\/product\/magdalena\/#breadcrumb","itemListElement":[{"@type":"ListItem","position":1,"name":"Home","item":"https:\/\/www.iskreni.net\/trgovina\/"},{"@type":"ListItem","position":2,"name":"Trgovina","item":"https:\/\/www.iskreni.net\/trgovina\/trgovina\/"},{"@type":"ListItem","position":3,"name":"Magdalena"}]},{"@type":"WebSite","@id":"https:\/\/www.iskreni.net\/trgovina\/#website","url":"https:\/\/www.iskreni.net\/trgovina\/","name":"Zavod Iskreni","description":"trgovina","potentialAction":[{"@type":"SearchAction","target":{"@type":"EntryPoint","urlTemplate":"https:\/\/www.iskreni.net\/trgovina\/?s={search_term_string}"},"query-input":{"@type":"PropertyValueSpecification","valueRequired":true,"valueName":"search_term_string"}}],"inLanguage":"sl-SI"}]}},"_links":{"self":[{"href":"https:\/\/www.iskreni.net\/trgovina\/wp-json\/wp\/v2\/product\/68055","targetHints":{"allow":["GET"]}}],"collection":[{"href":"https:\/\/www.iskreni.net\/trgovina\/wp-json\/wp\/v2\/product"}],"about":[{"href":"https:\/\/www.iskreni.net\/trgovina\/wp-json\/wp\/v2\/types\/product"}],"replies":[{"embeddable":true,"href":"https:\/\/www.iskreni.net\/trgovina\/wp-json\/wp\/v2\/comments?post=68055"}],"version-history":[{"count":4,"href":"https:\/\/www.iskreni.net\/trgovina\/wp-json\/wp\/v2\/product\/68055\/revisions"}],"predecessor-version":[{"id":68070,"href":"https:\/\/www.iskreni.net\/trgovina\/wp-json\/wp\/v2\/product\/68055\/revisions\/68070"}],"wp:featuredmedia":[{"embeddable":true,"href":"https:\/\/www.iskreni.net\/trgovina\/wp-json\/wp\/v2\/media\/68059"}],"wp:attachment":[{"href":"https:\/\/www.iskreni.net\/trgovina\/wp-json\/wp\/v2\/media?parent=68055"}],"wp:term":[{"taxonomy":"product_brand","embeddable":true,"href":"https:\/\/www.iskreni.net\/trgovina\/wp-json\/wp\/v2\/product_brand?post=68055"},{"taxonomy":"product_cat","embeddable":true,"href":"https:\/\/www.iskreni.net\/trgovina\/wp-json\/wp\/v2\/product_cat?post=68055"},{"taxonomy":"product_tag","embeddable":true,"href":"https:\/\/www.iskreni.net\/trgovina\/wp-json\/wp\/v2\/product_tag?post=68055"},{"taxonomy":"avtor","embeddable":true,"href":"https:\/\/www.iskreni.net\/trgovina\/wp-json\/wp\/v2\/avtor?post=68055"},{"taxonomy":"zalozba","embeddable":true,"href":"https:\/\/www.iskreni.net\/trgovina\/wp-json\/wp\/v2\/zalozba?post=68055"},{"taxonomy":"vezava","embeddable":true,"href":"https:\/\/www.iskreni.net\/trgovina\/wp-json\/wp\/v2\/vezava?post=68055"}],"curies":[{"name":"wp","href":"https:\/\/api.w.org\/{rel}","templated":true}]}}