{"id":67663,"date":"2023-06-26T14:25:04","date_gmt":"2023-06-26T12:25:04","guid":{"rendered":"https:\/\/www.iskreni.net\/trgovina\/?post_type=product&#038;p=67663"},"modified":"2023-10-19T14:38:36","modified_gmt":"2023-10-19T12:38:36","slug":"malo-zivljenje-maksimiljana-kolbeja","status":"publish","type":"product","link":"https:\/\/www.iskreni.net\/trgovina\/product\/malo-zivljenje-maksimiljana-kolbeja\/","title":{"rendered":"Malo \u017eivljenje Maksimiljana Kolbeja"},"content":{"rendered":"<h4>O knjigi Malo \u017eivljenje Maksimiljana Kolbeja<\/h4>\n<p>Mu\u010deni\u0161ka smrt in svetni\u0161tvo Maksimilijana Kolbeja<\/p>\n<p>Malo \u017eivljenje Maksimilijana Kolbeja<em>\u00a0je knjiga, ki nas s svojo obravnavo duhovnosti ne more pustiti ravnodu\u0161nih. O\u010de Kolbe je v njej predstavljen kot \u010clovek, ki je svoje \u017eivljenje posvetil Bogu in vsemu, kar je Bo\u017eje. V varstvo se je zaupal Devici Mariji in v njenem imenu ter v imenu Boga s svetovljansko dr\u017eo potoval po svetu in s seboj nosil kr\u0161\u010danstvo. Med drugo svetovno vojno so ga nacisti prijeli in \u2013 ko se je \u017ertvoval, da bi re\u0161il drugega \u2013 usmrtili, pape\u017e pa ga je leta 1982 razglasil za svetnika.<\/em><\/p>\n<p>Knjiga\u00a0<em>Malo \u017eivljenje Maksimilijana Kolbeja<\/em>\u00a0nam ponudi vpogled v na videz preprosto \u017eivljenje mu\u010denca in svetnika, o\u010deta Maksimilijana Kolbeja. Gre za \u010cloveka, ki pooseblja tako humanizem kot kr\u0161\u010danstvo v njuni najbolj prvobitni obliki. Njegovo \u017eivljenje lahko predstavlja vzor vsakomur izmed nas, njegova \u017ertev pa bi nas lahko naredila (oziroma bi nas morala narediti) vrednej\u0161e \u017eivljenja. O\u010de Kolbe je bil svetovljan, nikakor ni bil ozkogleden duhovnik, zazrt izklju\u010dno v dogme, temve\u010d je cenil vsako \u017eivo bitje, potoval je po svetu, obiskal Vzhod in povsod, kamor je stopil, \u0161iril kr\u0161\u010dansko ljubezen. Pri tem njegov cilj ni bil pokristjanjevanje, temve\u010d razpolaganje z dobrim, s toplino, s sprejetostjo in z ljubeznijo. Ko so ga med 2. svetovno vojno prijeli in odpeljali v tabori\u0161\u010de, je kot mnogi drugi postal le \u0161e \u0161tevilka. A tudi to ni zlomilo njegovega duha. Z vero ter z zaupanjem v Boga je vztrajal do konca. Ko so nacisti nekega dne \u017eeleli usmrtiti mo\u0161kega, ki je imel po Kolbejevem mnenju \u0161e razlog za \u017eiveti, medtem ko je bil sam \u017ee star in ubog, se je zanj \u017ertvoval in tako umrl namesto njega. Pape\u017e Pavel VI. je 17. oktobra 1971 Kolbeja razglasil za bla\u017eenega, pape\u017e Janez Pavel II. pa ga je 10. oktobra 1982 kot mu\u010denca razglasil za svetnika.<\/p>\n<h4><a href=\"https:\/\/www.iskreni.net\/trgovina\/wp-content\/uploads\/2023\/06\/Vidot-2023-Malo-zivljenje-Maksimilijana-Kolbeja_prelistaj-knjigo.pdf\">Prelistaj<\/a><\/h4>\n<h4>Iz knjige<\/h4>\n<p>14. avgust 1941. Na golih tleh bunkerja lakote so trije goli mo\u0161ki le\u017eali v smrtnem boju. O\u010de Kolbe je sedel v molitvi. Njegov obraz je bil miren, ker je bilo vse \u00bbizpolnjeno\u00ab (Jn 19,30). Svojega duha je lahko izro\u010dil v O\u010detove roke.<br \/>\nZato me O\u010de ljubi, ker dam svoje \u017eivljenje, da ga spet prejmem. Nih\u010de mi ga ne jemlje, ampak ga dajem sam od sebe. (Jn 10,17-18)<\/p>\n<p>Vitez Brezmade\u017ene je dva tedna hranil svoje brate s svojimi molitvami in ro\u017enim vencem. Podpiral jih je, jih spovedoval in pripravljal na smrt. Njihovo \u017eejo, njihov upor, ko so videli, da jih je Bog tako zapustil, je usmeril v Nebesa, od koder se Vstali z odprtimi ranami, v smrtnem boju do konca sveta, sklanja nad vsakega od svojih trpe\u010dih bratov. Prepeval je pesmi Devici Mariji, ki so mu\u010dilni plav\u017e spremenile v mrtva\u0161ko kapelo, v tabernakelj navzo\u010dnosti \u017eivega Boga. Ko je njegov rabelj vstopil, da bi ga usmrtil s smrtonosno iglo, je jagnje samo iztegnilo levo roko in mrmralo svojo zadnjo Zdravo Marijo. V tistem istem trenutku je Cerkev obhajala prve ve\u010dernice Marijinega vnebovzetja.<br \/>\nBruno Borgowiec, ki je v \u010dasu usmrtitve pobegnil iz bunkerja, se je vrnil \u0161ele po usmrtitvi. Sam. Kar je videl, je opisal:<br \/>\nNa tleh so le\u017eala tri povsem gola, \u010drna, zvita trupla, obrazi so bili izkrivljeni od trpljenja. O\u010de Kolbe je sedel zelo pokon\u010dno in se naslanjal na zadnjo steno. Njegovo telo ni bilo umazano kakor pri drugih, ampak \u010disto in svetlo. Njegova glava je bila rahlo nagnjena na eno stran, o\u010di pa so ostale odprte. Njegov obraz, miren, zelo \u010dist, kakor da bi \u017earel. Vsakomur, ki bi ga videl, bi bilo jasno, da gre za svetnika.<\/p>\n<p>Zjutraj 15. avgusta so esesovci v naglici odstranili trupla. Tovari\u0161i \u00bbmalega o\u010deta\u00ab so sku\u0161ali njegovo truplo obvarovati pred za\u017eigom v krematoriju, ki je gorel dan in no\u010d. Toda njegova \u00bbmala mati\u00ab je do konca izpolnila \u017eeljo, ki jo je njen apostol izrekel pred mnogimi leti:<br \/>\nRad bi se do konca iz\u010drpal v slu\u017ebi Brezmade\u017ene in izginil brez sledu, veter pa naj moj pepel raznese na vse konce sveta.<\/p>\n<p>(Str. 188\u2013189)<\/p>\n<p>&nbsp;<\/p>\n","protected":false},"excerpt":{"rendered":"<div id=\"tab-opis_tab\" class=\"tab-pane active\">\n<p><strong>Leto izdaje:<\/strong> 2023<br \/>\n<strong>\u0160tevilo strani:<\/strong> 204<br \/>\n<strong>Format:<\/strong> 135 x 210 mm<\/p>\n<h4><a href=\"https:\/\/www.iskreni.net\/trgovina\/wp-content\/uploads\/2023\/06\/Vidot-2023-Malo-zivljenje-Maksimilijana-Kolbeja_prelistaj-knjigo.pdf\">Prelistaj<\/a><\/h4>\n<\/div>\n","protected":false},"featured_media":67667,"comment_status":"open","ping_status":"closed","template":"","meta":[],"product_brand":[],"product_cat":[2324],"product_tag":[1619],"avtor":[2504],"zalozba":[2337],"vezava":[2307],"class_list":{"0":"post-67663","1":"product","2":"type-product","3":"status-publish","4":"has-post-thumbnail","6":"product_cat-duhovnost-in-osebna-rast","7":"product_tag-svetniki","8":"avtor-alexia-vidot","9":"zalozba-celjska-mohorjeva-druzba","10":"vezava-mehka","12":"first","13":"instock","14":"taxable","15":"shipping-taxable","16":"purchasable","17":"product-type-simple"},"yoast_head":"<!-- This site is optimized with the Yoast SEO plugin v26.3 - https:\/\/yoast.com\/wordpress\/plugins\/seo\/ -->\n<title>Malo \u017eivljenje Maksimiljana Kolbeja - trgovina Iskreni<\/title>\n<meta name=\"description\" content=\"Malo \u017eivljenje Maksimiljana Kolbeja nam ponudi vpogled v na videz preprosto \u017eivljenje mu\u010denca in svetnika, ki pooseblja humanizem in kr\u0161\u010danstvo.\" \/>\n<meta name=\"robots\" content=\"index, follow, max-snippet:-1, max-image-preview:large, max-video-preview:-1\" \/>\n<link rel=\"canonical\" href=\"https:\/\/www.iskreni.net\/trgovina\/product\/malo-zivljenje-maksimiljana-kolbeja\/\" \/>\n<meta property=\"og:locale\" content=\"sl_SI\" \/>\n<meta property=\"og:type\" content=\"article\" \/>\n<meta property=\"og:title\" content=\"Malo \u017eivljenje Maksimiljana Kolbeja\" \/>\n<meta property=\"og:description\" content=\"Malo \u017eivljenje Maksimiljana Kolbeja nam ponudi vpogled v na videz preprosto \u017eivljenje mu\u010denca in svetnika, ki pooseblja humanizem in kr\u0161\u010danstvo.\" \/>\n<meta property=\"og:url\" content=\"https:\/\/www.iskreni.net\/trgovina\/product\/malo-zivljenje-maksimiljana-kolbeja\/\" \/>\n<meta property=\"og:site_name\" content=\"Zavod Iskreni\" \/>\n<meta property=\"article:modified_time\" content=\"2023-10-19T12:38:36+00:00\" \/>\n<meta property=\"og:image\" content=\"https:\/\/www.iskreni.net\/trgovina\/wp-content\/uploads\/2023\/06\/Slike-za-v-spletno-trgovino-100.jpg\" \/>\n\t<meta property=\"og:image:width\" content=\"600\" \/>\n\t<meta property=\"og:image:height\" content=\"600\" \/>\n\t<meta property=\"og:image:type\" content=\"image\/jpeg\" \/>\n<meta name=\"twitter:card\" content=\"summary_large_image\" \/>\n<meta name=\"twitter:label1\" content=\"Est. reading time\" \/>\n\t<meta name=\"twitter:data1\" content=\"4 minute\" \/>\n<script type=\"application\/ld+json\" class=\"yoast-schema-graph\">{\"@context\":\"https:\/\/schema.org\",\"@graph\":[{\"@type\":\"WebPage\",\"@id\":\"https:\/\/www.iskreni.net\/trgovina\/product\/malo-zivljenje-maksimiljana-kolbeja\/\",\"url\":\"https:\/\/www.iskreni.net\/trgovina\/product\/malo-zivljenje-maksimiljana-kolbeja\/\",\"name\":\"Malo \u017eivljenje Maksimiljana Kolbeja - trgovina Iskreni\",\"isPartOf\":{\"@id\":\"https:\/\/www.iskreni.net\/trgovina\/#website\"},\"primaryImageOfPage\":{\"@id\":\"https:\/\/www.iskreni.net\/trgovina\/product\/malo-zivljenje-maksimiljana-kolbeja\/#primaryimage\"},\"image\":{\"@id\":\"https:\/\/www.iskreni.net\/trgovina\/product\/malo-zivljenje-maksimiljana-kolbeja\/#primaryimage\"},\"thumbnailUrl\":\"https:\/\/www.iskreni.net\/trgovina\/wp-content\/uploads\/2023\/06\/Slike-za-v-spletno-trgovino-100.jpg\",\"datePublished\":\"2023-06-26T12:25:04+00:00\",\"dateModified\":\"2023-10-19T12:38:36+00:00\",\"description\":\"Malo \u017eivljenje Maksimiljana Kolbeja nam ponudi vpogled v na videz preprosto \u017eivljenje mu\u010denca in svetnika, ki pooseblja humanizem in kr\u0161\u010danstvo.\",\"breadcrumb\":{\"@id\":\"https:\/\/www.iskreni.net\/trgovina\/product\/malo-zivljenje-maksimiljana-kolbeja\/#breadcrumb\"},\"inLanguage\":\"sl-SI\",\"potentialAction\":[{\"@type\":\"ReadAction\",\"target\":[\"https:\/\/www.iskreni.net\/trgovina\/product\/malo-zivljenje-maksimiljana-kolbeja\/\"]}]},{\"@type\":\"ImageObject\",\"inLanguage\":\"sl-SI\",\"@id\":\"https:\/\/www.iskreni.net\/trgovina\/product\/malo-zivljenje-maksimiljana-kolbeja\/#primaryimage\",\"url\":\"https:\/\/www.iskreni.net\/trgovina\/wp-content\/uploads\/2023\/06\/Slike-za-v-spletno-trgovino-100.jpg\",\"contentUrl\":\"https:\/\/www.iskreni.net\/trgovina\/wp-content\/uploads\/2023\/06\/Slike-za-v-spletno-trgovino-100.jpg\",\"width\":600,\"height\":600},{\"@type\":\"BreadcrumbList\",\"@id\":\"https:\/\/www.iskreni.net\/trgovina\/product\/malo-zivljenje-maksimiljana-kolbeja\/#breadcrumb\",\"itemListElement\":[{\"@type\":\"ListItem\",\"position\":1,\"name\":\"Home\",\"item\":\"https:\/\/www.iskreni.net\/trgovina\/\"},{\"@type\":\"ListItem\",\"position\":2,\"name\":\"Trgovina\",\"item\":\"https:\/\/www.iskreni.net\/trgovina\/trgovina\/\"},{\"@type\":\"ListItem\",\"position\":3,\"name\":\"Malo \u017eivljenje Maksimiljana Kolbeja\"}]},{\"@type\":\"WebSite\",\"@id\":\"https:\/\/www.iskreni.net\/trgovina\/#website\",\"url\":\"https:\/\/www.iskreni.net\/trgovina\/\",\"name\":\"Zavod Iskreni\",\"description\":\"trgovina\",\"potentialAction\":[{\"@type\":\"SearchAction\",\"target\":{\"@type\":\"EntryPoint\",\"urlTemplate\":\"https:\/\/www.iskreni.net\/trgovina\/?s={search_term_string}\"},\"query-input\":{\"@type\":\"PropertyValueSpecification\",\"valueRequired\":true,\"valueName\":\"search_term_string\"}}],\"inLanguage\":\"sl-SI\"}]}<\/script>\n<!-- \/ Yoast SEO plugin. -->","yoast_head_json":{"title":"Malo \u017eivljenje Maksimiljana Kolbeja - trgovina Iskreni","description":"Malo \u017eivljenje Maksimiljana Kolbeja nam ponudi vpogled v na videz preprosto \u017eivljenje mu\u010denca in svetnika, ki pooseblja humanizem in kr\u0161\u010danstvo.","robots":{"index":"index","follow":"follow","max-snippet":"max-snippet:-1","max-image-preview":"max-image-preview:large","max-video-preview":"max-video-preview:-1"},"canonical":"https:\/\/www.iskreni.net\/trgovina\/product\/malo-zivljenje-maksimiljana-kolbeja\/","og_locale":"sl_SI","og_type":"article","og_title":"Malo \u017eivljenje Maksimiljana Kolbeja","og_description":"Malo \u017eivljenje Maksimiljana Kolbeja nam ponudi vpogled v na videz preprosto \u017eivljenje mu\u010denca in svetnika, ki pooseblja humanizem in kr\u0161\u010danstvo.","og_url":"https:\/\/www.iskreni.net\/trgovina\/product\/malo-zivljenje-maksimiljana-kolbeja\/","og_site_name":"Zavod Iskreni","article_modified_time":"2023-10-19T12:38:36+00:00","og_image":[{"width":600,"height":600,"url":"https:\/\/www.iskreni.net\/trgovina\/wp-content\/uploads\/2023\/06\/Slike-za-v-spletno-trgovino-100.jpg","type":"image\/jpeg"}],"twitter_card":"summary_large_image","twitter_misc":{"Est. reading time":"4 minute"},"schema":{"@context":"https:\/\/schema.org","@graph":[{"@type":"WebPage","@id":"https:\/\/www.iskreni.net\/trgovina\/product\/malo-zivljenje-maksimiljana-kolbeja\/","url":"https:\/\/www.iskreni.net\/trgovina\/product\/malo-zivljenje-maksimiljana-kolbeja\/","name":"Malo \u017eivljenje Maksimiljana Kolbeja - trgovina Iskreni","isPartOf":{"@id":"https:\/\/www.iskreni.net\/trgovina\/#website"},"primaryImageOfPage":{"@id":"https:\/\/www.iskreni.net\/trgovina\/product\/malo-zivljenje-maksimiljana-kolbeja\/#primaryimage"},"image":{"@id":"https:\/\/www.iskreni.net\/trgovina\/product\/malo-zivljenje-maksimiljana-kolbeja\/#primaryimage"},"thumbnailUrl":"https:\/\/www.iskreni.net\/trgovina\/wp-content\/uploads\/2023\/06\/Slike-za-v-spletno-trgovino-100.jpg","datePublished":"2023-06-26T12:25:04+00:00","dateModified":"2023-10-19T12:38:36+00:00","description":"Malo \u017eivljenje Maksimiljana Kolbeja nam ponudi vpogled v na videz preprosto \u017eivljenje mu\u010denca in svetnika, ki pooseblja humanizem in kr\u0161\u010danstvo.","breadcrumb":{"@id":"https:\/\/www.iskreni.net\/trgovina\/product\/malo-zivljenje-maksimiljana-kolbeja\/#breadcrumb"},"inLanguage":"sl-SI","potentialAction":[{"@type":"ReadAction","target":["https:\/\/www.iskreni.net\/trgovina\/product\/malo-zivljenje-maksimiljana-kolbeja\/"]}]},{"@type":"ImageObject","inLanguage":"sl-SI","@id":"https:\/\/www.iskreni.net\/trgovina\/product\/malo-zivljenje-maksimiljana-kolbeja\/#primaryimage","url":"https:\/\/www.iskreni.net\/trgovina\/wp-content\/uploads\/2023\/06\/Slike-za-v-spletno-trgovino-100.jpg","contentUrl":"https:\/\/www.iskreni.net\/trgovina\/wp-content\/uploads\/2023\/06\/Slike-za-v-spletno-trgovino-100.jpg","width":600,"height":600},{"@type":"BreadcrumbList","@id":"https:\/\/www.iskreni.net\/trgovina\/product\/malo-zivljenje-maksimiljana-kolbeja\/#breadcrumb","itemListElement":[{"@type":"ListItem","position":1,"name":"Home","item":"https:\/\/www.iskreni.net\/trgovina\/"},{"@type":"ListItem","position":2,"name":"Trgovina","item":"https:\/\/www.iskreni.net\/trgovina\/trgovina\/"},{"@type":"ListItem","position":3,"name":"Malo \u017eivljenje Maksimiljana Kolbeja"}]},{"@type":"WebSite","@id":"https:\/\/www.iskreni.net\/trgovina\/#website","url":"https:\/\/www.iskreni.net\/trgovina\/","name":"Zavod Iskreni","description":"trgovina","potentialAction":[{"@type":"SearchAction","target":{"@type":"EntryPoint","urlTemplate":"https:\/\/www.iskreni.net\/trgovina\/?s={search_term_string}"},"query-input":{"@type":"PropertyValueSpecification","valueRequired":true,"valueName":"search_term_string"}}],"inLanguage":"sl-SI"}]}},"_links":{"self":[{"href":"https:\/\/www.iskreni.net\/trgovina\/wp-json\/wp\/v2\/product\/67663","targetHints":{"allow":["GET"]}}],"collection":[{"href":"https:\/\/www.iskreni.net\/trgovina\/wp-json\/wp\/v2\/product"}],"about":[{"href":"https:\/\/www.iskreni.net\/trgovina\/wp-json\/wp\/v2\/types\/product"}],"replies":[{"embeddable":true,"href":"https:\/\/www.iskreni.net\/trgovina\/wp-json\/wp\/v2\/comments?post=67663"}],"version-history":[{"count":3,"href":"https:\/\/www.iskreni.net\/trgovina\/wp-json\/wp\/v2\/product\/67663\/revisions"}],"predecessor-version":[{"id":70120,"href":"https:\/\/www.iskreni.net\/trgovina\/wp-json\/wp\/v2\/product\/67663\/revisions\/70120"}],"wp:featuredmedia":[{"embeddable":true,"href":"https:\/\/www.iskreni.net\/trgovina\/wp-json\/wp\/v2\/media\/67667"}],"wp:attachment":[{"href":"https:\/\/www.iskreni.net\/trgovina\/wp-json\/wp\/v2\/media?parent=67663"}],"wp:term":[{"taxonomy":"product_brand","embeddable":true,"href":"https:\/\/www.iskreni.net\/trgovina\/wp-json\/wp\/v2\/product_brand?post=67663"},{"taxonomy":"product_cat","embeddable":true,"href":"https:\/\/www.iskreni.net\/trgovina\/wp-json\/wp\/v2\/product_cat?post=67663"},{"taxonomy":"product_tag","embeddable":true,"href":"https:\/\/www.iskreni.net\/trgovina\/wp-json\/wp\/v2\/product_tag?post=67663"},{"taxonomy":"avtor","embeddable":true,"href":"https:\/\/www.iskreni.net\/trgovina\/wp-json\/wp\/v2\/avtor?post=67663"},{"taxonomy":"zalozba","embeddable":true,"href":"https:\/\/www.iskreni.net\/trgovina\/wp-json\/wp\/v2\/zalozba?post=67663"},{"taxonomy":"vezava","embeddable":true,"href":"https:\/\/www.iskreni.net\/trgovina\/wp-json\/wp\/v2\/vezava?post=67663"}],"curies":[{"name":"wp","href":"https:\/\/api.w.org\/{rel}","templated":true}]}}