{"id":66995,"date":"2023-06-05T14:32:44","date_gmt":"2023-06-05T12:32:44","guid":{"rendered":"https:\/\/www.iskreni.net\/trgovina\/?post_type=product&#038;p=66995"},"modified":"2024-01-18T14:58:33","modified_gmt":"2024-01-18T13:58:33","slug":"biseri-duha","status":"publish","type":"product","link":"https:\/\/www.iskreni.net\/trgovina\/product\/biseri-duha\/","title":{"rendered":"Biseri duha"},"content":{"rendered":"<h3 id=\"anchor-o-izdelku\" class=\"title\">O knjigi Biseri duha<\/h3>\n<p>Knji\u017eica zgodb za du\u0161o izpod tipk dr. Janeza Vodi\u010darja in s fotografijami dr. Davida Kranerja nas popelje v \u00bbkolobarjenje letnih \u010dasov\u00ab, ki se jim po\u010dasi a vztrajno bri\u0161ejo meje. Tudi nam ljudem se ve\u010dkrat bri\u0161ejo meje, zato potrebujemo mano izpod neba in \u017eivo vodo iz vodnjaka.<\/p>\n<p>Dr. Janez Vodi\u010dar in dr. David Kraner, oba univerzitetna profesorja na Teolo\u0161ki fakulteti Univerze v Ljubljeni, kljub svoji strokovnosti, s knji\u017eico ostaneta pri prvinskem duhovnem \u00bbkolobarjenju\u00ab. S konkretnimi razmi\u0161ljanji vsakdanjih \u010dlove\u0161kih zgodb in odli\u010dnimi fotografijami narave, dogodkov in do\u017eivetij, lahko nagovorita bralca vseh stanov, \u010de ima koli\u010dkaj odprto srce in dopusti, da se v njem po\u010dasi oblikuje pravi Biser Duha.<\/p>\n<h4><a href=\"https:\/\/www.iskreni.net\/trgovina\/wp-content\/uploads\/2023\/06\/Vodicar_Biseri_Duha_PREDSTAVITVENE-STRANI.pdf\">Prelistaj<\/a><\/h4>\n<p>&nbsp;<\/p>\n","protected":false},"excerpt":{"rendered":"<p><strong>Leto izdaje:<\/strong> 2023<\/p>\n<p>Knji\u017eica zgodb za du\u0161o izpod tipk dr. Janeza Vodi\u010darja in s fotografijami dr. Davida Kranerja nas popelje v \u00bbkolobarjenje letnih \u010dasov\u00ab, ki se jim po\u010dasi a vztrajno bri\u0161ejo meje. Tudi nam ljudem se ve\u010dkrat bri\u0161ejo meje, zato potrebujemo mano izpod neba in \u017eivo vodo iz vodnjaka.<\/p>\n<h4><a href=\"https:\/\/www.iskreni.net\/trgovina\/wp-content\/uploads\/2023\/06\/Vodicar_Biseri_Duha_PREDSTAVITVENE-STRANI.pdf\">Prelistaj<\/a><\/h4>\n<p>&nbsp;<\/p>\n","protected":false},"featured_media":66990,"comment_status":"open","ping_status":"closed","template":"","meta":[],"product_brand":[],"product_cat":[2324,63],"product_tag":[],"avtor":[2718],"zalozba":[2336],"vezava":[2306],"class_list":{"0":"post-66995","1":"product","2":"type-product","3":"status-publish","4":"has-post-thumbnail","6":"product_cat-duhovnost-in-osebna-rast","7":"product_cat-knjige","8":"avtor-janez-vodicar","9":"zalozba-salve","10":"vezava-trda","12":"first","13":"instock","14":"taxable","15":"shipping-taxable","16":"purchasable","17":"product-type-simple"},"yoast_head":"<!-- This site is optimized with the Yoast SEO plugin v26.3 - https:\/\/yoast.com\/wordpress\/plugins\/seo\/ -->\n<title>Janez Vodi\u010dar: Biseri duha - trgovina Iskreni<\/title>\n<meta name=\"description\" content=\"Biseri duha je knji\u017eica zgodb za du\u0161o izpod tipk dr. Janeza Vodi\u010darja in s fotografijami dr. Davida Kranerja, ki nas popelje v \u00bbkolobarjenje letnih \u010dasov\u00ab.\" \/>\n<meta name=\"robots\" content=\"index, follow, max-snippet:-1, max-image-preview:large, max-video-preview:-1\" \/>\n<link rel=\"canonical\" href=\"https:\/\/www.iskreni.net\/trgovina\/product\/biseri-duha\/\" \/>\n<meta property=\"og:locale\" content=\"sl_SI\" \/>\n<meta property=\"og:type\" content=\"article\" \/>\n<meta property=\"og:title\" content=\"Biseri duha\" \/>\n<meta property=\"og:description\" content=\"Biseri duha je knji\u017eica zgodb za du\u0161o izpod tipk dr. Janeza Vodi\u010darja in s fotografijami dr. Davida Kranerja, ki nas popelje v \u00bbkolobarjenje letnih \u010dasov\u00ab.\" \/>\n<meta property=\"og:url\" content=\"https:\/\/www.iskreni.net\/trgovina\/product\/biseri-duha\/\" \/>\n<meta property=\"og:site_name\" content=\"Zavod Iskreni\" \/>\n<meta property=\"article:modified_time\" content=\"2024-01-18T13:58:33+00:00\" \/>\n<meta property=\"og:image\" content=\"https:\/\/www.iskreni.net\/trgovina\/wp-content\/uploads\/2023\/06\/Slike-za-v-spletno-trgovino-Biseri-duha.jpg\" \/>\n\t<meta property=\"og:image:width\" content=\"600\" \/>\n\t<meta property=\"og:image:height\" content=\"600\" \/>\n\t<meta property=\"og:image:type\" content=\"image\/jpeg\" \/>\n<meta name=\"twitter:card\" content=\"summary_large_image\" \/>\n<meta name=\"twitter:label1\" content=\"Est. reading time\" \/>\n\t<meta name=\"twitter:data1\" content=\"1 minuta\" \/>\n<script type=\"application\/ld+json\" class=\"yoast-schema-graph\">{\"@context\":\"https:\/\/schema.org\",\"@graph\":[{\"@type\":\"WebPage\",\"@id\":\"https:\/\/www.iskreni.net\/trgovina\/product\/biseri-duha\/\",\"url\":\"https:\/\/www.iskreni.net\/trgovina\/product\/biseri-duha\/\",\"name\":\"Janez Vodi\u010dar: Biseri duha - trgovina Iskreni\",\"isPartOf\":{\"@id\":\"https:\/\/www.iskreni.net\/trgovina\/#website\"},\"primaryImageOfPage\":{\"@id\":\"https:\/\/www.iskreni.net\/trgovina\/product\/biseri-duha\/#primaryimage\"},\"image\":{\"@id\":\"https:\/\/www.iskreni.net\/trgovina\/product\/biseri-duha\/#primaryimage\"},\"thumbnailUrl\":\"https:\/\/www.iskreni.net\/trgovina\/wp-content\/uploads\/2023\/06\/Slike-za-v-spletno-trgovino-Biseri-duha.jpg\",\"datePublished\":\"2023-06-05T12:32:44+00:00\",\"dateModified\":\"2024-01-18T13:58:33+00:00\",\"description\":\"Biseri duha je knji\u017eica zgodb za du\u0161o izpod tipk dr. Janeza Vodi\u010darja in s fotografijami dr. Davida Kranerja, ki nas popelje v \u00bbkolobarjenje letnih \u010dasov\u00ab.\",\"breadcrumb\":{\"@id\":\"https:\/\/www.iskreni.net\/trgovina\/product\/biseri-duha\/#breadcrumb\"},\"inLanguage\":\"sl-SI\",\"potentialAction\":[{\"@type\":\"ReadAction\",\"target\":[\"https:\/\/www.iskreni.net\/trgovina\/product\/biseri-duha\/\"]}]},{\"@type\":\"ImageObject\",\"inLanguage\":\"sl-SI\",\"@id\":\"https:\/\/www.iskreni.net\/trgovina\/product\/biseri-duha\/#primaryimage\",\"url\":\"https:\/\/www.iskreni.net\/trgovina\/wp-content\/uploads\/2023\/06\/Slike-za-v-spletno-trgovino-Biseri-duha.jpg\",\"contentUrl\":\"https:\/\/www.iskreni.net\/trgovina\/wp-content\/uploads\/2023\/06\/Slike-za-v-spletno-trgovino-Biseri-duha.jpg\",\"width\":600,\"height\":600},{\"@type\":\"BreadcrumbList\",\"@id\":\"https:\/\/www.iskreni.net\/trgovina\/product\/biseri-duha\/#breadcrumb\",\"itemListElement\":[{\"@type\":\"ListItem\",\"position\":1,\"name\":\"Home\",\"item\":\"https:\/\/www.iskreni.net\/trgovina\/\"},{\"@type\":\"ListItem\",\"position\":2,\"name\":\"Trgovina\",\"item\":\"https:\/\/www.iskreni.net\/trgovina\/trgovina\/\"},{\"@type\":\"ListItem\",\"position\":3,\"name\":\"Biseri duha\"}]},{\"@type\":\"WebSite\",\"@id\":\"https:\/\/www.iskreni.net\/trgovina\/#website\",\"url\":\"https:\/\/www.iskreni.net\/trgovina\/\",\"name\":\"Zavod Iskreni\",\"description\":\"trgovina\",\"potentialAction\":[{\"@type\":\"SearchAction\",\"target\":{\"@type\":\"EntryPoint\",\"urlTemplate\":\"https:\/\/www.iskreni.net\/trgovina\/?s={search_term_string}\"},\"query-input\":{\"@type\":\"PropertyValueSpecification\",\"valueRequired\":true,\"valueName\":\"search_term_string\"}}],\"inLanguage\":\"sl-SI\"}]}<\/script>\n<!-- \/ Yoast SEO plugin. -->","yoast_head_json":{"title":"Janez Vodi\u010dar: Biseri duha - trgovina Iskreni","description":"Biseri duha je knji\u017eica zgodb za du\u0161o izpod tipk dr. Janeza Vodi\u010darja in s fotografijami dr. Davida Kranerja, ki nas popelje v \u00bbkolobarjenje letnih \u010dasov\u00ab.","robots":{"index":"index","follow":"follow","max-snippet":"max-snippet:-1","max-image-preview":"max-image-preview:large","max-video-preview":"max-video-preview:-1"},"canonical":"https:\/\/www.iskreni.net\/trgovina\/product\/biseri-duha\/","og_locale":"sl_SI","og_type":"article","og_title":"Biseri duha","og_description":"Biseri duha je knji\u017eica zgodb za du\u0161o izpod tipk dr. Janeza Vodi\u010darja in s fotografijami dr. Davida Kranerja, ki nas popelje v \u00bbkolobarjenje letnih \u010dasov\u00ab.","og_url":"https:\/\/www.iskreni.net\/trgovina\/product\/biseri-duha\/","og_site_name":"Zavod Iskreni","article_modified_time":"2024-01-18T13:58:33+00:00","og_image":[{"width":600,"height":600,"url":"https:\/\/www.iskreni.net\/trgovina\/wp-content\/uploads\/2023\/06\/Slike-za-v-spletno-trgovino-Biseri-duha.jpg","type":"image\/jpeg"}],"twitter_card":"summary_large_image","twitter_misc":{"Est. reading time":"1 minuta"},"schema":{"@context":"https:\/\/schema.org","@graph":[{"@type":"WebPage","@id":"https:\/\/www.iskreni.net\/trgovina\/product\/biseri-duha\/","url":"https:\/\/www.iskreni.net\/trgovina\/product\/biseri-duha\/","name":"Janez Vodi\u010dar: Biseri duha - trgovina Iskreni","isPartOf":{"@id":"https:\/\/www.iskreni.net\/trgovina\/#website"},"primaryImageOfPage":{"@id":"https:\/\/www.iskreni.net\/trgovina\/product\/biseri-duha\/#primaryimage"},"image":{"@id":"https:\/\/www.iskreni.net\/trgovina\/product\/biseri-duha\/#primaryimage"},"thumbnailUrl":"https:\/\/www.iskreni.net\/trgovina\/wp-content\/uploads\/2023\/06\/Slike-za-v-spletno-trgovino-Biseri-duha.jpg","datePublished":"2023-06-05T12:32:44+00:00","dateModified":"2024-01-18T13:58:33+00:00","description":"Biseri duha je knji\u017eica zgodb za du\u0161o izpod tipk dr. Janeza Vodi\u010darja in s fotografijami dr. Davida Kranerja, ki nas popelje v \u00bbkolobarjenje letnih \u010dasov\u00ab.","breadcrumb":{"@id":"https:\/\/www.iskreni.net\/trgovina\/product\/biseri-duha\/#breadcrumb"},"inLanguage":"sl-SI","potentialAction":[{"@type":"ReadAction","target":["https:\/\/www.iskreni.net\/trgovina\/product\/biseri-duha\/"]}]},{"@type":"ImageObject","inLanguage":"sl-SI","@id":"https:\/\/www.iskreni.net\/trgovina\/product\/biseri-duha\/#primaryimage","url":"https:\/\/www.iskreni.net\/trgovina\/wp-content\/uploads\/2023\/06\/Slike-za-v-spletno-trgovino-Biseri-duha.jpg","contentUrl":"https:\/\/www.iskreni.net\/trgovina\/wp-content\/uploads\/2023\/06\/Slike-za-v-spletno-trgovino-Biseri-duha.jpg","width":600,"height":600},{"@type":"BreadcrumbList","@id":"https:\/\/www.iskreni.net\/trgovina\/product\/biseri-duha\/#breadcrumb","itemListElement":[{"@type":"ListItem","position":1,"name":"Home","item":"https:\/\/www.iskreni.net\/trgovina\/"},{"@type":"ListItem","position":2,"name":"Trgovina","item":"https:\/\/www.iskreni.net\/trgovina\/trgovina\/"},{"@type":"ListItem","position":3,"name":"Biseri duha"}]},{"@type":"WebSite","@id":"https:\/\/www.iskreni.net\/trgovina\/#website","url":"https:\/\/www.iskreni.net\/trgovina\/","name":"Zavod Iskreni","description":"trgovina","potentialAction":[{"@type":"SearchAction","target":{"@type":"EntryPoint","urlTemplate":"https:\/\/www.iskreni.net\/trgovina\/?s={search_term_string}"},"query-input":{"@type":"PropertyValueSpecification","valueRequired":true,"valueName":"search_term_string"}}],"inLanguage":"sl-SI"}]}},"_links":{"self":[{"href":"https:\/\/www.iskreni.net\/trgovina\/wp-json\/wp\/v2\/product\/66995","targetHints":{"allow":["GET"]}}],"collection":[{"href":"https:\/\/www.iskreni.net\/trgovina\/wp-json\/wp\/v2\/product"}],"about":[{"href":"https:\/\/www.iskreni.net\/trgovina\/wp-json\/wp\/v2\/types\/product"}],"replies":[{"embeddable":true,"href":"https:\/\/www.iskreni.net\/trgovina\/wp-json\/wp\/v2\/comments?post=66995"}],"version-history":[{"count":3,"href":"https:\/\/www.iskreni.net\/trgovina\/wp-json\/wp\/v2\/product\/66995\/revisions"}],"predecessor-version":[{"id":72756,"href":"https:\/\/www.iskreni.net\/trgovina\/wp-json\/wp\/v2\/product\/66995\/revisions\/72756"}],"wp:featuredmedia":[{"embeddable":true,"href":"https:\/\/www.iskreni.net\/trgovina\/wp-json\/wp\/v2\/media\/66990"}],"wp:attachment":[{"href":"https:\/\/www.iskreni.net\/trgovina\/wp-json\/wp\/v2\/media?parent=66995"}],"wp:term":[{"taxonomy":"product_brand","embeddable":true,"href":"https:\/\/www.iskreni.net\/trgovina\/wp-json\/wp\/v2\/product_brand?post=66995"},{"taxonomy":"product_cat","embeddable":true,"href":"https:\/\/www.iskreni.net\/trgovina\/wp-json\/wp\/v2\/product_cat?post=66995"},{"taxonomy":"product_tag","embeddable":true,"href":"https:\/\/www.iskreni.net\/trgovina\/wp-json\/wp\/v2\/product_tag?post=66995"},{"taxonomy":"avtor","embeddable":true,"href":"https:\/\/www.iskreni.net\/trgovina\/wp-json\/wp\/v2\/avtor?post=66995"},{"taxonomy":"zalozba","embeddable":true,"href":"https:\/\/www.iskreni.net\/trgovina\/wp-json\/wp\/v2\/zalozba?post=66995"},{"taxonomy":"vezava","embeddable":true,"href":"https:\/\/www.iskreni.net\/trgovina\/wp-json\/wp\/v2\/vezava?post=66995"}],"curies":[{"name":"wp","href":"https:\/\/api.w.org\/{rel}","templated":true}]}}