{"id":66986,"date":"2023-06-05T14:12:13","date_gmt":"2023-06-05T12:12:13","guid":{"rendered":"https:\/\/www.iskreni.net\/trgovina\/?post_type=product&#038;p=66986"},"modified":"2024-01-18T14:57:54","modified_gmt":"2024-01-18T13:57:54","slug":"marco-gallo-celo-kamni-bi-poskakovali","status":"publish","type":"product","link":"https:\/\/www.iskreni.net\/trgovina\/product\/marco-gallo-celo-kamni-bi-poskakovali\/","title":{"rendered":"Marco Gallo: Celo kamni bi poskakovali"},"content":{"rendered":"<h3 id=\"anchor-o-izdelku\" class=\"title\">O knjigi Marco Gallo: Celo kamni bi poskakovali<\/h3>\n<p>Marco je bil mladeni\u010d na\u0161ega \u010dasa, ki je \u017ee od otro\u0161tva izkazoval mo\u010dno slo po \u017eivljenju, zvesto in dramati\u010dno odprtost do vseh vidikov resni\u010dnosti.<\/p>\n<p>Med branjem Marcovih spominov in zapiskov iz zadnjega leta njegovega \u017eivljenja dobimo vtis, da je v njem dozorelo spoznanje o tem, kar je resni\u010dno dragoceno. Zato njegova nenadna smrt ni konec njegovega \u017eivljenja, temve\u010d le dopolnitev zemeljskega potovanja oziroma njegov dies natalis (rojstni dan za nebesa).<\/p>\n<h4><a href=\"https:\/\/www.iskreni.net\/trgovina\/wp-content\/uploads\/2023\/06\/Marco_Gallo_Celo-kamni-bi-poskakovali_PREDSTAVITVNE-STRANI.pdf\">Prelistaj<\/a><\/h4>\n<p><strong>PORTRET FANTA, KI JE BIL PODOBEN MNOGIM DRUGIM, VENDAR GA JE PRE\u017dEMALA VELIKA RADOVEDNOST.<\/strong><\/p>\n<p>Marco Gallo se je rodil 7. marca 1994 v Chiavariju (Genova) star\u0161ema Antoniju in Paoli Cevasco. Zgodnja leta je pre\u017eivel v Casarzi Ligure s sestrama Francesco, tri leta starej\u0161o, in Veronico, tri leta mlaj\u0161o. Septembra 1999 se je dru\u017eina preselila v Arese (Milano), naslednje leto pa v Lecco, kjer je obiskoval osnovno \u0161olo \u00bbPietro Scola\u00ab. Marco je bil \u017ee od malih nog zelo razigran in igriv: pravi orkan vitalnosti! Septembra 2007 je za\u010del obiskovati gimnazijo \u00bbDon Gnocchi\u00ab, za katere pravi sam, da je \u00bbena od stvari, za katere sem jim najbolj hvale\u017een\u00ab.<\/p>\n<p>Za njegova najstni\u0161ka leta je zna\u010dilno stalno vpra\u0161anje: kako biti sre\u010den? Marco se za\u010dne soo\u010dati z nezmo\u017enostjo, da bi sam uresni\u010dil \u017eeljo po sre\u010di. Tako zelo, da prvi dve leti srednje \u0161ole pre\u017eivi v lovu za prijateljstvom kot osrednjo to\u010dko svojega \u017eivljenja: \u00bbSre\u010da = prijatelji = odhod v soboto zve\u010der\u00ab. Vendar kmalu spozna, da zgolj potreba po dru\u017eenju ne zadostuje za ustrezen odgovor na njegovo vpra\u0161anje: prijatelji niso dovolj, da bi njegovemu \u017eivljenju dali smisel.<\/p>\n<p>Marco je neustavljivo vitalen; nekega dne se izka\u017ee za podjetnika, ko prek interneta kupuje in prodaja ameri\u0161ke mobilne telefone. Vsekakor je presenetljiva njegova \u017eelja, da bi ves \u010das molil, saj je zanj molitev brezpogojna izro\u010ditev Bogu, ki \u017eeli, da bi bil sre\u010den. Njegovi prijatelji vidijo, da je Marco orkan, ki se brezglavo vr\u017ee v vse odnose, prepri\u010dan, da lahko Jezusa sre\u010da v vsaki situaciji in v vsakem \u010dloveku. Nekaterim prijateljem je dejal: \u00bbKajti tisto, kar vsak od nas resni\u010dno potrebuje, niso lepe besede in \u017eelje, temve\u010d telesni objem\u00ab. Dne 5. novembra 2011 ga je na poti v \u0161olo povozil avtomobil in je umrl. Ve\u010der prej je na steno svoje sobe ob kri\u017eu napisal: \u00bbZakaj i\u0161\u010dete med mrtvimi tistega, ki je \u017eiv?\u00ab.<\/p>\n<p>V knjigi so zbrana razmi\u0161ljanja in misli tega 17-letnega fanta, ki jih je njegova dru\u017eina na\u0161la v dnevnikih, raztresenih \u0161olskih zvezkih in zme\u010dkanih zapiskih. Marco je vedno in povsod pisal s strastjo. Iz teh zapisov, intenzivnih in ganljivih strani, je razvidna njegova velika \u017eelja, da bi dojel smisel \u017eivljenja, da bi spoznal Kristusa in ga ljubil. Gre za meditacije, ki postavljajo resna in radikalna vpra\u0161anja o smislu bivanja in so prepletene s spomini na njegovo otro\u0161tvo.<\/p>\n<p>Marco je 19. marca 2011 zapisal: \u00bb\u010ce izklju\u010dimo la\u017eno srednjo pot raztresenosti, Kristu\u00adsa bodisi zavrnemo ali pa ga vzamemo za svojo trdno opo\u00adro. \u00abMoj ideal je Kristus: njegova verodostojnost se mi \u0161e naprej razode\u00adva.\u00ab<\/p>\n<p>\u00bbMarcova nenadna smrt\u00ab, kot pi\u0161e msgr. Sanguineti v predgovoru, \u00bbni konec nje\u00adgovega \u017eivljenja, temve\u010d le dopolnitev zemeljskega poto\u00advanja oziroma njegov dies natalis [rojstni dan za nebesa]\u00ab.<\/p>\n<p>V knjigi so zbrane Marcove misli, zgodbe njegovih dni (na primer 14. junija 2010: Fantje, poslu\u0161ajte tole \u2026 Od Ligurije do Monze na mopedu Phantom F12), klju\u010dni trenutki njegovega iskanja &#8211; na primer udele\u017eba ob beatifikaciji pape\u017ea Janeza Pavla II &#8211; njegova vera. Na straneh tega \u00bb\u017eivljenjepisa\u00ab, polnega Marcovih spominov in premi\u0161ljevanj, pri\u010devanj njegovih dru\u017einskih \u010dlanov (star\u0161ev Antonia in Paole ter sester Francesce in Veronice, s katerima je bil zelo povezan), prijateljev in znancev, se v krhki in ob\u010dasno protislovni \u010dlove\u0161kosti razkriva podoba mladeni\u010da s silovito \u00bb\u017eivljenjsko vro\u010dico\u00ab v sebi. V soboto, 5. novembra, na dan svoje smrti, v dnevnik zapi\u0161e: \u00bbNe vem, ali se bom vrnil na kosilo.\u00ab<\/p>\n<p>Od njegove smrti vsako leto na stotine mladih roma v Marijino sveti\u0161\u010de na vrhu Montallegra, da bi molili in se spomnili Marca. Kak\u0161na milost!<\/p>\n<p><strong>Ob smrti Marca Simoncellija<\/strong><\/p>\n<p>\u00bbSi lahko misli\u0161? To, kar se je zgodilo njemu, bi se lahko tudi meni in tebi. Vidi\u0161, kako kratko je \u017eivljenje in kako ga lahko zapravimo?\u00ab<\/p>\n","protected":false},"excerpt":{"rendered":"<p><strong>Leto izdaje:<\/strong> 2023<\/p>\n<p>Marco je bil mladeni\u010d na\u0161ega \u010dasa, ki je \u017ee od otro\u0161tva izkazoval mo\u010dno slo po \u017eivljenju, zvesto in dramati\u010dno odprtost do vseh vidikov resni\u010dnosti. V odnose se je metal kot orkan, prepri\u010dan, da lahko Jezusa sre\u010da v vsaki situaciji in v vsakem \u010dloveku.<\/p>\n<h4><a href=\"https:\/\/www.iskreni.net\/trgovina\/wp-content\/uploads\/2023\/06\/Marco_Gallo_Celo-kamni-bi-poskakovali_PREDSTAVITVNE-STRANI.pdf\">Prelistaj<\/a><\/h4>\n<p>&nbsp;<\/p>\n","protected":false},"featured_media":66987,"comment_status":"open","ping_status":"closed","template":"","meta":[],"product_brand":[],"product_cat":[2350,63],"product_tag":[793],"avtor":[2717],"zalozba":[2336],"vezava":[2307],"class_list":{"0":"post-66986","1":"product","2":"type-product","3":"status-publish","4":"has-post-thumbnail","6":"product_cat-za-mlade","7":"product_cat-knjige","8":"product_tag-biografija","9":"avtor-marco-gallo","10":"zalozba-salve","11":"vezava-mehka","13":"first","14":"instock","15":"taxable","16":"shipping-taxable","17":"purchasable","18":"product-type-simple"},"yoast_head":"<!-- This site is optimized with the Yoast SEO plugin v26.3 - https:\/\/yoast.com\/wordpress\/plugins\/seo\/ -->\n<title>Marco Gallo: Celo kamni bi poskakovali - trgovina Iskreni<\/title>\n<meta name=\"description\" content=\"Marco Gallo: Celo kamni bi poskakovali je portret 17-letnega fanta, ki je bil prepri\u010dan, da lahko Jezusa sre\u010da v vsaki situaciji in v vsakem \u010dloveku.\" \/>\n<meta name=\"robots\" content=\"index, follow, max-snippet:-1, max-image-preview:large, max-video-preview:-1\" \/>\n<link rel=\"canonical\" href=\"https:\/\/www.iskreni.net\/trgovina\/product\/marco-gallo-celo-kamni-bi-poskakovali\/\" \/>\n<meta property=\"og:locale\" content=\"sl_SI\" \/>\n<meta property=\"og:type\" content=\"article\" \/>\n<meta property=\"og:title\" content=\"Marco Gallo: Celo kamni bi poskakovali\" \/>\n<meta property=\"og:description\" content=\"Marco Gallo: Celo kamni bi poskakovali je portret 17-letnega fanta, ki je bil prepri\u010dan, da lahko Jezusa sre\u010da v vsaki situaciji in v vsakem \u010dloveku.\" \/>\n<meta property=\"og:url\" content=\"https:\/\/www.iskreni.net\/trgovina\/product\/marco-gallo-celo-kamni-bi-poskakovali\/\" \/>\n<meta property=\"og:site_name\" content=\"Zavod Iskreni\" \/>\n<meta property=\"article:modified_time\" content=\"2024-01-18T13:57:54+00:00\" \/>\n<meta property=\"og:image\" content=\"https:\/\/www.iskreni.net\/trgovina\/wp-content\/uploads\/2023\/06\/Slike-za-v-spletno-trgovino-90.jpg\" \/>\n\t<meta property=\"og:image:width\" content=\"600\" \/>\n\t<meta property=\"og:image:height\" content=\"600\" \/>\n\t<meta property=\"og:image:type\" content=\"image\/jpeg\" \/>\n<meta name=\"twitter:card\" content=\"summary_large_image\" \/>\n<meta name=\"twitter:label1\" content=\"Est. reading time\" \/>\n\t<meta name=\"twitter:data1\" content=\"4 minute\" \/>\n<script type=\"application\/ld+json\" class=\"yoast-schema-graph\">{\"@context\":\"https:\/\/schema.org\",\"@graph\":[{\"@type\":\"WebPage\",\"@id\":\"https:\/\/www.iskreni.net\/trgovina\/product\/marco-gallo-celo-kamni-bi-poskakovali\/\",\"url\":\"https:\/\/www.iskreni.net\/trgovina\/product\/marco-gallo-celo-kamni-bi-poskakovali\/\",\"name\":\"Marco Gallo: Celo kamni bi poskakovali - trgovina Iskreni\",\"isPartOf\":{\"@id\":\"https:\/\/www.iskreni.net\/trgovina\/#website\"},\"primaryImageOfPage\":{\"@id\":\"https:\/\/www.iskreni.net\/trgovina\/product\/marco-gallo-celo-kamni-bi-poskakovali\/#primaryimage\"},\"image\":{\"@id\":\"https:\/\/www.iskreni.net\/trgovina\/product\/marco-gallo-celo-kamni-bi-poskakovali\/#primaryimage\"},\"thumbnailUrl\":\"https:\/\/www.iskreni.net\/trgovina\/wp-content\/uploads\/2023\/06\/Slike-za-v-spletno-trgovino-90.jpg\",\"datePublished\":\"2023-06-05T12:12:13+00:00\",\"dateModified\":\"2024-01-18T13:57:54+00:00\",\"description\":\"Marco Gallo: Celo kamni bi poskakovali je portret 17-letnega fanta, ki je bil prepri\u010dan, da lahko Jezusa sre\u010da v vsaki situaciji in v vsakem \u010dloveku.\",\"breadcrumb\":{\"@id\":\"https:\/\/www.iskreni.net\/trgovina\/product\/marco-gallo-celo-kamni-bi-poskakovali\/#breadcrumb\"},\"inLanguage\":\"sl-SI\",\"potentialAction\":[{\"@type\":\"ReadAction\",\"target\":[\"https:\/\/www.iskreni.net\/trgovina\/product\/marco-gallo-celo-kamni-bi-poskakovali\/\"]}]},{\"@type\":\"ImageObject\",\"inLanguage\":\"sl-SI\",\"@id\":\"https:\/\/www.iskreni.net\/trgovina\/product\/marco-gallo-celo-kamni-bi-poskakovali\/#primaryimage\",\"url\":\"https:\/\/www.iskreni.net\/trgovina\/wp-content\/uploads\/2023\/06\/Slike-za-v-spletno-trgovino-90.jpg\",\"contentUrl\":\"https:\/\/www.iskreni.net\/trgovina\/wp-content\/uploads\/2023\/06\/Slike-za-v-spletno-trgovino-90.jpg\",\"width\":600,\"height\":600},{\"@type\":\"BreadcrumbList\",\"@id\":\"https:\/\/www.iskreni.net\/trgovina\/product\/marco-gallo-celo-kamni-bi-poskakovali\/#breadcrumb\",\"itemListElement\":[{\"@type\":\"ListItem\",\"position\":1,\"name\":\"Home\",\"item\":\"https:\/\/www.iskreni.net\/trgovina\/\"},{\"@type\":\"ListItem\",\"position\":2,\"name\":\"Trgovina\",\"item\":\"https:\/\/www.iskreni.net\/trgovina\/trgovina\/\"},{\"@type\":\"ListItem\",\"position\":3,\"name\":\"Marco Gallo: Celo kamni bi poskakovali\"}]},{\"@type\":\"WebSite\",\"@id\":\"https:\/\/www.iskreni.net\/trgovina\/#website\",\"url\":\"https:\/\/www.iskreni.net\/trgovina\/\",\"name\":\"Zavod Iskreni\",\"description\":\"trgovina\",\"potentialAction\":[{\"@type\":\"SearchAction\",\"target\":{\"@type\":\"EntryPoint\",\"urlTemplate\":\"https:\/\/www.iskreni.net\/trgovina\/?s={search_term_string}\"},\"query-input\":{\"@type\":\"PropertyValueSpecification\",\"valueRequired\":true,\"valueName\":\"search_term_string\"}}],\"inLanguage\":\"sl-SI\"}]}<\/script>\n<!-- \/ Yoast SEO plugin. -->","yoast_head_json":{"title":"Marco Gallo: Celo kamni bi poskakovali - trgovina Iskreni","description":"Marco Gallo: Celo kamni bi poskakovali je portret 17-letnega fanta, ki je bil prepri\u010dan, da lahko Jezusa sre\u010da v vsaki situaciji in v vsakem \u010dloveku.","robots":{"index":"index","follow":"follow","max-snippet":"max-snippet:-1","max-image-preview":"max-image-preview:large","max-video-preview":"max-video-preview:-1"},"canonical":"https:\/\/www.iskreni.net\/trgovina\/product\/marco-gallo-celo-kamni-bi-poskakovali\/","og_locale":"sl_SI","og_type":"article","og_title":"Marco Gallo: Celo kamni bi poskakovali","og_description":"Marco Gallo: Celo kamni bi poskakovali je portret 17-letnega fanta, ki je bil prepri\u010dan, da lahko Jezusa sre\u010da v vsaki situaciji in v vsakem \u010dloveku.","og_url":"https:\/\/www.iskreni.net\/trgovina\/product\/marco-gallo-celo-kamni-bi-poskakovali\/","og_site_name":"Zavod Iskreni","article_modified_time":"2024-01-18T13:57:54+00:00","og_image":[{"width":600,"height":600,"url":"https:\/\/www.iskreni.net\/trgovina\/wp-content\/uploads\/2023\/06\/Slike-za-v-spletno-trgovino-90.jpg","type":"image\/jpeg"}],"twitter_card":"summary_large_image","twitter_misc":{"Est. reading time":"4 minute"},"schema":{"@context":"https:\/\/schema.org","@graph":[{"@type":"WebPage","@id":"https:\/\/www.iskreni.net\/trgovina\/product\/marco-gallo-celo-kamni-bi-poskakovali\/","url":"https:\/\/www.iskreni.net\/trgovina\/product\/marco-gallo-celo-kamni-bi-poskakovali\/","name":"Marco Gallo: Celo kamni bi poskakovali - trgovina Iskreni","isPartOf":{"@id":"https:\/\/www.iskreni.net\/trgovina\/#website"},"primaryImageOfPage":{"@id":"https:\/\/www.iskreni.net\/trgovina\/product\/marco-gallo-celo-kamni-bi-poskakovali\/#primaryimage"},"image":{"@id":"https:\/\/www.iskreni.net\/trgovina\/product\/marco-gallo-celo-kamni-bi-poskakovali\/#primaryimage"},"thumbnailUrl":"https:\/\/www.iskreni.net\/trgovina\/wp-content\/uploads\/2023\/06\/Slike-za-v-spletno-trgovino-90.jpg","datePublished":"2023-06-05T12:12:13+00:00","dateModified":"2024-01-18T13:57:54+00:00","description":"Marco Gallo: Celo kamni bi poskakovali je portret 17-letnega fanta, ki je bil prepri\u010dan, da lahko Jezusa sre\u010da v vsaki situaciji in v vsakem \u010dloveku.","breadcrumb":{"@id":"https:\/\/www.iskreni.net\/trgovina\/product\/marco-gallo-celo-kamni-bi-poskakovali\/#breadcrumb"},"inLanguage":"sl-SI","potentialAction":[{"@type":"ReadAction","target":["https:\/\/www.iskreni.net\/trgovina\/product\/marco-gallo-celo-kamni-bi-poskakovali\/"]}]},{"@type":"ImageObject","inLanguage":"sl-SI","@id":"https:\/\/www.iskreni.net\/trgovina\/product\/marco-gallo-celo-kamni-bi-poskakovali\/#primaryimage","url":"https:\/\/www.iskreni.net\/trgovina\/wp-content\/uploads\/2023\/06\/Slike-za-v-spletno-trgovino-90.jpg","contentUrl":"https:\/\/www.iskreni.net\/trgovina\/wp-content\/uploads\/2023\/06\/Slike-za-v-spletno-trgovino-90.jpg","width":600,"height":600},{"@type":"BreadcrumbList","@id":"https:\/\/www.iskreni.net\/trgovina\/product\/marco-gallo-celo-kamni-bi-poskakovali\/#breadcrumb","itemListElement":[{"@type":"ListItem","position":1,"name":"Home","item":"https:\/\/www.iskreni.net\/trgovina\/"},{"@type":"ListItem","position":2,"name":"Trgovina","item":"https:\/\/www.iskreni.net\/trgovina\/trgovina\/"},{"@type":"ListItem","position":3,"name":"Marco Gallo: Celo kamni bi poskakovali"}]},{"@type":"WebSite","@id":"https:\/\/www.iskreni.net\/trgovina\/#website","url":"https:\/\/www.iskreni.net\/trgovina\/","name":"Zavod Iskreni","description":"trgovina","potentialAction":[{"@type":"SearchAction","target":{"@type":"EntryPoint","urlTemplate":"https:\/\/www.iskreni.net\/trgovina\/?s={search_term_string}"},"query-input":{"@type":"PropertyValueSpecification","valueRequired":true,"valueName":"search_term_string"}}],"inLanguage":"sl-SI"}]}},"_links":{"self":[{"href":"https:\/\/www.iskreni.net\/trgovina\/wp-json\/wp\/v2\/product\/66986","targetHints":{"allow":["GET"]}}],"collection":[{"href":"https:\/\/www.iskreni.net\/trgovina\/wp-json\/wp\/v2\/product"}],"about":[{"href":"https:\/\/www.iskreni.net\/trgovina\/wp-json\/wp\/v2\/types\/product"}],"replies":[{"embeddable":true,"href":"https:\/\/www.iskreni.net\/trgovina\/wp-json\/wp\/v2\/comments?post=66986"}],"version-history":[{"count":4,"href":"https:\/\/www.iskreni.net\/trgovina\/wp-json\/wp\/v2\/product\/66986\/revisions"}],"predecessor-version":[{"id":72755,"href":"https:\/\/www.iskreni.net\/trgovina\/wp-json\/wp\/v2\/product\/66986\/revisions\/72755"}],"wp:featuredmedia":[{"embeddable":true,"href":"https:\/\/www.iskreni.net\/trgovina\/wp-json\/wp\/v2\/media\/66987"}],"wp:attachment":[{"href":"https:\/\/www.iskreni.net\/trgovina\/wp-json\/wp\/v2\/media?parent=66986"}],"wp:term":[{"taxonomy":"product_brand","embeddable":true,"href":"https:\/\/www.iskreni.net\/trgovina\/wp-json\/wp\/v2\/product_brand?post=66986"},{"taxonomy":"product_cat","embeddable":true,"href":"https:\/\/www.iskreni.net\/trgovina\/wp-json\/wp\/v2\/product_cat?post=66986"},{"taxonomy":"product_tag","embeddable":true,"href":"https:\/\/www.iskreni.net\/trgovina\/wp-json\/wp\/v2\/product_tag?post=66986"},{"taxonomy":"avtor","embeddable":true,"href":"https:\/\/www.iskreni.net\/trgovina\/wp-json\/wp\/v2\/avtor?post=66986"},{"taxonomy":"zalozba","embeddable":true,"href":"https:\/\/www.iskreni.net\/trgovina\/wp-json\/wp\/v2\/zalozba?post=66986"},{"taxonomy":"vezava","embeddable":true,"href":"https:\/\/www.iskreni.net\/trgovina\/wp-json\/wp\/v2\/vezava?post=66986"}],"curies":[{"name":"wp","href":"https:\/\/api.w.org\/{rel}","templated":true}]}}