{"id":66564,"date":"2023-05-17T15:29:24","date_gmt":"2023-05-17T13:29:24","guid":{"rendered":"https:\/\/www.iskreni.net\/trgovina\/?post_type=product&#038;p=66564"},"modified":"2023-07-24T14:20:14","modified_gmt":"2023-07-24T12:20:14","slug":"podarjeni-cas","status":"publish","type":"product","link":"https:\/\/www.iskreni.net\/trgovina\/product\/podarjeni-cas\/","title":{"rendered":"Podarjeni \u010das"},"content":{"rendered":"<h4>O knjigi Podarjeni \u010das:<\/h4>\n<p>V knjigi so zbrani poslednji zapisi irskega jezuitskega duhovnika Michaela Paula Gallagherja, razmi\u0161ljanja, \u010dustvovanja in duhovne refleksije, ki jih je bele\u017eil po diagnozi raka v zadnjih mesecih pred smrtjo. Kljub psihi\u010dnemu in fizi\u010dnemu trpljenju zaradi te\u017eke bolezni so njegove besede vseskozi pre\u017eete z globoko vero, upanjem in hvale\u017enostjo ter tkejo iskreno in tola\u017eilno pri\u010devanje o soo\u010danju z lastno minljivostjo.<\/p>\n<p>\u00bbKnjiga je lahko zelo dobrodo\u0161la vsem, ki se znajdejo v podobni situaciji. Globoko sem namre\u010d prepri\u010dana, da je \u010dloveku veliko la\u017ee, \u010de spregovori o svoji bole\u010dini in jo podeli z drugimi. Bolnik sam pripoveduje o sebi, svojih razmi\u0161ljanjih, ob\u010dutjih, strahovih. Izredno dragoceno pa se mi zdi, da govori o svoji veri, o svojem odnosu do Boga. Ne tako, kot bi kot katoli\u0161ki duhovnik moral, ker naj bi se tako od njega pri\u010dakovalo, ampak tako, kot se v njem odvija ta odnos ob vsem, kar do\u017eivlja.\u00ab<\/p>\n<p>(iz spremne besede Metke Klevi\u0161ar)<\/p>\n<p>&nbsp;<\/p>\n","protected":false},"excerpt":{"rendered":"<p><strong>\u017divljenje v zadnjih stopnjah raka in bele\u017eke na tej poti<\/p>\n<p>Avtor: <\/strong>Michael Paul Gallagher<br \/>\n<strong>Avtor prevoda:<\/strong> Klementina Logar<strong><br \/>\nZalo\u017eba: <\/strong>Dru\u017eina<br \/>\n<strong>Leto izdaje:<\/strong> 2023<br \/>\n<strong>\u0160tevilo strani:<\/strong> 176<br \/>\n<strong>Vezava:<\/strong> mehka<br \/>\n<strong>Mere:\u00a0<\/strong>120 x 190 mm<\/p>\n<p>V knjigi so zbrani poslednji zapisi irskega jezuitskega duhovnika Michaela Paula Gallagherja, razmi\u0161ljanja, \u010dustvovanja in duhovne refleksije, ki jih je bele\u017eil po diagnozi raka v zadnjih mesecih pred smrtjo.<\/p>\n","protected":false},"featured_media":66561,"comment_status":"open","ping_status":"closed","template":"","meta":[],"product_brand":[],"product_cat":[2324,63],"product_tag":[],"avtor":[],"zalozba":[2311],"vezava":[],"class_list":{"0":"post-66564","1":"product","2":"type-product","3":"status-publish","4":"has-post-thumbnail","6":"product_cat-duhovnost-in-osebna-rast","7":"product_cat-knjige","8":"zalozba-druzina","10":"first","11":"instock","12":"taxable","13":"shipping-taxable","14":"purchasable","15":"product-type-simple"},"yoast_head":"<!-- This site is optimized with the Yoast SEO plugin v26.3 - https:\/\/yoast.com\/wordpress\/plugins\/seo\/ -->\n<title>Podarjeni \u010das - trgovina Iskreni<\/title>\n<meta name=\"description\" content=\"Podarjeni \u010das je knjiga zbranih razmi\u0161ljanj, \u010dustvovanj in duhovnih refleksij, ki jih je irski jezuit bele\u017eil po diagnozi raka v mesecih pred smrtjo.\" \/>\n<meta name=\"robots\" content=\"index, follow, max-snippet:-1, max-image-preview:large, max-video-preview:-1\" \/>\n<link rel=\"canonical\" href=\"https:\/\/www.iskreni.net\/trgovina\/product\/podarjeni-cas\/\" \/>\n<meta property=\"og:locale\" content=\"sl_SI\" \/>\n<meta property=\"og:type\" content=\"article\" \/>\n<meta property=\"og:title\" content=\"Podarjeni \u010das\" \/>\n<meta property=\"og:description\" content=\"Podarjeni \u010das je knjiga zbranih razmi\u0161ljanj, \u010dustvovanj in duhovnih refleksij, ki jih je irski jezuit bele\u017eil po diagnozi raka v mesecih pred smrtjo.\" \/>\n<meta property=\"og:url\" content=\"https:\/\/www.iskreni.net\/trgovina\/product\/podarjeni-cas\/\" \/>\n<meta property=\"og:site_name\" content=\"Zavod Iskreni\" \/>\n<meta property=\"article:modified_time\" content=\"2023-07-24T12:20:14+00:00\" \/>\n<meta property=\"og:image\" content=\"https:\/\/www.iskreni.net\/trgovina\/wp-content\/uploads\/2023\/05\/Slike-za-v-spletno-trgovino-77.jpg\" \/>\n\t<meta property=\"og:image:width\" content=\"600\" \/>\n\t<meta property=\"og:image:height\" content=\"600\" \/>\n\t<meta property=\"og:image:type\" content=\"image\/jpeg\" \/>\n<meta name=\"twitter:card\" content=\"summary_large_image\" \/>\n<meta name=\"twitter:label1\" content=\"Est. reading time\" \/>\n\t<meta name=\"twitter:data1\" content=\"1 minuta\" \/>\n<script type=\"application\/ld+json\" class=\"yoast-schema-graph\">{\"@context\":\"https:\/\/schema.org\",\"@graph\":[{\"@type\":\"WebPage\",\"@id\":\"https:\/\/www.iskreni.net\/trgovina\/product\/podarjeni-cas\/\",\"url\":\"https:\/\/www.iskreni.net\/trgovina\/product\/podarjeni-cas\/\",\"name\":\"Podarjeni \u010das - trgovina Iskreni\",\"isPartOf\":{\"@id\":\"https:\/\/www.iskreni.net\/trgovina\/#website\"},\"primaryImageOfPage\":{\"@id\":\"https:\/\/www.iskreni.net\/trgovina\/product\/podarjeni-cas\/#primaryimage\"},\"image\":{\"@id\":\"https:\/\/www.iskreni.net\/trgovina\/product\/podarjeni-cas\/#primaryimage\"},\"thumbnailUrl\":\"https:\/\/www.iskreni.net\/trgovina\/wp-content\/uploads\/2023\/05\/Slike-za-v-spletno-trgovino-77.jpg\",\"datePublished\":\"2023-05-17T13:29:24+00:00\",\"dateModified\":\"2023-07-24T12:20:14+00:00\",\"description\":\"Podarjeni \u010das je knjiga zbranih razmi\u0161ljanj, \u010dustvovanj in duhovnih refleksij, ki jih je irski jezuit bele\u017eil po diagnozi raka v mesecih pred smrtjo.\",\"breadcrumb\":{\"@id\":\"https:\/\/www.iskreni.net\/trgovina\/product\/podarjeni-cas\/#breadcrumb\"},\"inLanguage\":\"sl-SI\",\"potentialAction\":[{\"@type\":\"ReadAction\",\"target\":[\"https:\/\/www.iskreni.net\/trgovina\/product\/podarjeni-cas\/\"]}]},{\"@type\":\"ImageObject\",\"inLanguage\":\"sl-SI\",\"@id\":\"https:\/\/www.iskreni.net\/trgovina\/product\/podarjeni-cas\/#primaryimage\",\"url\":\"https:\/\/www.iskreni.net\/trgovina\/wp-content\/uploads\/2023\/05\/Slike-za-v-spletno-trgovino-77.jpg\",\"contentUrl\":\"https:\/\/www.iskreni.net\/trgovina\/wp-content\/uploads\/2023\/05\/Slike-za-v-spletno-trgovino-77.jpg\",\"width\":600,\"height\":600},{\"@type\":\"BreadcrumbList\",\"@id\":\"https:\/\/www.iskreni.net\/trgovina\/product\/podarjeni-cas\/#breadcrumb\",\"itemListElement\":[{\"@type\":\"ListItem\",\"position\":1,\"name\":\"Home\",\"item\":\"https:\/\/www.iskreni.net\/trgovina\/\"},{\"@type\":\"ListItem\",\"position\":2,\"name\":\"Trgovina\",\"item\":\"https:\/\/www.iskreni.net\/trgovina\/trgovina\/\"},{\"@type\":\"ListItem\",\"position\":3,\"name\":\"Podarjeni \u010das\"}]},{\"@type\":\"WebSite\",\"@id\":\"https:\/\/www.iskreni.net\/trgovina\/#website\",\"url\":\"https:\/\/www.iskreni.net\/trgovina\/\",\"name\":\"Zavod Iskreni\",\"description\":\"trgovina\",\"potentialAction\":[{\"@type\":\"SearchAction\",\"target\":{\"@type\":\"EntryPoint\",\"urlTemplate\":\"https:\/\/www.iskreni.net\/trgovina\/?s={search_term_string}\"},\"query-input\":{\"@type\":\"PropertyValueSpecification\",\"valueRequired\":true,\"valueName\":\"search_term_string\"}}],\"inLanguage\":\"sl-SI\"}]}<\/script>\n<!-- \/ Yoast SEO plugin. -->","yoast_head_json":{"title":"Podarjeni \u010das - trgovina Iskreni","description":"Podarjeni \u010das je knjiga zbranih razmi\u0161ljanj, \u010dustvovanj in duhovnih refleksij, ki jih je irski jezuit bele\u017eil po diagnozi raka v mesecih pred smrtjo.","robots":{"index":"index","follow":"follow","max-snippet":"max-snippet:-1","max-image-preview":"max-image-preview:large","max-video-preview":"max-video-preview:-1"},"canonical":"https:\/\/www.iskreni.net\/trgovina\/product\/podarjeni-cas\/","og_locale":"sl_SI","og_type":"article","og_title":"Podarjeni \u010das","og_description":"Podarjeni \u010das je knjiga zbranih razmi\u0161ljanj, \u010dustvovanj in duhovnih refleksij, ki jih je irski jezuit bele\u017eil po diagnozi raka v mesecih pred smrtjo.","og_url":"https:\/\/www.iskreni.net\/trgovina\/product\/podarjeni-cas\/","og_site_name":"Zavod Iskreni","article_modified_time":"2023-07-24T12:20:14+00:00","og_image":[{"width":600,"height":600,"url":"https:\/\/www.iskreni.net\/trgovina\/wp-content\/uploads\/2023\/05\/Slike-za-v-spletno-trgovino-77.jpg","type":"image\/jpeg"}],"twitter_card":"summary_large_image","twitter_misc":{"Est. reading time":"1 minuta"},"schema":{"@context":"https:\/\/schema.org","@graph":[{"@type":"WebPage","@id":"https:\/\/www.iskreni.net\/trgovina\/product\/podarjeni-cas\/","url":"https:\/\/www.iskreni.net\/trgovina\/product\/podarjeni-cas\/","name":"Podarjeni \u010das - trgovina Iskreni","isPartOf":{"@id":"https:\/\/www.iskreni.net\/trgovina\/#website"},"primaryImageOfPage":{"@id":"https:\/\/www.iskreni.net\/trgovina\/product\/podarjeni-cas\/#primaryimage"},"image":{"@id":"https:\/\/www.iskreni.net\/trgovina\/product\/podarjeni-cas\/#primaryimage"},"thumbnailUrl":"https:\/\/www.iskreni.net\/trgovina\/wp-content\/uploads\/2023\/05\/Slike-za-v-spletno-trgovino-77.jpg","datePublished":"2023-05-17T13:29:24+00:00","dateModified":"2023-07-24T12:20:14+00:00","description":"Podarjeni \u010das je knjiga zbranih razmi\u0161ljanj, \u010dustvovanj in duhovnih refleksij, ki jih je irski jezuit bele\u017eil po diagnozi raka v mesecih pred smrtjo.","breadcrumb":{"@id":"https:\/\/www.iskreni.net\/trgovina\/product\/podarjeni-cas\/#breadcrumb"},"inLanguage":"sl-SI","potentialAction":[{"@type":"ReadAction","target":["https:\/\/www.iskreni.net\/trgovina\/product\/podarjeni-cas\/"]}]},{"@type":"ImageObject","inLanguage":"sl-SI","@id":"https:\/\/www.iskreni.net\/trgovina\/product\/podarjeni-cas\/#primaryimage","url":"https:\/\/www.iskreni.net\/trgovina\/wp-content\/uploads\/2023\/05\/Slike-za-v-spletno-trgovino-77.jpg","contentUrl":"https:\/\/www.iskreni.net\/trgovina\/wp-content\/uploads\/2023\/05\/Slike-za-v-spletno-trgovino-77.jpg","width":600,"height":600},{"@type":"BreadcrumbList","@id":"https:\/\/www.iskreni.net\/trgovina\/product\/podarjeni-cas\/#breadcrumb","itemListElement":[{"@type":"ListItem","position":1,"name":"Home","item":"https:\/\/www.iskreni.net\/trgovina\/"},{"@type":"ListItem","position":2,"name":"Trgovina","item":"https:\/\/www.iskreni.net\/trgovina\/trgovina\/"},{"@type":"ListItem","position":3,"name":"Podarjeni \u010das"}]},{"@type":"WebSite","@id":"https:\/\/www.iskreni.net\/trgovina\/#website","url":"https:\/\/www.iskreni.net\/trgovina\/","name":"Zavod Iskreni","description":"trgovina","potentialAction":[{"@type":"SearchAction","target":{"@type":"EntryPoint","urlTemplate":"https:\/\/www.iskreni.net\/trgovina\/?s={search_term_string}"},"query-input":{"@type":"PropertyValueSpecification","valueRequired":true,"valueName":"search_term_string"}}],"inLanguage":"sl-SI"}]}},"_links":{"self":[{"href":"https:\/\/www.iskreni.net\/trgovina\/wp-json\/wp\/v2\/product\/66564","targetHints":{"allow":["GET"]}}],"collection":[{"href":"https:\/\/www.iskreni.net\/trgovina\/wp-json\/wp\/v2\/product"}],"about":[{"href":"https:\/\/www.iskreni.net\/trgovina\/wp-json\/wp\/v2\/types\/product"}],"replies":[{"embeddable":true,"href":"https:\/\/www.iskreni.net\/trgovina\/wp-json\/wp\/v2\/comments?post=66564"}],"version-history":[{"count":2,"href":"https:\/\/www.iskreni.net\/trgovina\/wp-json\/wp\/v2\/product\/66564\/revisions"}],"predecessor-version":[{"id":66566,"href":"https:\/\/www.iskreni.net\/trgovina\/wp-json\/wp\/v2\/product\/66564\/revisions\/66566"}],"wp:featuredmedia":[{"embeddable":true,"href":"https:\/\/www.iskreni.net\/trgovina\/wp-json\/wp\/v2\/media\/66561"}],"wp:attachment":[{"href":"https:\/\/www.iskreni.net\/trgovina\/wp-json\/wp\/v2\/media?parent=66564"}],"wp:term":[{"taxonomy":"product_brand","embeddable":true,"href":"https:\/\/www.iskreni.net\/trgovina\/wp-json\/wp\/v2\/product_brand?post=66564"},{"taxonomy":"product_cat","embeddable":true,"href":"https:\/\/www.iskreni.net\/trgovina\/wp-json\/wp\/v2\/product_cat?post=66564"},{"taxonomy":"product_tag","embeddable":true,"href":"https:\/\/www.iskreni.net\/trgovina\/wp-json\/wp\/v2\/product_tag?post=66564"},{"taxonomy":"avtor","embeddable":true,"href":"https:\/\/www.iskreni.net\/trgovina\/wp-json\/wp\/v2\/avtor?post=66564"},{"taxonomy":"zalozba","embeddable":true,"href":"https:\/\/www.iskreni.net\/trgovina\/wp-json\/wp\/v2\/zalozba?post=66564"},{"taxonomy":"vezava","embeddable":true,"href":"https:\/\/www.iskreni.net\/trgovina\/wp-json\/wp\/v2\/vezava?post=66564"}],"curies":[{"name":"wp","href":"https:\/\/api.w.org\/{rel}","templated":true}]}}

Podarjeni čas

<h4>O knjigi Podarjeni čas:</h4>
<p>V knjigi so zbrani poslednji zapisi irskega jezuitskega duhovnika Michaela Paula Gallagherja, razmišljanja, čustvovanja in duhovne refleksije, ki jih je beležil po diagnozi raka v zadnjih mesecih pred smrtjo. Kljub psihičnemu in fizičnemu trpljenju zaradi težke bolezni so njegove besede vseskozi prežete z globoko vero, upanjem in hvaležnostjo ter tkejo iskreno in tolažilno pričevanje o soočanju z lastno minljivostjo.</p>
<p>»Knjiga je lahko zelo dobrodošla vsem, ki se znajdejo v podobni situaciji. Globoko sem namreč prepričana, da je človeku veliko laže, če spregovori o svoji bolečini in jo podeli z drugimi. Bolnik sam pripoveduje o sebi, svojih razmišljanjih, občutjih, strahovih. Izredno dragoceno pa se mi zdi, da govori o svoji veri, o svojem odnosu do Boga. Ne tako, kot bi kot katoliški duhovnik moral, ker naj bi se tako od njega pričakovalo, ampak tako, kot se v njem odvija ta odnos ob vsem, kar doživlja.«</p>
<p>(iz spremne besede Metke Klevišar)</p>
<p>&nbsp;</p>

<p><strong>Življenje v zadnjih stopnjah raka in beležke na tej poti</p>
<p>Avtor: </strong>Michael Paul Gallagher<br />
<strong>Avtor prevoda:</strong> Klementina Logar<strong><br />
Založba: </strong>Družina<br />
<strong>Leto izdaje:</strong> 2023<br />
<strong>Število strani:</strong> 176<br />
<strong>Vezava:</strong> mehka<br />
<strong>Mere: </strong>120 x 190 mm</p>
<p>V knjigi so zbrani poslednji zapisi irskega jezuitskega duhovnika Michaela Paula Gallagherja, razmišljanja, čustvovanja in duhovne refleksije, ki jih je beležil po diagnozi raka v zadnjih mesecih pred smrtjo.</p>

<!-- This site is optimized with the Yoast SEO plugin v26.3 - https://yoast.com/wordpress/plugins/seo/ -->
<title>Podarjeni čas - trgovina Iskreni</title>
<meta name="description" content="Podarjeni čas je knjiga zbranih razmišljanj, čustvovanj in duhovnih refleksij, ki jih je irski jezuit beležil po diagnozi raka v mesecih pred smrtjo." />
<meta name="robots" content="index, follow, max-snippet:-1, max-image-preview:large, max-video-preview:-1" />
<link rel="canonical" href="https://www.iskreni.net/trgovina/product/podarjeni-cas/" />
<meta property="og:locale" content="sl_SI" />
<meta property="og:type" content="article" />
<meta property="og:title" content="Podarjeni čas" />
<meta property="og:description" content="Podarjeni čas je knjiga zbranih razmišljanj, čustvovanj in duhovnih refleksij, ki jih je irski jezuit beležil po diagnozi raka v mesecih pred smrtjo." />
<meta property="og:url" content="https://www.iskreni.net/trgovina/product/podarjeni-cas/" />
<meta property="og:site_name" content="Zavod Iskreni" />
<meta property="article:modified_time" content="2023-07-24T12:20:14+00:00" />
<meta property="og:image" content="https://www.iskreni.net/trgovina/wp-content/uploads/2023/05/Slike-za-v-spletno-trgovino-77.jpg" />
	<meta property="og:image:width" content="600" />
	<meta property="og:image:height" content="600" />
	<meta property="og:image:type" content="image/jpeg" />
<meta name="twitter:card" content="summary_large_image" />
<meta name="twitter:label1" content="Est. reading time" />
	<meta name="twitter:data1" content="1 minuta" />
<script type="application/ld+json" class="yoast-schema-graph">{"@context":"https://schema.org","@graph":[{"@type":"WebPage","@id":"https://www.iskreni.net/trgovina/product/podarjeni-cas/","url":"https://www.iskreni.net/trgovina/product/podarjeni-cas/","name":"Podarjeni čas - trgovina Iskreni","isPartOf":{"@id":"https://www.iskreni.net/trgovina/#website"},"primaryImageOfPage":{"@id":"https://www.iskreni.net/trgovina/product/podarjeni-cas/#primaryimage"},"image":{"@id":"https://www.iskreni.net/trgovina/product/podarjeni-cas/#primaryimage"},"thumbnailUrl":"https://www.iskreni.net/trgovina/wp-content/uploads/2023/05/Slike-za-v-spletno-trgovino-77.jpg","datePublished":"2023-05-17T13:29:24+00:00","dateModified":"2023-07-24T12:20:14+00:00","description":"Podarjeni čas je knjiga zbranih razmišljanj, čustvovanj in duhovnih refleksij, ki jih je irski jezuit beležil po diagnozi raka v mesecih pred smrtjo.","breadcrumb":{"@id":"https://www.iskreni.net/trgovina/product/podarjeni-cas/#breadcrumb"},"inLanguage":"sl-SI","potentialAction":[{"@type":"ReadAction","target":["https://www.iskreni.net/trgovina/product/podarjeni-cas/"]}]},{"@type":"ImageObject","inLanguage":"sl-SI","@id":"https://www.iskreni.net/trgovina/product/podarjeni-cas/#primaryimage","url":"https://www.iskreni.net/trgovina/wp-content/uploads/2023/05/Slike-za-v-spletno-trgovino-77.jpg","contentUrl":"https://www.iskreni.net/trgovina/wp-content/uploads/2023/05/Slike-za-v-spletno-trgovino-77.jpg","width":600,"height":600},{"@type":"BreadcrumbList","@id":"https://www.iskreni.net/trgovina/product/podarjeni-cas/#breadcrumb","itemListElement":[{"@type":"ListItem","position":1,"name":"Home","item":"https://www.iskreni.net/trgovina/"},{"@type":"ListItem","position":2,"name":"Trgovina","item":"https://www.iskreni.net/trgovina/trgovina/"},{"@type":"ListItem","position":3,"name":"Podarjeni čas"}]},{"@type":"WebSite","@id":"https://www.iskreni.net/trgovina/#website","url":"https://www.iskreni.net/trgovina/","name":"Zavod Iskreni","description":"trgovina","potentialAction":[{"@type":"SearchAction","target":{"@type":"EntryPoint","urlTemplate":"https://www.iskreni.net/trgovina/?s={search_term_string}"},"query-input":{"@type":"PropertyValueSpecification","valueRequired":true,"valueName":"search_term_string"}}],"inLanguage":"sl-SI"}]}</script>
<!-- / Yoast SEO plugin. -->

Podarjeni čas - trgovina Iskreni

Podarjeni čas je knjiga zbranih razmišljanj, čustvovanj in duhovnih refleksij, ki jih je irski jezuit beležil po diagnozi raka v mesecih pred smrtjo.
