{"id":65748,"date":"2023-04-17T15:35:20","date_gmt":"2023-04-17T13:35:20","guid":{"rendered":"https:\/\/www.iskreni.net\/trgovina\/?post_type=product&#038;p=65748"},"modified":"2023-12-15T10:58:45","modified_gmt":"2023-12-15T09:58:45","slug":"barvita-zapestnica-z-ribo","status":"publish","type":"product","link":"https:\/\/www.iskreni.net\/trgovina\/product\/barvita-zapestnica-z-ribo\/","title":{"rendered":"Zapestnica z ribo &#8211; pisana"},"content":{"rendered":"<h4>O izdelku:<\/h4>\n<ul>\n<li>Primerna za darilo ob birmi, prvem obhajilu, rojstnem dnevu, drugih prilo\u017enostih<\/li>\n<li>V ceno vklju\u010dena li\u010dna darilna embala\u017ea<\/li>\n<li>Narejeno iz bomba\u017ea, zaklju\u010dek je iz elastike in umetnega usnja<\/li>\n<li>Poseben patent z elastiko, ki je primeren za skoraj vsako zapestje<\/li>\n<li>Pisane barve<\/li>\n<li>Ro\u010dno delo, izdelano v Sloveniji<\/li>\n<\/ul>\n","protected":false},"excerpt":{"rendered":"<p>Barvita zapestnica z ribo, ki je lahko li\u010den izraz pripadnosti kr\u0161\u010danski veroizpovedi ali v okras ljubiteljem rib. Na voljo so pisane barve razli\u010dnih velikosti z lastnim patentom. Ve\u010dina zapestnic je unikatnih. Pakirano v prosojni darilni vre\u010dki.<\/p>\n<p>&nbsp;<\/p>\n<p>Material: bomba\u017e, elastika, umetno usnje<br \/>\nIzdeluje: H\u010di groma<br \/>\nRo\u010dno delo, narejeno v Sloveniji<\/p>\n<p>&nbsp;<\/p>\n","protected":false},"featured_media":65770,"comment_status":"open","ping_status":"closed","template":"","meta":[],"product_brand":[],"product_cat":[2420,668,421],"product_tag":[1318,2303],"avtor":[],"zalozba":[],"vezava":[],"class_list":{"0":"post-65748","1":"product","2":"type-product","3":"status-publish","4":"has-post-thumbnail","6":"product_cat-posebne-priloznosti","7":"product_cat-darilni-program","8":"product_cat-spominki-in-drobni-predmeti","9":"product_tag-birma","10":"product_tag-obhajilo","11":"pa_velikost-m-l-obseg-17-18cm","12":"pa_velikost-s-obseg-16cm","13":"pa_velikost-xl-obseg-20cm","15":"first","16":"instock","17":"taxable","18":"shipping-taxable","19":"purchasable","20":"product-type-variable"},"yoast_head":"<!-- This site is optimized with the Yoast SEO plugin v26.3 - https:\/\/yoast.com\/wordpress\/plugins\/seo\/ -->\n<title>Zapestnica z ribo - pisana - trgovina Iskreni<\/title>\n<meta name=\"description\" content=\"Pisana zapestnica z ribo, ki je li\u010den izraz pripadnosti kr\u0161\u010danstvu ali okras za ljubitelje rib. Pisane, razli\u010dnih velikosti,s posebnim patentom.\" \/>\n<meta name=\"robots\" content=\"index, follow, max-snippet:-1, max-image-preview:large, max-video-preview:-1\" \/>\n<link rel=\"canonical\" href=\"https:\/\/www.iskreni.net\/trgovina\/product\/barvita-zapestnica-z-ribo\/\" \/>\n<meta property=\"og:locale\" content=\"sl_SI\" \/>\n<meta property=\"og:type\" content=\"article\" \/>\n<meta property=\"og:title\" content=\"Barvita zapestnica z ribo\" \/>\n<meta property=\"og:description\" content=\"Li\u010den izraz pripadnosti kr\u0161\u010danski veroizpovedi ali okras tistemu, ki mu je v\u0161e\u010d vzorec ribe. Na voljo so pisane barve razli\u010dnih velikosti z lastnim patentom.\" \/>\n<meta property=\"og:url\" content=\"https:\/\/www.iskreni.net\/trgovina\/product\/barvita-zapestnica-z-ribo\/\" \/>\n<meta property=\"og:site_name\" content=\"Zavod Iskreni\" \/>\n<meta property=\"article:modified_time\" content=\"2023-12-15T09:58:45+00:00\" \/>\n<meta property=\"og:image\" content=\"https:\/\/www.iskreni.net\/trgovina\/wp-content\/uploads\/2023\/04\/zapestnice-spletna-trgovina1.jpg\" \/>\n\t<meta property=\"og:image:width\" content=\"600\" \/>\n\t<meta property=\"og:image:height\" content=\"600\" \/>\n\t<meta property=\"og:image:type\" content=\"image\/jpeg\" \/>\n<meta name=\"twitter:card\" content=\"summary_large_image\" \/>\n<meta name=\"twitter:label1\" content=\"Est. reading time\" \/>\n\t<meta name=\"twitter:data1\" content=\"1 minuta\" \/>\n<script type=\"application\/ld+json\" class=\"yoast-schema-graph\">{\"@context\":\"https:\/\/schema.org\",\"@graph\":[{\"@type\":\"WebPage\",\"@id\":\"https:\/\/www.iskreni.net\/trgovina\/product\/barvita-zapestnica-z-ribo\/\",\"url\":\"https:\/\/www.iskreni.net\/trgovina\/product\/barvita-zapestnica-z-ribo\/\",\"name\":\"Zapestnica z ribo - pisana - trgovina Iskreni\",\"isPartOf\":{\"@id\":\"https:\/\/www.iskreni.net\/trgovina\/#website\"},\"primaryImageOfPage\":{\"@id\":\"https:\/\/www.iskreni.net\/trgovina\/product\/barvita-zapestnica-z-ribo\/#primaryimage\"},\"image\":{\"@id\":\"https:\/\/www.iskreni.net\/trgovina\/product\/barvita-zapestnica-z-ribo\/#primaryimage\"},\"thumbnailUrl\":\"https:\/\/www.iskreni.net\/trgovina\/wp-content\/uploads\/2023\/04\/zapestnice-spletna-trgovina1.jpg\",\"datePublished\":\"2023-04-17T13:35:20+00:00\",\"dateModified\":\"2023-12-15T09:58:45+00:00\",\"description\":\"Pisana zapestnica z ribo, ki je li\u010den izraz pripadnosti kr\u0161\u010danstvu ali okras za ljubitelje rib. Pisane, razli\u010dnih velikosti,s posebnim patentom.\",\"breadcrumb\":{\"@id\":\"https:\/\/www.iskreni.net\/trgovina\/product\/barvita-zapestnica-z-ribo\/#breadcrumb\"},\"inLanguage\":\"sl-SI\",\"potentialAction\":[{\"@type\":\"ReadAction\",\"target\":[\"https:\/\/www.iskreni.net\/trgovina\/product\/barvita-zapestnica-z-ribo\/\"]}]},{\"@type\":\"ImageObject\",\"inLanguage\":\"sl-SI\",\"@id\":\"https:\/\/www.iskreni.net\/trgovina\/product\/barvita-zapestnica-z-ribo\/#primaryimage\",\"url\":\"https:\/\/www.iskreni.net\/trgovina\/wp-content\/uploads\/2023\/04\/zapestnice-spletna-trgovina1.jpg\",\"contentUrl\":\"https:\/\/www.iskreni.net\/trgovina\/wp-content\/uploads\/2023\/04\/zapestnice-spletna-trgovina1.jpg\",\"width\":600,\"height\":600},{\"@type\":\"BreadcrumbList\",\"@id\":\"https:\/\/www.iskreni.net\/trgovina\/product\/barvita-zapestnica-z-ribo\/#breadcrumb\",\"itemListElement\":[{\"@type\":\"ListItem\",\"position\":1,\"name\":\"Home\",\"item\":\"https:\/\/www.iskreni.net\/trgovina\/\"},{\"@type\":\"ListItem\",\"position\":2,\"name\":\"Trgovina\",\"item\":\"https:\/\/www.iskreni.net\/trgovina\/trgovina\/\"},{\"@type\":\"ListItem\",\"position\":3,\"name\":\"Zapestnica z ribo &#8211; pisana\"}]},{\"@type\":\"WebSite\",\"@id\":\"https:\/\/www.iskreni.net\/trgovina\/#website\",\"url\":\"https:\/\/www.iskreni.net\/trgovina\/\",\"name\":\"Zavod Iskreni\",\"description\":\"trgovina\",\"potentialAction\":[{\"@type\":\"SearchAction\",\"target\":{\"@type\":\"EntryPoint\",\"urlTemplate\":\"https:\/\/www.iskreni.net\/trgovina\/?s={search_term_string}\"},\"query-input\":{\"@type\":\"PropertyValueSpecification\",\"valueRequired\":true,\"valueName\":\"search_term_string\"}}],\"inLanguage\":\"sl-SI\"}]}<\/script>\n<!-- \/ Yoast SEO plugin. -->","yoast_head_json":{"title":"Zapestnica z ribo - pisana - trgovina Iskreni","description":"Pisana zapestnica z ribo, ki je li\u010den izraz pripadnosti kr\u0161\u010danstvu ali okras za ljubitelje rib. Pisane, razli\u010dnih velikosti,s posebnim patentom.","robots":{"index":"index","follow":"follow","max-snippet":"max-snippet:-1","max-image-preview":"max-image-preview:large","max-video-preview":"max-video-preview:-1"},"canonical":"https:\/\/www.iskreni.net\/trgovina\/product\/barvita-zapestnica-z-ribo\/","og_locale":"sl_SI","og_type":"article","og_title":"Barvita zapestnica z ribo","og_description":"Li\u010den izraz pripadnosti kr\u0161\u010danski veroizpovedi ali okras tistemu, ki mu je v\u0161e\u010d vzorec ribe. Na voljo so pisane barve razli\u010dnih velikosti z lastnim patentom.","og_url":"https:\/\/www.iskreni.net\/trgovina\/product\/barvita-zapestnica-z-ribo\/","og_site_name":"Zavod Iskreni","article_modified_time":"2023-12-15T09:58:45+00:00","og_image":[{"width":600,"height":600,"url":"https:\/\/www.iskreni.net\/trgovina\/wp-content\/uploads\/2023\/04\/zapestnice-spletna-trgovina1.jpg","type":"image\/jpeg"}],"twitter_card":"summary_large_image","twitter_misc":{"Est. reading time":"1 minuta"},"schema":{"@context":"https:\/\/schema.org","@graph":[{"@type":"WebPage","@id":"https:\/\/www.iskreni.net\/trgovina\/product\/barvita-zapestnica-z-ribo\/","url":"https:\/\/www.iskreni.net\/trgovina\/product\/barvita-zapestnica-z-ribo\/","name":"Zapestnica z ribo - pisana - trgovina Iskreni","isPartOf":{"@id":"https:\/\/www.iskreni.net\/trgovina\/#website"},"primaryImageOfPage":{"@id":"https:\/\/www.iskreni.net\/trgovina\/product\/barvita-zapestnica-z-ribo\/#primaryimage"},"image":{"@id":"https:\/\/www.iskreni.net\/trgovina\/product\/barvita-zapestnica-z-ribo\/#primaryimage"},"thumbnailUrl":"https:\/\/www.iskreni.net\/trgovina\/wp-content\/uploads\/2023\/04\/zapestnice-spletna-trgovina1.jpg","datePublished":"2023-04-17T13:35:20+00:00","dateModified":"2023-12-15T09:58:45+00:00","description":"Pisana zapestnica z ribo, ki je li\u010den izraz pripadnosti kr\u0161\u010danstvu ali okras za ljubitelje rib. Pisane, razli\u010dnih velikosti,s posebnim patentom.","breadcrumb":{"@id":"https:\/\/www.iskreni.net\/trgovina\/product\/barvita-zapestnica-z-ribo\/#breadcrumb"},"inLanguage":"sl-SI","potentialAction":[{"@type":"ReadAction","target":["https:\/\/www.iskreni.net\/trgovina\/product\/barvita-zapestnica-z-ribo\/"]}]},{"@type":"ImageObject","inLanguage":"sl-SI","@id":"https:\/\/www.iskreni.net\/trgovina\/product\/barvita-zapestnica-z-ribo\/#primaryimage","url":"https:\/\/www.iskreni.net\/trgovina\/wp-content\/uploads\/2023\/04\/zapestnice-spletna-trgovina1.jpg","contentUrl":"https:\/\/www.iskreni.net\/trgovina\/wp-content\/uploads\/2023\/04\/zapestnice-spletna-trgovina1.jpg","width":600,"height":600},{"@type":"BreadcrumbList","@id":"https:\/\/www.iskreni.net\/trgovina\/product\/barvita-zapestnica-z-ribo\/#breadcrumb","itemListElement":[{"@type":"ListItem","position":1,"name":"Home","item":"https:\/\/www.iskreni.net\/trgovina\/"},{"@type":"ListItem","position":2,"name":"Trgovina","item":"https:\/\/www.iskreni.net\/trgovina\/trgovina\/"},{"@type":"ListItem","position":3,"name":"Zapestnica z ribo &#8211; pisana"}]},{"@type":"WebSite","@id":"https:\/\/www.iskreni.net\/trgovina\/#website","url":"https:\/\/www.iskreni.net\/trgovina\/","name":"Zavod Iskreni","description":"trgovina","potentialAction":[{"@type":"SearchAction","target":{"@type":"EntryPoint","urlTemplate":"https:\/\/www.iskreni.net\/trgovina\/?s={search_term_string}"},"query-input":{"@type":"PropertyValueSpecification","valueRequired":true,"valueName":"search_term_string"}}],"inLanguage":"sl-SI"}]}},"_links":{"self":[{"href":"https:\/\/www.iskreni.net\/trgovina\/wp-json\/wp\/v2\/product\/65748","targetHints":{"allow":["GET"]}}],"collection":[{"href":"https:\/\/www.iskreni.net\/trgovina\/wp-json\/wp\/v2\/product"}],"about":[{"href":"https:\/\/www.iskreni.net\/trgovina\/wp-json\/wp\/v2\/types\/product"}],"replies":[{"embeddable":true,"href":"https:\/\/www.iskreni.net\/trgovina\/wp-json\/wp\/v2\/comments?post=65748"}],"version-history":[{"count":13,"href":"https:\/\/www.iskreni.net\/trgovina\/wp-json\/wp\/v2\/product\/65748\/revisions"}],"predecessor-version":[{"id":71563,"href":"https:\/\/www.iskreni.net\/trgovina\/wp-json\/wp\/v2\/product\/65748\/revisions\/71563"}],"wp:featuredmedia":[{"embeddable":true,"href":"https:\/\/www.iskreni.net\/trgovina\/wp-json\/wp\/v2\/media\/65770"}],"wp:attachment":[{"href":"https:\/\/www.iskreni.net\/trgovina\/wp-json\/wp\/v2\/media?parent=65748"}],"wp:term":[{"taxonomy":"product_brand","embeddable":true,"href":"https:\/\/www.iskreni.net\/trgovina\/wp-json\/wp\/v2\/product_brand?post=65748"},{"taxonomy":"product_cat","embeddable":true,"href":"https:\/\/www.iskreni.net\/trgovina\/wp-json\/wp\/v2\/product_cat?post=65748"},{"taxonomy":"product_tag","embeddable":true,"href":"https:\/\/www.iskreni.net\/trgovina\/wp-json\/wp\/v2\/product_tag?post=65748"},{"taxonomy":"avtor","embeddable":true,"href":"https:\/\/www.iskreni.net\/trgovina\/wp-json\/wp\/v2\/avtor?post=65748"},{"taxonomy":"zalozba","embeddable":true,"href":"https:\/\/www.iskreni.net\/trgovina\/wp-json\/wp\/v2\/zalozba?post=65748"},{"taxonomy":"vezava","embeddable":true,"href":"https:\/\/www.iskreni.net\/trgovina\/wp-json\/wp\/v2\/vezava?post=65748"}],"curies":[{"name":"wp","href":"https:\/\/api.w.org\/{rel}","templated":true}]}}