{"id":65727,"date":"2023-04-14T15:08:16","date_gmt":"2023-04-14T13:08:16","guid":{"rendered":"https:\/\/www.iskreni.net\/trgovina\/?post_type=product&#038;p=65727"},"modified":"2023-10-23T14:56:34","modified_gmt":"2023-10-23T12:56:34","slug":"demon-v-demokraciji","status":"publish","type":"product","link":"https:\/\/www.iskreni.net\/trgovina\/product\/demon-v-demokraciji\/","title":{"rendered":"Demon v demokraciji"},"content":{"rendered":"<h4 id=\"anchor-o-izdelku\" class=\"title\">O knjigi <em>Demon v demokraciji:<\/em><\/h4>\n<p>Ryszard Legutko je desetletja \u017eivel in trpel pod komunisti\u010dno oblastjo ter se proti njej boril skupaj s poljskim protikomunisti\u010dnim gibanjem. Potem ko je dve desetletji \u017eivel v liberalni demokraciji, pa je ugotovil, da imata ta dva politi\u010dna sistema veliko ve\u010d skupnega, kot bi si mislili. Oba izhajata iz istih zgodovinskih korenin zgodnje moderne dobe in sprejemata podobne predpostavke o zgodovini, dru\u017ebi, veri, politiki, kulturi in \u010dlove\u0161ki naravi. V pri\u010dujo\u010di knjigi Legutko raziskuje njune skupne poteze in pojasnjuje, kako se je liberalna demokracija s\u010dasoma uklonila istim ciljem kot komunizem, \u010deprav brez brutalnosti v sovjetskem slogu. Oba sistema omejujeta \u010dlove\u0161ko naravo na navadnega \u010dloveka, ki je prepri\u010dan, da je osvobojen vseh spon preteklosti. Tako komunist kot liberalni demokrat no\u010deta priznati, da obstaja karkoli vrednega zunaj politi\u010dnih sistemov, katerim sta obljubila svojo zvestobo. Prav tako pa oba sistema zavra\u010data vsakr\u0161no kriti\u010dno preu\u010ditev svojih ideolo\u0161kih predsodkov.<\/p>\n<h4>O avtorju:<\/h4>\n<p>Ryszard Legutko (1949) je poljski filozof in politik ter profesor filozofije na Jagielonski univerzi v Krakovu, specializiran za anti\u010dno filozofijo in politi\u010dno teorijo. V \u010dasu komunisti\u010dnega re\u017eima je bil eden od urednikov samizdatskega \u010detrtletnika \u00bbArka\u00ab. Po padcu komunisti\u010dnega re\u017eima je soustanovil Center za politi\u010dno misel, ki zdru\u017euje raziskovalno dejavnost, pou\u010devanje, seminarje in konference ter obenem deluje tudi kot zalo\u017eba. Prevedel in napisal je komentarje Platonovega Fajdona (1995) in druge. Je tudi avtor ve\u010d knjig: Platonova kritika demokracije (1990), Traktat o svobodi (2007), Esej o poljski du\u0161i (2008) in Sokrat (2013).<\/p>\n<h4><strong>Odlomek iz knjige:<\/strong><\/h4>\n<p>\u00bbNekaj \u010dasa sem mislil, da ta proti protikomunizem, za katerega je bila zna\u010dilna prizanesljiva dr\u017ea do komunistov in ostra do protikomunistov, izhaja iz strahu pred sovjetsko mo\u010djo oziroma, \u010de se izrazim bolj prijazno, iz spoznanja, da bi bilo moralno nepredstavljivo sprejeti mo\u017enost globalnega voja\u0161kega spopada kot neizogibno posledico spopada s komunizmom. Vendar sem spoznal, da tak\u0161ni premisleki ne morejo v celoti pojasniti surovega protikomunisti\u010dnega besa, ki sem ga zaznal in je presegal ve\u010dino meni znanih negativnih politi\u010dnih \u010dustev. Porodila se mi je hipoteza, da obe stali\u0161\u010di \u2013 komunisti\u010dno in liberalno-demokrati\u010dno \u2013 povezuje nekaj globljega, neka skupna na\u010dela in ideali.\u00ab<\/p>\n<h4><a href=\"https:\/\/www.iskreni.net\/trgovina\/wp-content\/uploads\/2023\/04\/Demon-v-demokraciji_internet_opt.pdf\" target=\"_blank\" rel=\"noopener\">Prelistajte knjigo &gt;&gt;<\/a><\/h4>\n","protected":false},"excerpt":{"rendered":"<p><strong>Avtor prevoda:<\/strong> Niki Neubauer<br \/>\n<strong>Leto izdaje:<\/strong> 2023<br \/>\n<strong>\u0160tevilo strani:<\/strong> 184<br \/>\n<strong>Mere:<\/strong> 153 x 230 mm<\/p>\n<h4><a href=\"https:\/\/www.iskreni.net\/trgovina\/wp-content\/uploads\/2023\/04\/Demon-v-demokraciji_internet_opt.pdf\" target=\"_blank\" rel=\"noopener\">Prelistajte knjigo &gt;&gt;<\/a><\/h4>\n<p>&nbsp;<\/p>\n","protected":false},"featured_media":65725,"comment_status":"open","ping_status":"closed","template":"","meta":[],"product_brand":[],"product_cat":[2326,63],"product_tag":[1501],"avtor":[2584],"zalozba":[2311],"vezava":[2306],"class_list":{"0":"post-65727","1":"product","2":"type-product","3":"status-publish","4":"has-post-thumbnail","6":"product_cat-druzbena-vprasanja-in-humanistika","7":"product_cat-knjige","8":"product_tag-komunizem","9":"avtor-ryszard-legutko","10":"zalozba-druzina","11":"vezava-trda","13":"first","14":"instock","15":"taxable","16":"shipping-taxable","17":"purchasable","18":"product-type-simple"},"yoast_head":"<!-- This site is optimized with the Yoast SEO plugin v26.3 - https:\/\/yoast.com\/wordpress\/plugins\/seo\/ -->\n<title>Ryszard Legutko: Demon v demokraciji - trgovina Iskreni<\/title>\n<meta name=\"description\" content=\"Demon v demokraciji skozi avtorjeve o\u010di raziskuje skupne poteze komunisti\u010dne oblasti in liberalne demokracije, med drugim nekriti\u010dnost do lastnih ideologij.\" \/>\n<meta name=\"robots\" content=\"index, follow, max-snippet:-1, max-image-preview:large, max-video-preview:-1\" \/>\n<link rel=\"canonical\" href=\"https:\/\/www.iskreni.net\/trgovina\/product\/demon-v-demokraciji\/\" \/>\n<meta property=\"og:locale\" content=\"sl_SI\" \/>\n<meta property=\"og:type\" content=\"article\" \/>\n<meta property=\"og:title\" content=\"Ryszard Legutko: Demon v demokraciji\" \/>\n<meta property=\"og:description\" content=\"Demon v demokraciji skozi avtorjeve o\u010di raziskuje skupne poteze komunisti\u010dne oblasti in liberalne demokracije.\" \/>\n<meta property=\"og:url\" content=\"https:\/\/www.iskreni.net\/trgovina\/product\/demon-v-demokraciji\/\" \/>\n<meta property=\"og:site_name\" content=\"Zavod Iskreni\" \/>\n<meta property=\"article:modified_time\" content=\"2023-10-23T12:56:34+00:00\" \/>\n<meta property=\"og:image\" content=\"https:\/\/www.iskreni.net\/trgovina\/wp-content\/uploads\/2023\/04\/FB-Demon-v-demokraciji.jpg\" \/>\n\t<meta property=\"og:image:width\" content=\"1200\" \/>\n\t<meta property=\"og:image:height\" content=\"674\" \/>\n\t<meta property=\"og:image:type\" content=\"image\/jpeg\" \/>\n<meta name=\"twitter:card\" content=\"summary_large_image\" \/>\n<meta name=\"twitter:label1\" content=\"Est. reading time\" \/>\n\t<meta name=\"twitter:data1\" content=\"2 minuti\" \/>\n<script type=\"application\/ld+json\" class=\"yoast-schema-graph\">{\"@context\":\"https:\/\/schema.org\",\"@graph\":[{\"@type\":\"WebPage\",\"@id\":\"https:\/\/www.iskreni.net\/trgovina\/product\/demon-v-demokraciji\/\",\"url\":\"https:\/\/www.iskreni.net\/trgovina\/product\/demon-v-demokraciji\/\",\"name\":\"Ryszard Legutko: Demon v demokraciji - trgovina Iskreni\",\"isPartOf\":{\"@id\":\"https:\/\/www.iskreni.net\/trgovina\/#website\"},\"primaryImageOfPage\":{\"@id\":\"https:\/\/www.iskreni.net\/trgovina\/product\/demon-v-demokraciji\/#primaryimage\"},\"image\":{\"@id\":\"https:\/\/www.iskreni.net\/trgovina\/product\/demon-v-demokraciji\/#primaryimage\"},\"thumbnailUrl\":\"https:\/\/www.iskreni.net\/trgovina\/wp-content\/uploads\/2023\/04\/Demon-v-demokraciji.jpg\",\"datePublished\":\"2023-04-14T13:08:16+00:00\",\"dateModified\":\"2023-10-23T12:56:34+00:00\",\"description\":\"Demon v demokraciji skozi avtorjeve o\u010di raziskuje skupne poteze komunisti\u010dne oblasti in liberalne demokracije, med drugim nekriti\u010dnost do lastnih ideologij.\",\"breadcrumb\":{\"@id\":\"https:\/\/www.iskreni.net\/trgovina\/product\/demon-v-demokraciji\/#breadcrumb\"},\"inLanguage\":\"sl-SI\",\"potentialAction\":[{\"@type\":\"ReadAction\",\"target\":[\"https:\/\/www.iskreni.net\/trgovina\/product\/demon-v-demokraciji\/\"]}]},{\"@type\":\"ImageObject\",\"inLanguage\":\"sl-SI\",\"@id\":\"https:\/\/www.iskreni.net\/trgovina\/product\/demon-v-demokraciji\/#primaryimage\",\"url\":\"https:\/\/www.iskreni.net\/trgovina\/wp-content\/uploads\/2023\/04\/Demon-v-demokraciji.jpg\",\"contentUrl\":\"https:\/\/www.iskreni.net\/trgovina\/wp-content\/uploads\/2023\/04\/Demon-v-demokraciji.jpg\",\"width\":600,\"height\":600},{\"@type\":\"BreadcrumbList\",\"@id\":\"https:\/\/www.iskreni.net\/trgovina\/product\/demon-v-demokraciji\/#breadcrumb\",\"itemListElement\":[{\"@type\":\"ListItem\",\"position\":1,\"name\":\"Home\",\"item\":\"https:\/\/www.iskreni.net\/trgovina\/\"},{\"@type\":\"ListItem\",\"position\":2,\"name\":\"Trgovina\",\"item\":\"https:\/\/www.iskreni.net\/trgovina\/trgovina\/\"},{\"@type\":\"ListItem\",\"position\":3,\"name\":\"Demon v demokraciji\"}]},{\"@type\":\"WebSite\",\"@id\":\"https:\/\/www.iskreni.net\/trgovina\/#website\",\"url\":\"https:\/\/www.iskreni.net\/trgovina\/\",\"name\":\"Zavod Iskreni\",\"description\":\"trgovina\",\"potentialAction\":[{\"@type\":\"SearchAction\",\"target\":{\"@type\":\"EntryPoint\",\"urlTemplate\":\"https:\/\/www.iskreni.net\/trgovina\/?s={search_term_string}\"},\"query-input\":{\"@type\":\"PropertyValueSpecification\",\"valueRequired\":true,\"valueName\":\"search_term_string\"}}],\"inLanguage\":\"sl-SI\"}]}<\/script>\n<!-- \/ Yoast SEO plugin. -->","yoast_head_json":{"title":"Ryszard Legutko: Demon v demokraciji - trgovina Iskreni","description":"Demon v demokraciji skozi avtorjeve o\u010di raziskuje skupne poteze komunisti\u010dne oblasti in liberalne demokracije, med drugim nekriti\u010dnost do lastnih ideologij.","robots":{"index":"index","follow":"follow","max-snippet":"max-snippet:-1","max-image-preview":"max-image-preview:large","max-video-preview":"max-video-preview:-1"},"canonical":"https:\/\/www.iskreni.net\/trgovina\/product\/demon-v-demokraciji\/","og_locale":"sl_SI","og_type":"article","og_title":"Ryszard Legutko: Demon v demokraciji","og_description":"Demon v demokraciji skozi avtorjeve o\u010di raziskuje skupne poteze komunisti\u010dne oblasti in liberalne demokracije.","og_url":"https:\/\/www.iskreni.net\/trgovina\/product\/demon-v-demokraciji\/","og_site_name":"Zavod Iskreni","article_modified_time":"2023-10-23T12:56:34+00:00","og_image":[{"width":1200,"height":674,"url":"https:\/\/www.iskreni.net\/trgovina\/wp-content\/uploads\/2023\/04\/FB-Demon-v-demokraciji.jpg","type":"image\/jpeg"}],"twitter_card":"summary_large_image","twitter_misc":{"Est. reading time":"2 minuti"},"schema":{"@context":"https:\/\/schema.org","@graph":[{"@type":"WebPage","@id":"https:\/\/www.iskreni.net\/trgovina\/product\/demon-v-demokraciji\/","url":"https:\/\/www.iskreni.net\/trgovina\/product\/demon-v-demokraciji\/","name":"Ryszard Legutko: Demon v demokraciji - trgovina Iskreni","isPartOf":{"@id":"https:\/\/www.iskreni.net\/trgovina\/#website"},"primaryImageOfPage":{"@id":"https:\/\/www.iskreni.net\/trgovina\/product\/demon-v-demokraciji\/#primaryimage"},"image":{"@id":"https:\/\/www.iskreni.net\/trgovina\/product\/demon-v-demokraciji\/#primaryimage"},"thumbnailUrl":"https:\/\/www.iskreni.net\/trgovina\/wp-content\/uploads\/2023\/04\/Demon-v-demokraciji.jpg","datePublished":"2023-04-14T13:08:16+00:00","dateModified":"2023-10-23T12:56:34+00:00","description":"Demon v demokraciji skozi avtorjeve o\u010di raziskuje skupne poteze komunisti\u010dne oblasti in liberalne demokracije, med drugim nekriti\u010dnost do lastnih ideologij.","breadcrumb":{"@id":"https:\/\/www.iskreni.net\/trgovina\/product\/demon-v-demokraciji\/#breadcrumb"},"inLanguage":"sl-SI","potentialAction":[{"@type":"ReadAction","target":["https:\/\/www.iskreni.net\/trgovina\/product\/demon-v-demokraciji\/"]}]},{"@type":"ImageObject","inLanguage":"sl-SI","@id":"https:\/\/www.iskreni.net\/trgovina\/product\/demon-v-demokraciji\/#primaryimage","url":"https:\/\/www.iskreni.net\/trgovina\/wp-content\/uploads\/2023\/04\/Demon-v-demokraciji.jpg","contentUrl":"https:\/\/www.iskreni.net\/trgovina\/wp-content\/uploads\/2023\/04\/Demon-v-demokraciji.jpg","width":600,"height":600},{"@type":"BreadcrumbList","@id":"https:\/\/www.iskreni.net\/trgovina\/product\/demon-v-demokraciji\/#breadcrumb","itemListElement":[{"@type":"ListItem","position":1,"name":"Home","item":"https:\/\/www.iskreni.net\/trgovina\/"},{"@type":"ListItem","position":2,"name":"Trgovina","item":"https:\/\/www.iskreni.net\/trgovina\/trgovina\/"},{"@type":"ListItem","position":3,"name":"Demon v demokraciji"}]},{"@type":"WebSite","@id":"https:\/\/www.iskreni.net\/trgovina\/#website","url":"https:\/\/www.iskreni.net\/trgovina\/","name":"Zavod Iskreni","description":"trgovina","potentialAction":[{"@type":"SearchAction","target":{"@type":"EntryPoint","urlTemplate":"https:\/\/www.iskreni.net\/trgovina\/?s={search_term_string}"},"query-input":{"@type":"PropertyValueSpecification","valueRequired":true,"valueName":"search_term_string"}}],"inLanguage":"sl-SI"}]}},"_links":{"self":[{"href":"https:\/\/www.iskreni.net\/trgovina\/wp-json\/wp\/v2\/product\/65727","targetHints":{"allow":["GET"]}}],"collection":[{"href":"https:\/\/www.iskreni.net\/trgovina\/wp-json\/wp\/v2\/product"}],"about":[{"href":"https:\/\/www.iskreni.net\/trgovina\/wp-json\/wp\/v2\/types\/product"}],"replies":[{"embeddable":true,"href":"https:\/\/www.iskreni.net\/trgovina\/wp-json\/wp\/v2\/comments?post=65727"}],"version-history":[{"count":4,"href":"https:\/\/www.iskreni.net\/trgovina\/wp-json\/wp\/v2\/product\/65727\/revisions"}],"predecessor-version":[{"id":70374,"href":"https:\/\/www.iskreni.net\/trgovina\/wp-json\/wp\/v2\/product\/65727\/revisions\/70374"}],"wp:featuredmedia":[{"embeddable":true,"href":"https:\/\/www.iskreni.net\/trgovina\/wp-json\/wp\/v2\/media\/65725"}],"wp:attachment":[{"href":"https:\/\/www.iskreni.net\/trgovina\/wp-json\/wp\/v2\/media?parent=65727"}],"wp:term":[{"taxonomy":"product_brand","embeddable":true,"href":"https:\/\/www.iskreni.net\/trgovina\/wp-json\/wp\/v2\/product_brand?post=65727"},{"taxonomy":"product_cat","embeddable":true,"href":"https:\/\/www.iskreni.net\/trgovina\/wp-json\/wp\/v2\/product_cat?post=65727"},{"taxonomy":"product_tag","embeddable":true,"href":"https:\/\/www.iskreni.net\/trgovina\/wp-json\/wp\/v2\/product_tag?post=65727"},{"taxonomy":"avtor","embeddable":true,"href":"https:\/\/www.iskreni.net\/trgovina\/wp-json\/wp\/v2\/avtor?post=65727"},{"taxonomy":"zalozba","embeddable":true,"href":"https:\/\/www.iskreni.net\/trgovina\/wp-json\/wp\/v2\/zalozba?post=65727"},{"taxonomy":"vezava","embeddable":true,"href":"https:\/\/www.iskreni.net\/trgovina\/wp-json\/wp\/v2\/vezava?post=65727"}],"curies":[{"name":"wp","href":"https:\/\/api.w.org\/{rel}","templated":true}]}}