{"id":64752,"date":"2023-03-09T15:00:50","date_gmt":"2023-03-09T14:00:50","guid":{"rendered":"https:\/\/www.iskreni.net\/trgovina\/?post_type=product&#038;p=64752"},"modified":"2025-07-09T13:47:07","modified_gmt":"2025-07-09T11:47:07","slug":"lahko-noc-oslicek","status":"publish","type":"product","link":"https:\/\/www.iskreni.net\/trgovina\/product\/lahko-noc-oslicek\/","title":{"rendered":"Lahko no\u010d, osli\u010dek"},"content":{"rendered":"<h4>O knjigi\u00a0<em>Lahko no\u010d, osli\u010dek<\/em><\/h4>\n<p>Osli\u010dek je na\u0161el re\u0161itev za soo\u010denje s svojimi no\u010dnimi strahovi &#8230; svojo pli\u0161asto igra\u010do mo\u010dno stisne k sebi in vse njegove skrbi izginejo.<\/p>\n<p>A njegov starej\u0161i brat se mu posmehuje: \u00bbSpi\u0161 z igra\u010dko za lahko no\u010d? Kak\u0161en otro\u010di\u010dek!\u00ab<\/p>\n<p>&nbsp;<\/p>\n<p>&nbsp;<\/p>\n","protected":false},"excerpt":{"rendered":"<p><strong>Avtor: <\/strong>V\u00e9ronique Cauchy<br \/>\n<strong>Ilustracije: <\/strong>Ginette Hoffmann<strong><br \/>\n<\/strong><strong>Zalo\u017eba: <\/strong>Hi\u0161a knjig<br \/>\n<strong>\u0160tevilo strani<\/strong>: 26<br \/>\n<strong>Leto izdaje:<\/strong> 2023<br \/>\n<strong>Vezava:<\/strong> trda<br \/>\n<strong>Mere:<\/strong> 27,5 x 22,5 cm<\/p>\n","protected":false},"featured_media":64566,"comment_status":"open","ping_status":"closed","template":"","meta":[],"product_brand":[],"product_cat":[63,135],"product_tag":[],"avtor":[],"zalozba":[],"vezava":[],"class_list":{"0":"post-64752","1":"product","2":"type-product","3":"status-publish","4":"has-post-thumbnail","6":"product_cat-knjige","7":"product_cat-za-otroke","9":"first","10":"onbackorder","11":"taxable","12":"shipping-taxable","13":"purchasable","14":"product-type-simple"},"yoast_head":"<!-- This site is optimized with the Yoast SEO plugin v26.3 - https:\/\/yoast.com\/wordpress\/plugins\/seo\/ -->\n<title>Lahko no\u010d, osli\u010dek - trgovina Iskreni<\/title>\n<meta name=\"description\" content=\"Lahko no\u010d, osli\u010dek je zgodba o osli\u010dku, ki je na\u0161el re\u0161itev za soo\u010denje s svojimi no\u010dnimi strahovi - svojo pli\u0161asto igra\u010do.\" \/>\n<meta name=\"robots\" content=\"index, follow, max-snippet:-1, max-image-preview:large, max-video-preview:-1\" \/>\n<link rel=\"canonical\" href=\"https:\/\/www.iskreni.net\/trgovina\/product\/lahko-noc-oslicek\/\" \/>\n<meta property=\"og:locale\" content=\"sl_SI\" \/>\n<meta property=\"og:type\" content=\"article\" \/>\n<meta property=\"og:title\" content=\"V\u00e9ronique Cauchy: Lahko no\u010d, osli\u010dek\" \/>\n<meta property=\"og:description\" content=\"Lahko no\u010d, osli\u010dek je zgodba o osli\u010dku, ki je na\u0161el re\u0161itev za soo\u010denje s svojimi no\u010dnimi strahovi - svojo pli\u0161asto igra\u010do.\" \/>\n<meta property=\"og:url\" content=\"https:\/\/www.iskreni.net\/trgovina\/product\/lahko-noc-oslicek\/\" \/>\n<meta property=\"og:site_name\" content=\"Zavod Iskreni\" \/>\n<meta property=\"article:modified_time\" content=\"2025-07-09T11:47:07+00:00\" \/>\n<meta property=\"og:image\" content=\"https:\/\/www.iskreni.net\/trgovina\/wp-content\/uploads\/2023\/03\/Slike-za-v-spletno-trgovino-48.jpg\" \/>\n\t<meta property=\"og:image:width\" content=\"600\" \/>\n\t<meta property=\"og:image:height\" content=\"600\" \/>\n\t<meta property=\"og:image:type\" content=\"image\/jpeg\" \/>\n<meta name=\"twitter:card\" content=\"summary_large_image\" \/>\n<meta name=\"twitter:label1\" content=\"Est. reading time\" \/>\n\t<meta name=\"twitter:data1\" content=\"1 minuta\" \/>\n<script type=\"application\/ld+json\" class=\"yoast-schema-graph\">{\"@context\":\"https:\/\/schema.org\",\"@graph\":[{\"@type\":\"WebPage\",\"@id\":\"https:\/\/www.iskreni.net\/trgovina\/product\/lahko-noc-oslicek\/\",\"url\":\"https:\/\/www.iskreni.net\/trgovina\/product\/lahko-noc-oslicek\/\",\"name\":\"Lahko no\u010d, osli\u010dek - trgovina Iskreni\",\"isPartOf\":{\"@id\":\"https:\/\/www.iskreni.net\/trgovina\/#website\"},\"primaryImageOfPage\":{\"@id\":\"https:\/\/www.iskreni.net\/trgovina\/product\/lahko-noc-oslicek\/#primaryimage\"},\"image\":{\"@id\":\"https:\/\/www.iskreni.net\/trgovina\/product\/lahko-noc-oslicek\/#primaryimage\"},\"thumbnailUrl\":\"https:\/\/www.iskreni.net\/trgovina\/wp-content\/uploads\/2023\/03\/Slike-za-v-spletno-trgovino-48.jpg\",\"datePublished\":\"2023-03-09T14:00:50+00:00\",\"dateModified\":\"2025-07-09T11:47:07+00:00\",\"description\":\"Lahko no\u010d, osli\u010dek je zgodba o osli\u010dku, ki je na\u0161el re\u0161itev za soo\u010denje s svojimi no\u010dnimi strahovi - svojo pli\u0161asto igra\u010do.\",\"breadcrumb\":{\"@id\":\"https:\/\/www.iskreni.net\/trgovina\/product\/lahko-noc-oslicek\/#breadcrumb\"},\"inLanguage\":\"sl-SI\",\"potentialAction\":[{\"@type\":\"ReadAction\",\"target\":[\"https:\/\/www.iskreni.net\/trgovina\/product\/lahko-noc-oslicek\/\"]}]},{\"@type\":\"ImageObject\",\"inLanguage\":\"sl-SI\",\"@id\":\"https:\/\/www.iskreni.net\/trgovina\/product\/lahko-noc-oslicek\/#primaryimage\",\"url\":\"https:\/\/www.iskreni.net\/trgovina\/wp-content\/uploads\/2023\/03\/Slike-za-v-spletno-trgovino-48.jpg\",\"contentUrl\":\"https:\/\/www.iskreni.net\/trgovina\/wp-content\/uploads\/2023\/03\/Slike-za-v-spletno-trgovino-48.jpg\",\"width\":600,\"height\":600},{\"@type\":\"BreadcrumbList\",\"@id\":\"https:\/\/www.iskreni.net\/trgovina\/product\/lahko-noc-oslicek\/#breadcrumb\",\"itemListElement\":[{\"@type\":\"ListItem\",\"position\":1,\"name\":\"Home\",\"item\":\"https:\/\/www.iskreni.net\/trgovina\/\"},{\"@type\":\"ListItem\",\"position\":2,\"name\":\"Trgovina\",\"item\":\"https:\/\/www.iskreni.net\/trgovina\/trgovina\/\"},{\"@type\":\"ListItem\",\"position\":3,\"name\":\"Lahko no\u010d, osli\u010dek\"}]},{\"@type\":\"WebSite\",\"@id\":\"https:\/\/www.iskreni.net\/trgovina\/#website\",\"url\":\"https:\/\/www.iskreni.net\/trgovina\/\",\"name\":\"Zavod Iskreni\",\"description\":\"trgovina\",\"potentialAction\":[{\"@type\":\"SearchAction\",\"target\":{\"@type\":\"EntryPoint\",\"urlTemplate\":\"https:\/\/www.iskreni.net\/trgovina\/?s={search_term_string}\"},\"query-input\":{\"@type\":\"PropertyValueSpecification\",\"valueRequired\":true,\"valueName\":\"search_term_string\"}}],\"inLanguage\":\"sl-SI\"}]}<\/script>\n<!-- \/ Yoast SEO plugin. -->","yoast_head_json":{"title":"Lahko no\u010d, osli\u010dek - trgovina Iskreni","description":"Lahko no\u010d, osli\u010dek je zgodba o osli\u010dku, ki je na\u0161el re\u0161itev za soo\u010denje s svojimi no\u010dnimi strahovi - svojo pli\u0161asto igra\u010do.","robots":{"index":"index","follow":"follow","max-snippet":"max-snippet:-1","max-image-preview":"max-image-preview:large","max-video-preview":"max-video-preview:-1"},"canonical":"https:\/\/www.iskreni.net\/trgovina\/product\/lahko-noc-oslicek\/","og_locale":"sl_SI","og_type":"article","og_title":"V\u00e9ronique Cauchy: Lahko no\u010d, osli\u010dek","og_description":"Lahko no\u010d, osli\u010dek je zgodba o osli\u010dku, ki je na\u0161el re\u0161itev za soo\u010denje s svojimi no\u010dnimi strahovi - svojo pli\u0161asto igra\u010do.","og_url":"https:\/\/www.iskreni.net\/trgovina\/product\/lahko-noc-oslicek\/","og_site_name":"Zavod Iskreni","article_modified_time":"2025-07-09T11:47:07+00:00","og_image":[{"width":600,"height":600,"url":"https:\/\/www.iskreni.net\/trgovina\/wp-content\/uploads\/2023\/03\/Slike-za-v-spletno-trgovino-48.jpg","type":"image\/jpeg"}],"twitter_card":"summary_large_image","twitter_misc":{"Est. reading time":"1 minuta"},"schema":{"@context":"https:\/\/schema.org","@graph":[{"@type":"WebPage","@id":"https:\/\/www.iskreni.net\/trgovina\/product\/lahko-noc-oslicek\/","url":"https:\/\/www.iskreni.net\/trgovina\/product\/lahko-noc-oslicek\/","name":"Lahko no\u010d, osli\u010dek - trgovina Iskreni","isPartOf":{"@id":"https:\/\/www.iskreni.net\/trgovina\/#website"},"primaryImageOfPage":{"@id":"https:\/\/www.iskreni.net\/trgovina\/product\/lahko-noc-oslicek\/#primaryimage"},"image":{"@id":"https:\/\/www.iskreni.net\/trgovina\/product\/lahko-noc-oslicek\/#primaryimage"},"thumbnailUrl":"https:\/\/www.iskreni.net\/trgovina\/wp-content\/uploads\/2023\/03\/Slike-za-v-spletno-trgovino-48.jpg","datePublished":"2023-03-09T14:00:50+00:00","dateModified":"2025-07-09T11:47:07+00:00","description":"Lahko no\u010d, osli\u010dek je zgodba o osli\u010dku, ki je na\u0161el re\u0161itev za soo\u010denje s svojimi no\u010dnimi strahovi - svojo pli\u0161asto igra\u010do.","breadcrumb":{"@id":"https:\/\/www.iskreni.net\/trgovina\/product\/lahko-noc-oslicek\/#breadcrumb"},"inLanguage":"sl-SI","potentialAction":[{"@type":"ReadAction","target":["https:\/\/www.iskreni.net\/trgovina\/product\/lahko-noc-oslicek\/"]}]},{"@type":"ImageObject","inLanguage":"sl-SI","@id":"https:\/\/www.iskreni.net\/trgovina\/product\/lahko-noc-oslicek\/#primaryimage","url":"https:\/\/www.iskreni.net\/trgovina\/wp-content\/uploads\/2023\/03\/Slike-za-v-spletno-trgovino-48.jpg","contentUrl":"https:\/\/www.iskreni.net\/trgovina\/wp-content\/uploads\/2023\/03\/Slike-za-v-spletno-trgovino-48.jpg","width":600,"height":600},{"@type":"BreadcrumbList","@id":"https:\/\/www.iskreni.net\/trgovina\/product\/lahko-noc-oslicek\/#breadcrumb","itemListElement":[{"@type":"ListItem","position":1,"name":"Home","item":"https:\/\/www.iskreni.net\/trgovina\/"},{"@type":"ListItem","position":2,"name":"Trgovina","item":"https:\/\/www.iskreni.net\/trgovina\/trgovina\/"},{"@type":"ListItem","position":3,"name":"Lahko no\u010d, osli\u010dek"}]},{"@type":"WebSite","@id":"https:\/\/www.iskreni.net\/trgovina\/#website","url":"https:\/\/www.iskreni.net\/trgovina\/","name":"Zavod Iskreni","description":"trgovina","potentialAction":[{"@type":"SearchAction","target":{"@type":"EntryPoint","urlTemplate":"https:\/\/www.iskreni.net\/trgovina\/?s={search_term_string}"},"query-input":{"@type":"PropertyValueSpecification","valueRequired":true,"valueName":"search_term_string"}}],"inLanguage":"sl-SI"}]}},"_links":{"self":[{"href":"https:\/\/www.iskreni.net\/trgovina\/wp-json\/wp\/v2\/product\/64752","targetHints":{"allow":["GET"]}}],"collection":[{"href":"https:\/\/www.iskreni.net\/trgovina\/wp-json\/wp\/v2\/product"}],"about":[{"href":"https:\/\/www.iskreni.net\/trgovina\/wp-json\/wp\/v2\/types\/product"}],"replies":[{"embeddable":true,"href":"https:\/\/www.iskreni.net\/trgovina\/wp-json\/wp\/v2\/comments?post=64752"}],"version-history":[{"count":2,"href":"https:\/\/www.iskreni.net\/trgovina\/wp-json\/wp\/v2\/product\/64752\/revisions"}],"predecessor-version":[{"id":64771,"href":"https:\/\/www.iskreni.net\/trgovina\/wp-json\/wp\/v2\/product\/64752\/revisions\/64771"}],"wp:featuredmedia":[{"embeddable":true,"href":"https:\/\/www.iskreni.net\/trgovina\/wp-json\/wp\/v2\/media\/64566"}],"wp:attachment":[{"href":"https:\/\/www.iskreni.net\/trgovina\/wp-json\/wp\/v2\/media?parent=64752"}],"wp:term":[{"taxonomy":"product_brand","embeddable":true,"href":"https:\/\/www.iskreni.net\/trgovina\/wp-json\/wp\/v2\/product_brand?post=64752"},{"taxonomy":"product_cat","embeddable":true,"href":"https:\/\/www.iskreni.net\/trgovina\/wp-json\/wp\/v2\/product_cat?post=64752"},{"taxonomy":"product_tag","embeddable":true,"href":"https:\/\/www.iskreni.net\/trgovina\/wp-json\/wp\/v2\/product_tag?post=64752"},{"taxonomy":"avtor","embeddable":true,"href":"https:\/\/www.iskreni.net\/trgovina\/wp-json\/wp\/v2\/avtor?post=64752"},{"taxonomy":"zalozba","embeddable":true,"href":"https:\/\/www.iskreni.net\/trgovina\/wp-json\/wp\/v2\/zalozba?post=64752"},{"taxonomy":"vezava","embeddable":true,"href":"https:\/\/www.iskreni.net\/trgovina\/wp-json\/wp\/v2\/vezava?post=64752"}],"curies":[{"name":"wp","href":"https:\/\/api.w.org\/{rel}","templated":true}]}}