{"id":6419,"date":"2020-01-22T14:55:44","date_gmt":"2020-01-22T13:55:44","guid":{"rendered":"https:\/\/www.iskreni.net\/trgovina\/product\/ljubezen-in-spostovanje-v-druzini\/"},"modified":"2026-03-26T14:31:15","modified_gmt":"2026-03-26T13:31:15","slug":"ljubezen-in-spostovanje-v-druzini","status":"publish","type":"product","link":"https:\/\/www.iskreni.net\/trgovina\/product\/ljubezen-in-spostovanje-v-druzini\/","title":{"rendered":"Ljubezen in spo\u0161tovanje v dru\u017eini"},"content":{"rendered":"<h4>Nova knjiga izpod peresa avtorja New York Timesove uspe\u0161nice<\/h4>\n<p>Ste star\u0161 in i\u0161\u010dete svojo &#8220;formulo za popolno dru\u017eino&#8221;?<\/p>\n<p>Potem ta knjiga najverjetneje NE bo za vas. \ud83d\ude42<\/p>\n<p>\u010ce pa si \u017eelite re\u0161iti odnos med star\u0161i in otroki ter vas zanima, katerim napakam se je pri tem dobro izogniti, berite naprej.<\/p>\n<p>Zelo verjetno ste \u017ee kdaj do\u017eiveli nekaj podobnega &#8230;<\/p>\n<p><em>&#8220;Smo v trgovini, v vrsti pred blagajno, in se trudimo spraviti \u017eivila iz vozi\u010dka, medtem ko na\u0161 petletni otrok (ki je vsekakor dovolj star, da bi \u017ee lahko poznal omejitve) ponori, ker ne \u017eelimo ugoditi njegovi \u017eelji po \u010dokoladi.<\/em><\/p>\n<p><em>Da je \u0161e huje, med le\u017eanjem na tleh brca in kri\u010di tako na glas, da ga sli\u0161i \u0161e mesar, ki na drugi strani melje meso. Otrok zakli\u010de: &#8220;Ne mara\u0161 me!&#8221;<\/em><\/p>\n<p><em>Osramo\u010deni dvignemo otroka in mu glasno za\u0161epetamo v uho: &#8220;Mali mo\u017e, zelo nespo\u0161tljiv si. Vstani in prenehaj. Takoj!&#8221;<\/em><\/p>\n<p>Zveni znano?<\/p>\n<p>Ne bi bilo super, \u010de bi se lahko takim in podobnim situacijam izognili in &#8211; na primer &#8211; iz trgovine ne bi \u0161li popolnoma osramo\u010deni, premagani in brez volje?<\/p>\n<p>\u010ce bi lahko razbili za\u010darani krog vedno enih in istih dru\u017einskih sporov?<\/p>\n<p>Stvar je preprosta &#8211; in zapletena hkrati.<\/p>\n<p><strong>Otroci namre\u010d potrebujejo ljubezen, star\u0161i pa spo\u0161tovanje.<\/strong><\/p>\n<p>Dr. Emerson Eggerichs, klini\u010dni psiholog in avtor mnogih knji\u017enih uspe\u0161nic, je &#8220;Ljubezen in spo\u0161tovanje v dru\u017eini&#8221; napisal prav zato: da bi se odnosi v dru\u017einah spremenili.<\/p>\n<p>Na bolj\u0161e.<\/p>\n<h4>Kako vam lahko knjiga <em>Ljubezen in spo\u0161tovanje v dru\u017eini<\/em>\u00a0pomaga?<\/h4>\n<ul>\n<li>Polna je <strong>prakti\u010dnih napotkov<\/strong>, s katerimi lahko razbijete za\u010darani krog dru\u017einskih sporov in ga nadomestite z zdravim, energi\u010dnim ritmom.<\/li>\n<li>S pomo\u010djo <strong>enostavnega sistema<\/strong> &#8220;G-U-I-D-E-S&#8221; vas lahko nau\u010di, kako otrokom izkazovati ljubezen in kako pri tem biti zrel (ker je star\u0161evstvo samo za odrasle).<\/li>\n<li>Izvedeli boste, <strong>kako delovati kot ekipa<\/strong> in v skladu s spolom vsakega otroka.<\/li>\n<li>V njej boste na\u0161li <strong>razli\u010dna orodja<\/strong>\u00a0&#8211;\u00a0kot na primer kako se izogibati razli\u010dnim pastem in kako postati ljube\u010d star\u0161, ne glede na otrokov odziv.<\/li>\n<\/ul>\n<h4>V \u010dem se knjiga\u00a0Ljubezen in spo\u0161tovanje v dru\u017eini\u00a0 razlikuje od drugih knjig o star\u0161evstvu?<\/h4>\n<p>Pri pisanju so sodelovali tudi otroci dr. Eggerichsa in mu posredovali spoznanja, ki so jih prejeli iz vsega dobrega, grdega in umazanega v\u00a0svojem\u00a0dru\u017einskem \u017eivljenju.<\/p>\n<p>Avtor\u00a0sam pa\u00a0z neverjetno jasnostjo spregovori tudi o te\u017eavah iz svojega otro\u0161tva &#8230;<\/p>\n<p>&nbsp;<\/p>\n<h4>O avtorju:<\/h4>\n<p>Dr. Emerson Eggerichs je znan in mednarodno uveljavljen govorec o odnosih med spoloma. Na podlagi svojih svetovalnih izku\u0161enj (s svetovanjem se ukvarja ve\u010d kot trideset let) in znanstvenih ter svetopisemskih raziskav sta dr. Eggerichs in njegova \u017eena Sarah za\u010dela s konferencami Ljubezen in spo\u0161tovanje, ki jih v \u017eivo izvajata po celotnih ZDA. Poro\u010dena sta ve\u010d kot 30 let, \u017eivita v Grand Rapids v Michiganu in imata tri odrasle otroke.<\/p>\n<p>Dr. Eggerichs je avtor ve\u010d knjig, vklju\u010dno z uspe\u0161nico Ljubezen in spo\u0161tovanje, ki je v Ameriki dosegla platinasto naklado in naziv knjige leta. Prodanih je bilo namre\u010d ve\u010d kot 1,3 milijona izvodov.<\/p>\n<p>&nbsp;<\/p>\n","protected":false},"excerpt":{"rendered":"<p><strong>Avtor:<\/strong> Emerson Eggerichs<br \/>\n<strong>Prevod:\u00a0<\/strong>Nina Petelin\u0161ek Munoz<br \/>\n<strong>Zalo\u017eba:<\/strong> Dru\u0161tvo Za\u017eivi \u017eivljenje<br \/>\n<strong>Leto izdaje:<\/strong> 2019<br \/>\n<strong>\u0160tevilo strani:<\/strong> 257<\/p>\n<p><em>Otroci potrebujejo ljubezen. Star\u0161i potrebujejo spo\u0161tovanje. <\/em><\/p>\n","protected":false},"featured_media":92463,"comment_status":"open","ping_status":"closed","template":"","meta":[],"product_brand":[254],"product_cat":[63],"product_tag":[],"avtor":[],"zalozba":[2343],"vezava":[],"class_list":{"0":"post-6419","1":"product","2":"type-product","3":"status-publish","4":"has-post-thumbnail","6":"product_brand-zazivi-zivljenje","7":"product_cat-knjige","8":"zalozba-zazivi-zivljenje","10":"first","11":"instock","12":"taxable","13":"shipping-taxable","14":"purchasable","15":"product-type-simple"},"yoast_head":"<!-- This site is optimized with the Yoast SEO plugin v26.3 - https:\/\/yoast.com\/wordpress\/plugins\/seo\/ -->\n<title>Ljubezen in spo\u0161tovanje v dru\u017eini - trgovina Iskreni<\/title>\n<meta name=\"description\" content=\"Ljubezen in spo\u0161tovanje v dru\u017eini je nova knjiga, ki govori o tako preprostih, pa tako zapletenih odnosih med otroki in star\u0161i!\" \/>\n<meta name=\"robots\" content=\"index, follow, max-snippet:-1, max-image-preview:large, max-video-preview:-1\" \/>\n<link rel=\"canonical\" href=\"https:\/\/www.iskreni.net\/trgovina\/product\/ljubezen-in-spostovanje-v-druzini\/\" \/>\n<meta property=\"og:locale\" content=\"sl_SI\" \/>\n<meta property=\"og:type\" content=\"article\" \/>\n<meta property=\"og:title\" content=\"Ljubezen in spo\u0161tovanje v dru\u017eini - trgovina Iskreni\" \/>\n<meta property=\"og:description\" content=\"Ljubezen in spo\u0161tovanje v dru\u017eini je nova knjiga, ki govori o tako preprostih, pa tako zapletenih odnosih med otroki in star\u0161i!\" \/>\n<meta property=\"og:url\" content=\"https:\/\/www.iskreni.net\/trgovina\/product\/ljubezen-in-spostovanje-v-druzini\/\" \/>\n<meta property=\"og:site_name\" content=\"Zavod Iskreni\" \/>\n<meta property=\"article:modified_time\" content=\"2026-03-26T13:31:15+00:00\" \/>\n<meta property=\"og:image\" content=\"https:\/\/www.iskreni.net\/trgovina\/wp-content\/uploads\/2020\/01\/Slike-za-v-spletno-trgovino-2026-03-26T142820.358.jpg\" \/>\n\t<meta property=\"og:image:width\" content=\"600\" \/>\n\t<meta property=\"og:image:height\" content=\"600\" \/>\n\t<meta property=\"og:image:type\" content=\"image\/jpeg\" \/>\n<meta name=\"twitter:card\" content=\"summary_large_image\" \/>\n<meta name=\"twitter:label1\" content=\"Est. reading time\" \/>\n\t<meta name=\"twitter:data1\" content=\"3 minute\" \/>\n<script type=\"application\/ld+json\" class=\"yoast-schema-graph\">{\"@context\":\"https:\/\/schema.org\",\"@graph\":[{\"@type\":\"WebPage\",\"@id\":\"https:\/\/www.iskreni.net\/trgovina\/product\/ljubezen-in-spostovanje-v-druzini\/\",\"url\":\"https:\/\/www.iskreni.net\/trgovina\/product\/ljubezen-in-spostovanje-v-druzini\/\",\"name\":\"Ljubezen in spo\u0161tovanje v dru\u017eini - trgovina Iskreni\",\"isPartOf\":{\"@id\":\"https:\/\/www.iskreni.net\/trgovina\/#website\"},\"primaryImageOfPage\":{\"@id\":\"https:\/\/www.iskreni.net\/trgovina\/product\/ljubezen-in-spostovanje-v-druzini\/#primaryimage\"},\"image\":{\"@id\":\"https:\/\/www.iskreni.net\/trgovina\/product\/ljubezen-in-spostovanje-v-druzini\/#primaryimage\"},\"thumbnailUrl\":\"https:\/\/www.iskreni.net\/trgovina\/wp-content\/uploads\/2020\/01\/Slike-za-v-spletno-trgovino-2026-03-26T142820.358.jpg\",\"datePublished\":\"2020-01-22T13:55:44+00:00\",\"dateModified\":\"2026-03-26T13:31:15+00:00\",\"description\":\"Ljubezen in spo\u0161tovanje v dru\u017eini je nova knjiga, ki govori o tako preprostih, pa tako zapletenih odnosih med otroki in star\u0161i!\",\"breadcrumb\":{\"@id\":\"https:\/\/www.iskreni.net\/trgovina\/product\/ljubezen-in-spostovanje-v-druzini\/#breadcrumb\"},\"inLanguage\":\"sl-SI\",\"potentialAction\":[{\"@type\":\"ReadAction\",\"target\":[\"https:\/\/www.iskreni.net\/trgovina\/product\/ljubezen-in-spostovanje-v-druzini\/\"]}]},{\"@type\":\"ImageObject\",\"inLanguage\":\"sl-SI\",\"@id\":\"https:\/\/www.iskreni.net\/trgovina\/product\/ljubezen-in-spostovanje-v-druzini\/#primaryimage\",\"url\":\"https:\/\/www.iskreni.net\/trgovina\/wp-content\/uploads\/2020\/01\/Slike-za-v-spletno-trgovino-2026-03-26T142820.358.jpg\",\"contentUrl\":\"https:\/\/www.iskreni.net\/trgovina\/wp-content\/uploads\/2020\/01\/Slike-za-v-spletno-trgovino-2026-03-26T142820.358.jpg\",\"width\":600,\"height\":600},{\"@type\":\"BreadcrumbList\",\"@id\":\"https:\/\/www.iskreni.net\/trgovina\/product\/ljubezen-in-spostovanje-v-druzini\/#breadcrumb\",\"itemListElement\":[{\"@type\":\"ListItem\",\"position\":1,\"name\":\"Home\",\"item\":\"https:\/\/www.iskreni.net\/trgovina\/\"},{\"@type\":\"ListItem\",\"position\":2,\"name\":\"Trgovina\",\"item\":\"https:\/\/www.iskreni.net\/trgovina\/trgovina\/\"},{\"@type\":\"ListItem\",\"position\":3,\"name\":\"Ljubezen in spo\u0161tovanje v dru\u017eini\"}]},{\"@type\":\"WebSite\",\"@id\":\"https:\/\/www.iskreni.net\/trgovina\/#website\",\"url\":\"https:\/\/www.iskreni.net\/trgovina\/\",\"name\":\"Zavod Iskreni\",\"description\":\"trgovina\",\"potentialAction\":[{\"@type\":\"SearchAction\",\"target\":{\"@type\":\"EntryPoint\",\"urlTemplate\":\"https:\/\/www.iskreni.net\/trgovina\/?s={search_term_string}\"},\"query-input\":{\"@type\":\"PropertyValueSpecification\",\"valueRequired\":true,\"valueName\":\"search_term_string\"}}],\"inLanguage\":\"sl-SI\"}]}<\/script>\n<!-- \/ Yoast SEO plugin. -->","yoast_head_json":{"title":"Ljubezen in spo\u0161tovanje v dru\u017eini - trgovina Iskreni","description":"Ljubezen in spo\u0161tovanje v dru\u017eini je nova knjiga, ki govori o tako preprostih, pa tako zapletenih odnosih med otroki in star\u0161i!","robots":{"index":"index","follow":"follow","max-snippet":"max-snippet:-1","max-image-preview":"max-image-preview:large","max-video-preview":"max-video-preview:-1"},"canonical":"https:\/\/www.iskreni.net\/trgovina\/product\/ljubezen-in-spostovanje-v-druzini\/","og_locale":"sl_SI","og_type":"article","og_title":"Ljubezen in spo\u0161tovanje v dru\u017eini - trgovina Iskreni","og_description":"Ljubezen in spo\u0161tovanje v dru\u017eini je nova knjiga, ki govori o tako preprostih, pa tako zapletenih odnosih med otroki in star\u0161i!","og_url":"https:\/\/www.iskreni.net\/trgovina\/product\/ljubezen-in-spostovanje-v-druzini\/","og_site_name":"Zavod Iskreni","article_modified_time":"2026-03-26T13:31:15+00:00","og_image":[{"width":600,"height":600,"url":"https:\/\/www.iskreni.net\/trgovina\/wp-content\/uploads\/2020\/01\/Slike-za-v-spletno-trgovino-2026-03-26T142820.358.jpg","type":"image\/jpeg"}],"twitter_card":"summary_large_image","twitter_misc":{"Est. reading time":"3 minute"},"schema":{"@context":"https:\/\/schema.org","@graph":[{"@type":"WebPage","@id":"https:\/\/www.iskreni.net\/trgovina\/product\/ljubezen-in-spostovanje-v-druzini\/","url":"https:\/\/www.iskreni.net\/trgovina\/product\/ljubezen-in-spostovanje-v-druzini\/","name":"Ljubezen in spo\u0161tovanje v dru\u017eini - trgovina Iskreni","isPartOf":{"@id":"https:\/\/www.iskreni.net\/trgovina\/#website"},"primaryImageOfPage":{"@id":"https:\/\/www.iskreni.net\/trgovina\/product\/ljubezen-in-spostovanje-v-druzini\/#primaryimage"},"image":{"@id":"https:\/\/www.iskreni.net\/trgovina\/product\/ljubezen-in-spostovanje-v-druzini\/#primaryimage"},"thumbnailUrl":"https:\/\/www.iskreni.net\/trgovina\/wp-content\/uploads\/2020\/01\/Slike-za-v-spletno-trgovino-2026-03-26T142820.358.jpg","datePublished":"2020-01-22T13:55:44+00:00","dateModified":"2026-03-26T13:31:15+00:00","description":"Ljubezen in spo\u0161tovanje v dru\u017eini je nova knjiga, ki govori o tako preprostih, pa tako zapletenih odnosih med otroki in star\u0161i!","breadcrumb":{"@id":"https:\/\/www.iskreni.net\/trgovina\/product\/ljubezen-in-spostovanje-v-druzini\/#breadcrumb"},"inLanguage":"sl-SI","potentialAction":[{"@type":"ReadAction","target":["https:\/\/www.iskreni.net\/trgovina\/product\/ljubezen-in-spostovanje-v-druzini\/"]}]},{"@type":"ImageObject","inLanguage":"sl-SI","@id":"https:\/\/www.iskreni.net\/trgovina\/product\/ljubezen-in-spostovanje-v-druzini\/#primaryimage","url":"https:\/\/www.iskreni.net\/trgovina\/wp-content\/uploads\/2020\/01\/Slike-za-v-spletno-trgovino-2026-03-26T142820.358.jpg","contentUrl":"https:\/\/www.iskreni.net\/trgovina\/wp-content\/uploads\/2020\/01\/Slike-za-v-spletno-trgovino-2026-03-26T142820.358.jpg","width":600,"height":600},{"@type":"BreadcrumbList","@id":"https:\/\/www.iskreni.net\/trgovina\/product\/ljubezen-in-spostovanje-v-druzini\/#breadcrumb","itemListElement":[{"@type":"ListItem","position":1,"name":"Home","item":"https:\/\/www.iskreni.net\/trgovina\/"},{"@type":"ListItem","position":2,"name":"Trgovina","item":"https:\/\/www.iskreni.net\/trgovina\/trgovina\/"},{"@type":"ListItem","position":3,"name":"Ljubezen in spo\u0161tovanje v dru\u017eini"}]},{"@type":"WebSite","@id":"https:\/\/www.iskreni.net\/trgovina\/#website","url":"https:\/\/www.iskreni.net\/trgovina\/","name":"Zavod Iskreni","description":"trgovina","potentialAction":[{"@type":"SearchAction","target":{"@type":"EntryPoint","urlTemplate":"https:\/\/www.iskreni.net\/trgovina\/?s={search_term_string}"},"query-input":{"@type":"PropertyValueSpecification","valueRequired":true,"valueName":"search_term_string"}}],"inLanguage":"sl-SI"}]}},"_links":{"self":[{"href":"https:\/\/www.iskreni.net\/trgovina\/wp-json\/wp\/v2\/product\/6419","targetHints":{"allow":["GET"]}}],"collection":[{"href":"https:\/\/www.iskreni.net\/trgovina\/wp-json\/wp\/v2\/product"}],"about":[{"href":"https:\/\/www.iskreni.net\/trgovina\/wp-json\/wp\/v2\/types\/product"}],"replies":[{"embeddable":true,"href":"https:\/\/www.iskreni.net\/trgovina\/wp-json\/wp\/v2\/comments?post=6419"}],"version-history":[{"count":1,"href":"https:\/\/www.iskreni.net\/trgovina\/wp-json\/wp\/v2\/product\/6419\/revisions"}],"predecessor-version":[{"id":55365,"href":"https:\/\/www.iskreni.net\/trgovina\/wp-json\/wp\/v2\/product\/6419\/revisions\/55365"}],"wp:featuredmedia":[{"embeddable":true,"href":"https:\/\/www.iskreni.net\/trgovina\/wp-json\/wp\/v2\/media\/92463"}],"wp:attachment":[{"href":"https:\/\/www.iskreni.net\/trgovina\/wp-json\/wp\/v2\/media?parent=6419"}],"wp:term":[{"taxonomy":"product_brand","embeddable":true,"href":"https:\/\/www.iskreni.net\/trgovina\/wp-json\/wp\/v2\/product_brand?post=6419"},{"taxonomy":"product_cat","embeddable":true,"href":"https:\/\/www.iskreni.net\/trgovina\/wp-json\/wp\/v2\/product_cat?post=6419"},{"taxonomy":"product_tag","embeddable":true,"href":"https:\/\/www.iskreni.net\/trgovina\/wp-json\/wp\/v2\/product_tag?post=6419"},{"taxonomy":"avtor","embeddable":true,"href":"https:\/\/www.iskreni.net\/trgovina\/wp-json\/wp\/v2\/avtor?post=6419"},{"taxonomy":"zalozba","embeddable":true,"href":"https:\/\/www.iskreni.net\/trgovina\/wp-json\/wp\/v2\/zalozba?post=6419"},{"taxonomy":"vezava","embeddable":true,"href":"https:\/\/www.iskreni.net\/trgovina\/wp-json\/wp\/v2\/vezava?post=6419"}],"curies":[{"name":"wp","href":"https:\/\/api.w.org\/{rel}","templated":true}]}}