{"id":6348,"date":"2019-12-06T21:09:49","date_gmt":"2019-12-06T20:09:49","guid":{"rendered":"https:\/\/www.iskreni.net\/trgovina\/?post_type=product&#038;p=6348"},"modified":"2025-10-16T13:32:54","modified_gmt":"2025-10-16T11:32:54","slug":"slovenski-razkol","status":"publish","type":"product","link":"https:\/\/www.iskreni.net\/trgovina\/product\/slovenski-razkol\/","title":{"rendered":"Slovenski razkol"},"content":{"rendered":"<h4>O knjigi:<\/h4>\n<p>Monografija Slovenski razkol je ob\u0161irna, z dokumenti in pri\u010devanji utemeljena zgodovinska knjiga, ki prina\u0161a odgovor na temeljno oz. najbolj presti\u017eno vpra\u0161anje slovenske novej\u0161e zgodovine: zakaj in kako so Slovenci med drugo svetovno vojno spolzeli v oster narodni razkol, kdo je ta proces povzro\u010dil in kje se je vse skupaj za\u010delo? Narodni razkol se je namre\u010d do konca vojne \u0161e okrepil in raz\u0161iril na celotno ozemlje ter s travmati\u010dnimi posledicami sega \u0161e v sedanji \u010das. Prav zato je knjiga izredno aktualna in s svojimi novimi razkritji pomembna za slovensko prihodnost.<\/p>\n<p>Posebna odlika knjige je uporaba doslej neznanih oz. neuporabljenih arhivov, fotografij in dokumentov, tudi desetletja zakopanega arhiva stra\u017earjev, kar prina\u0161a \u0161tevilna povsem nova odkritja. Dodatno vrednost predstavljajo vklju\u010dena pri\u010devanja oseb, ki so do\u017eivljale vojne dogodke, in grafi\u010dne ponazoritve \u017ertev vojne ter njihovih povzro\u010diteljev, ki kar se da natan\u010dno poka\u017eejo, katera stran v vojni je spro\u017eila nasilje in kak\u0161ne so bile posledice. Pri\u010dujo\u010de zgodovinsko delo je utemeljeno na analizah podatkov o smrtnih \u017ertvah in povzro\u010diteljih na razli\u010dnih straneh, pridobljenih iz baze In\u0161tituta za novej\u0161o zgodovino v Ljubljani, kar je nazorno prikazano v grafih. Nekateri predstavljajo klju\u010dno podlago za razumevanje slovenskega razkola, ki se je v letih 1941 in 1942 za\u010del v Ljubljanski pokrajini.<\/p>\n<p>Knjiga Slovenski razkol je namenjena vsem, ki bi radi razumeli preteklost in prek nje sedanjost tako naroda kot svojih prednikov. Ti so nam, kot dokazujejo najnovej\u0161e raziskave, ne le v spominu ampak tudi v genskem zapisu zapustili sledi vojne, ki nas bremenijo kot travme, posebej \u010de jih ne poznamo in ne razi\u0161\u010demo.<\/p>\n<p>&nbsp;<\/p>\n<h4>O avtorju:<\/h4>\n<p>Dr. Jo\u017ee Mo\u017eina je slovenski zgodovinar mlaj\u0161e generacije, zaposlen kot novinar, voditelj in avtor dokumentarnih filmov na Televiziji Slovenija. Po izobrazbi je profesor zgodovine in diplomirani sociolog kulture. Je avtor dokumentarne serije\u00a0Pri\u010devalci, voditelj oddaje\u00a0Intervju\u00a0ter re\u017eiser nekaterih najodmevnej\u0161ih dokumentarnih filmov, med drugim:\u00a0\u0160kof Ro\u017eman \u2013 zlo\u010dinec ali \u017ertev,\u00a0Dosje Slobodan Milo\u0161evi\u0107,\u00a0Zlo\u010din, ki ne zastara,\u00a0Zamol\u010dani \u2013 mo\u010d pre\u017eivetja,\u00a0Uro\u010deno zavetje,\u00a0\u010cas vojne,\u00a0Urok Depale vasi,\u00a0Katastrofa ob jezeru Kivu,\u00a0Svetloba temnih obrazov,\u00a0Pedro Opeka, dober prijatelj. Prejel je \u0161tevilne nagrade v Sloveniji (dvakrat Jur\u010di\u010devo nagrado, gong popularnosti in gong ustvarjalnosti za posebne dose\u017eke), v ZDA (najbolj\u0161i re\u017eiser dokumentarnih filmov na festivalu ITN v Hollywoodu), v Kanadi (nagrado za odli\u010dnost na podro\u010dju filmske umetnosti) in v Indoneziji (nagrado za najbolj\u0161i dokumentarni film, posebno nagrado \u017eirije). Leta 2014 je za izjemno odmeven dokumentarni film o misijonarju Opeki in druge dokumentarne stvaritve prejel Nagrado Pre\u0161ernovega sklada.<\/p>\n<p>Knjiga\u00a0Slovenski razkol, raz\u0161irjena doktorska disertacija, ki jo je zagovarjal na Filozofski fakulteti Univerze v Ljubljani, je sad njegovega dvajsetletnega raziskovanja, zbiranja arhivskega gradiva in pri\u010devanj.<\/p>\n<p>&nbsp;<\/p>\n<h4>Ocene knjige:<\/h4>\n<div class=\"elementor-element elementor-element-bb393f5 elementor-widget elementor-widget-text-editor\" data-id=\"bb393f5\" data-element_type=\"widget\" data-widget_type=\"text-editor.default\">\n<div class=\"elementor-widget-container\">\n<div class=\"elementor-text-editor elementor-clearfix\">\n<p><em>Kdor bo hotel res razumeti slovensko medvojno zgodovino bo moral vzeti v roke to knjigo, ki pomeni najbolj celovito zgodovinsko delo o za\u010detkih slovenske narodne nesre\u010de med vojno. Poleg \u0161tevilnih novih virov in strokovnega aparata jo krasi odli\u010den, bralcu prijazen jezik. Dejansko se bere kot kriminalka, \u010detudi gre za prvovrstno strokovno delo. Fascinatno je, kako je avtor Jo\u017ee Mo\u017eina prepri\u010dljivo z dokumenti in izjemno nazornimi grafi\u010dnimi prikazi razgalil zgodovinske razloge, zakaj smo Slovenci vse od vojne v temelju ideolo\u0161ko sprti, obenem pa ponuja tudi pot iz tega brezna, ki je v vrednotenju vseh vpletenih po enakih kriterijih. V tem smislu je to zelo pomembna knjiga za na\u0161o prihodnost. Avtorjeva pogumna raziskava si zaslu\u017ei kar najve\u010d bralcev in vsestranske podpore.<\/em><\/p>\n<\/div>\n<\/div>\n<\/div>\n<div class=\"elementor-element elementor-element-1305d1d elementor-widget elementor-widget-text-editor\" data-id=\"1305d1d\" data-element_type=\"widget\" data-widget_type=\"text-editor.default\">\n<div class=\"elementor-widget-container\">\n<div class=\"elementor-text-editor elementor-clearfix\">\n<p style=\"text-align: right;\">Dr. Stane Granda<\/p>\n<\/div>\n<\/div>\n<\/div>\n<div class=\"elementor-element elementor-element-4da4bb2 elementor-widget elementor-widget-divider\" data-id=\"4da4bb2\" data-element_type=\"widget\" data-widget_type=\"divider.default\"><em>\u00a0<\/em><\/div>\n<div class=\"elementor-element elementor-element-1782112 elementor-widget elementor-widget-text-editor\" data-id=\"1782112\" data-element_type=\"widget\" data-widget_type=\"text-editor.default\">\n<div class=\"elementor-widget-container\">\n<div class=\"elementor-text-editor elementor-clearfix\">\n<p><em>Poznavanje za\u010detkov medslovenskega razkola, ki se je poleti 1942 v Ljubljanski pokrajini sprevrgel v dr\u017eavljansko vojno, je klju\u010dno za razumevanje dogajanja v nadaljevanju vojne in ob njenem koncu. Zato je te\u017eje razumljivo, da je slovensko zgodovinopisje \u017ee desetletja \u010dakalo na podrobno tovrstno znanstveno raziskavo.<\/em><\/p>\n<\/div>\n<\/div>\n<\/div>\n<div class=\"elementor-element elementor-element-0a49def elementor-widget elementor-widget-text-editor\" data-id=\"0a49def\" data-element_type=\"widget\" data-widget_type=\"text-editor.default\">\n<div class=\"elementor-widget-container\">\n<div class=\"elementor-text-editor elementor-clearfix\">\n<p style=\"text-align: right;\">Dr. Mitja Ferenc<\/p>\n<\/div>\n<\/div>\n<\/div>\n<div class=\"elementor-element elementor-element-73773bb elementor-widget elementor-widget-divider\" data-id=\"73773bb\" data-element_type=\"widget\" data-widget_type=\"divider.default\"><em>\u00a0<\/em><\/div>\n<div class=\"elementor-element elementor-element-012b13f elementor-widget elementor-widget-text-editor\" data-id=\"012b13f\" data-element_type=\"widget\" data-widget_type=\"text-editor.default\">\n<div class=\"elementor-widget-container\">\n<div class=\"elementor-text-editor elementor-clearfix\">\n<p><em>Slovenski razkol\u00a0je izredno dragocen prispevek k bolj\u0161emu razumevanju zgodovine druge svetovne vojne na slovenskih tleh. V sredi\u0161\u010du obravnave je eno najbolj ob\u010dutljivih poglavij polpretekle zgodovine. \/\u2026\/\u00a0Jo\u017ee Mo\u017eina se ne opira samo na \u0161tevilno doma\u010do in tujo literaturo, temve\u010d predvsem na arhivsko gradivo. Najbolj dragocen je arhiv Akademskega kluba Stra\u017ea, ki vsebuje povsem neznane dokumente tako revolucionarne kot tudi protirevolucionarne strani. Izjemnega pomena so tudi pri\u010devanja, ki jih avtor zbira \u017ee vrsto let doma in v tujini ter ki nazorno osvetljujejo in dopolnjujejo opisane dogodke.<\/em><\/p>\n<\/div>\n<\/div>\n<\/div>\n<div class=\"elementor-element elementor-element-f274a8d elementor-widget elementor-widget-text-editor\" data-id=\"f274a8d\" data-element_type=\"widget\" data-widget_type=\"text-editor.default\">\n<div class=\"elementor-widget-container\">\n<div class=\"elementor-text-editor elementor-clearfix\">\n<p style=\"text-align: right;\">Dr. Tamara Griesser Pe\u010dar<\/p>\n<\/div>\n<\/div>\n<\/div>\n","protected":false},"excerpt":{"rendered":"<h3>Okupacija, revolucija in za\u010detki protirevolucionarnega upora<\/h3>\n<h3><strong style=\"font-size: 16px;\">Avtor: <\/strong><span style=\"font-size: 16px;\">Jo\u017ee Mo\u017eina<\/span><\/h3>\n<p><em>Knjiga Slovenski razkol obsega 624 strani velikega formata v barvnem tisku.\u00a0V njej je 217 faksimilov dokumentov in fotografij vseh vpletenih strani, \u0161tevilni prvi\u010d. V monografiji je tudi 15 zemljevidov in 35 posebej za to knjigo izdelanih grafov, ki natan\u010dno kot \u0161e nikoli doslej prika\u017eejo potek vojne z vidika \u017ertev, ki je v marsi\u010dem \u0161okanten. Opremljena je tudi z dalj\u0161imi povzetki v angle\u0161kem, nem\u0161kem in italijanskem jeziku ter imenskim in krajevnim kazalom.<\/em><\/p>\n<h5><span style=\"color: #ff0000;\">Knjiga je ponovno na zalogi! Vabljeni k naro\u010dilu.<\/span><\/h5>\n","protected":false},"featured_media":6350,"comment_status":"open","ping_status":"closed","template":"","meta":[],"product_brand":[],"product_cat":[2326,63],"product_tag":[1501,1000],"avtor":[],"zalozba":[],"vezava":[],"class_list":{"0":"post-6348","1":"product","2":"type-product","3":"status-publish","4":"has-post-thumbnail","6":"product_cat-druzbena-vprasanja-in-humanistika","7":"product_cat-knjige","8":"product_tag-komunizem","9":"product_tag-slovenija","11":"first","12":"outofstock","13":"taxable","14":"shipping-taxable","15":"purchasable","16":"product-type-simple"},"yoast_head":"<!-- This site is optimized with the Yoast SEO plugin v26.3 - https:\/\/yoast.com\/wordpress\/plugins\/seo\/ -->\n<title>Slovenski razkol: Okupacija, revolucija in za\u010detki protirevolucionarnega upora - trgovina Iskreni<\/title>\n<meta name=\"description\" content=\"Knjiga Slovenski razkol pojasnjuje okoli\u0161\u010dine narodnega razkola med drugo svetovno vojno, ki s svojimi travmati\u010dnimi posledicami sega tudi v na\u0161 \u010das.\" \/>\n<meta name=\"robots\" content=\"index, follow, max-snippet:-1, max-image-preview:large, max-video-preview:-1\" \/>\n<link rel=\"canonical\" href=\"https:\/\/www.iskreni.net\/trgovina\/product\/slovenski-razkol\/\" \/>\n<meta property=\"og:locale\" content=\"sl_SI\" \/>\n<meta property=\"og:type\" content=\"article\" \/>\n<meta property=\"og:title\" content=\"Slovenski razkol: Okupacija, revolucija in za\u010detki protirevolucionarnega upora - trgovina Iskreni\" \/>\n<meta property=\"og:description\" content=\"Knjiga Slovenski razkol pojasnjuje okoli\u0161\u010dine narodnega razkola med drugo svetovno vojno, ki s svojimi travmati\u010dnimi posledicami sega tudi v na\u0161 \u010das.\" \/>\n<meta property=\"og:url\" content=\"https:\/\/www.iskreni.net\/trgovina\/product\/slovenski-razkol\/\" \/>\n<meta property=\"og:site_name\" content=\"Zavod Iskreni\" \/>\n<meta property=\"article:modified_time\" content=\"2025-10-16T11:32:54+00:00\" \/>\n<meta property=\"og:image\" content=\"https:\/\/www.iskreni.net\/trgovina\/wp-content\/uploads\/2019\/12\/Slovenski-razkol.jpg\" \/>\n\t<meta property=\"og:image:width\" content=\"1177\" \/>\n\t<meta property=\"og:image:height\" content=\"1177\" \/>\n\t<meta property=\"og:image:type\" content=\"image\/png\" \/>\n<meta name=\"twitter:card\" content=\"summary_large_image\" \/>\n<meta name=\"twitter:image\" content=\"https:\/\/www.iskreni.net\/trgovina\/wp-content\/uploads\/2019\/12\/Slovenski-razkol.jpg\" \/>\n<meta name=\"twitter:label1\" content=\"Est. reading time\" \/>\n\t<meta name=\"twitter:data1\" content=\"4 minute\" \/>\n<script type=\"application\/ld+json\" class=\"yoast-schema-graph\">{\"@context\":\"https:\/\/schema.org\",\"@graph\":[{\"@type\":\"WebPage\",\"@id\":\"https:\/\/www.iskreni.net\/trgovina\/product\/slovenski-razkol\/\",\"url\":\"https:\/\/www.iskreni.net\/trgovina\/product\/slovenski-razkol\/\",\"name\":\"Slovenski razkol: Okupacija, revolucija in za\u010detki protirevolucionarnega upora - trgovina Iskreni\",\"isPartOf\":{\"@id\":\"https:\/\/www.iskreni.net\/trgovina\/#website\"},\"primaryImageOfPage\":{\"@id\":\"https:\/\/www.iskreni.net\/trgovina\/product\/slovenski-razkol\/#primaryimage\"},\"image\":{\"@id\":\"https:\/\/www.iskreni.net\/trgovina\/product\/slovenski-razkol\/#primaryimage\"},\"thumbnailUrl\":\"https:\/\/www.iskreni.net\/trgovina\/wp-content\/uploads\/2019\/12\/Slovenski-razkol.jpg\",\"datePublished\":\"2019-12-06T20:09:49+00:00\",\"dateModified\":\"2025-10-16T11:32:54+00:00\",\"description\":\"Knjiga Slovenski razkol pojasnjuje okoli\u0161\u010dine narodnega razkola med drugo svetovno vojno, ki s svojimi travmati\u010dnimi posledicami sega tudi v na\u0161 \u010das.\",\"breadcrumb\":{\"@id\":\"https:\/\/www.iskreni.net\/trgovina\/product\/slovenski-razkol\/#breadcrumb\"},\"inLanguage\":\"sl-SI\",\"potentialAction\":[{\"@type\":\"ReadAction\",\"target\":[\"https:\/\/www.iskreni.net\/trgovina\/product\/slovenski-razkol\/\"]}]},{\"@type\":\"ImageObject\",\"inLanguage\":\"sl-SI\",\"@id\":\"https:\/\/www.iskreni.net\/trgovina\/product\/slovenski-razkol\/#primaryimage\",\"url\":\"https:\/\/www.iskreni.net\/trgovina\/wp-content\/uploads\/2019\/12\/Slovenski-razkol.jpg\",\"contentUrl\":\"https:\/\/www.iskreni.net\/trgovina\/wp-content\/uploads\/2019\/12\/Slovenski-razkol.jpg\",\"width\":1177,\"height\":1177,\"caption\":\"Slovenski razkol\"},{\"@type\":\"BreadcrumbList\",\"@id\":\"https:\/\/www.iskreni.net\/trgovina\/product\/slovenski-razkol\/#breadcrumb\",\"itemListElement\":[{\"@type\":\"ListItem\",\"position\":1,\"name\":\"Home\",\"item\":\"https:\/\/www.iskreni.net\/trgovina\/\"},{\"@type\":\"ListItem\",\"position\":2,\"name\":\"Trgovina\",\"item\":\"https:\/\/www.iskreni.net\/trgovina\/trgovina\/\"},{\"@type\":\"ListItem\",\"position\":3,\"name\":\"Slovenski razkol\"}]},{\"@type\":\"WebSite\",\"@id\":\"https:\/\/www.iskreni.net\/trgovina\/#website\",\"url\":\"https:\/\/www.iskreni.net\/trgovina\/\",\"name\":\"Zavod Iskreni\",\"description\":\"trgovina\",\"potentialAction\":[{\"@type\":\"SearchAction\",\"target\":{\"@type\":\"EntryPoint\",\"urlTemplate\":\"https:\/\/www.iskreni.net\/trgovina\/?s={search_term_string}\"},\"query-input\":{\"@type\":\"PropertyValueSpecification\",\"valueRequired\":true,\"valueName\":\"search_term_string\"}}],\"inLanguage\":\"sl-SI\"}]}<\/script>\n<!-- \/ Yoast SEO plugin. -->","yoast_head_json":{"title":"Slovenski razkol: Okupacija, revolucija in za\u010detki protirevolucionarnega upora - trgovina Iskreni","description":"Knjiga Slovenski razkol pojasnjuje okoli\u0161\u010dine narodnega razkola med drugo svetovno vojno, ki s svojimi travmati\u010dnimi posledicami sega tudi v na\u0161 \u010das.","robots":{"index":"index","follow":"follow","max-snippet":"max-snippet:-1","max-image-preview":"max-image-preview:large","max-video-preview":"max-video-preview:-1"},"canonical":"https:\/\/www.iskreni.net\/trgovina\/product\/slovenski-razkol\/","og_locale":"sl_SI","og_type":"article","og_title":"Slovenski razkol: Okupacija, revolucija in za\u010detki protirevolucionarnega upora - trgovina Iskreni","og_description":"Knjiga Slovenski razkol pojasnjuje okoli\u0161\u010dine narodnega razkola med drugo svetovno vojno, ki s svojimi travmati\u010dnimi posledicami sega tudi v na\u0161 \u010das.","og_url":"https:\/\/www.iskreni.net\/trgovina\/product\/slovenski-razkol\/","og_site_name":"Zavod Iskreni","article_modified_time":"2025-10-16T11:32:54+00:00","og_image":[{"width":1177,"height":1177,"url":"https:\/\/www.iskreni.net\/trgovina\/wp-content\/uploads\/2019\/12\/Slovenski-razkol.jpg","type":"image\/png"}],"twitter_card":"summary_large_image","twitter_image":"https:\/\/www.iskreni.net\/trgovina\/wp-content\/uploads\/2019\/12\/Slovenski-razkol.jpg","twitter_misc":{"Est. reading time":"4 minute"},"schema":{"@context":"https:\/\/schema.org","@graph":[{"@type":"WebPage","@id":"https:\/\/www.iskreni.net\/trgovina\/product\/slovenski-razkol\/","url":"https:\/\/www.iskreni.net\/trgovina\/product\/slovenski-razkol\/","name":"Slovenski razkol: Okupacija, revolucija in za\u010detki protirevolucionarnega upora - trgovina Iskreni","isPartOf":{"@id":"https:\/\/www.iskreni.net\/trgovina\/#website"},"primaryImageOfPage":{"@id":"https:\/\/www.iskreni.net\/trgovina\/product\/slovenski-razkol\/#primaryimage"},"image":{"@id":"https:\/\/www.iskreni.net\/trgovina\/product\/slovenski-razkol\/#primaryimage"},"thumbnailUrl":"https:\/\/www.iskreni.net\/trgovina\/wp-content\/uploads\/2019\/12\/Slovenski-razkol.jpg","datePublished":"2019-12-06T20:09:49+00:00","dateModified":"2025-10-16T11:32:54+00:00","description":"Knjiga Slovenski razkol pojasnjuje okoli\u0161\u010dine narodnega razkola med drugo svetovno vojno, ki s svojimi travmati\u010dnimi posledicami sega tudi v na\u0161 \u010das.","breadcrumb":{"@id":"https:\/\/www.iskreni.net\/trgovina\/product\/slovenski-razkol\/#breadcrumb"},"inLanguage":"sl-SI","potentialAction":[{"@type":"ReadAction","target":["https:\/\/www.iskreni.net\/trgovina\/product\/slovenski-razkol\/"]}]},{"@type":"ImageObject","inLanguage":"sl-SI","@id":"https:\/\/www.iskreni.net\/trgovina\/product\/slovenski-razkol\/#primaryimage","url":"https:\/\/www.iskreni.net\/trgovina\/wp-content\/uploads\/2019\/12\/Slovenski-razkol.jpg","contentUrl":"https:\/\/www.iskreni.net\/trgovina\/wp-content\/uploads\/2019\/12\/Slovenski-razkol.jpg","width":1177,"height":1177,"caption":"Slovenski razkol"},{"@type":"BreadcrumbList","@id":"https:\/\/www.iskreni.net\/trgovina\/product\/slovenski-razkol\/#breadcrumb","itemListElement":[{"@type":"ListItem","position":1,"name":"Home","item":"https:\/\/www.iskreni.net\/trgovina\/"},{"@type":"ListItem","position":2,"name":"Trgovina","item":"https:\/\/www.iskreni.net\/trgovina\/trgovina\/"},{"@type":"ListItem","position":3,"name":"Slovenski razkol"}]},{"@type":"WebSite","@id":"https:\/\/www.iskreni.net\/trgovina\/#website","url":"https:\/\/www.iskreni.net\/trgovina\/","name":"Zavod Iskreni","description":"trgovina","potentialAction":[{"@type":"SearchAction","target":{"@type":"EntryPoint","urlTemplate":"https:\/\/www.iskreni.net\/trgovina\/?s={search_term_string}"},"query-input":{"@type":"PropertyValueSpecification","valueRequired":true,"valueName":"search_term_string"}}],"inLanguage":"sl-SI"}]}},"_links":{"self":[{"href":"https:\/\/www.iskreni.net\/trgovina\/wp-json\/wp\/v2\/product\/6348","targetHints":{"allow":["GET"]}}],"collection":[{"href":"https:\/\/www.iskreni.net\/trgovina\/wp-json\/wp\/v2\/product"}],"about":[{"href":"https:\/\/www.iskreni.net\/trgovina\/wp-json\/wp\/v2\/types\/product"}],"replies":[{"embeddable":true,"href":"https:\/\/www.iskreni.net\/trgovina\/wp-json\/wp\/v2\/comments?post=6348"}],"version-history":[{"count":5,"href":"https:\/\/www.iskreni.net\/trgovina\/wp-json\/wp\/v2\/product\/6348\/revisions"}],"predecessor-version":[{"id":51720,"href":"https:\/\/www.iskreni.net\/trgovina\/wp-json\/wp\/v2\/product\/6348\/revisions\/51720"}],"wp:featuredmedia":[{"embeddable":true,"href":"https:\/\/www.iskreni.net\/trgovina\/wp-json\/wp\/v2\/media\/6350"}],"wp:attachment":[{"href":"https:\/\/www.iskreni.net\/trgovina\/wp-json\/wp\/v2\/media?parent=6348"}],"wp:term":[{"taxonomy":"product_brand","embeddable":true,"href":"https:\/\/www.iskreni.net\/trgovina\/wp-json\/wp\/v2\/product_brand?post=6348"},{"taxonomy":"product_cat","embeddable":true,"href":"https:\/\/www.iskreni.net\/trgovina\/wp-json\/wp\/v2\/product_cat?post=6348"},{"taxonomy":"product_tag","embeddable":true,"href":"https:\/\/www.iskreni.net\/trgovina\/wp-json\/wp\/v2\/product_tag?post=6348"},{"taxonomy":"avtor","embeddable":true,"href":"https:\/\/www.iskreni.net\/trgovina\/wp-json\/wp\/v2\/avtor?post=6348"},{"taxonomy":"zalozba","embeddable":true,"href":"https:\/\/www.iskreni.net\/trgovina\/wp-json\/wp\/v2\/zalozba?post=6348"},{"taxonomy":"vezava","embeddable":true,"href":"https:\/\/www.iskreni.net\/trgovina\/wp-json\/wp\/v2\/vezava?post=6348"}],"curies":[{"name":"wp","href":"https:\/\/api.w.org\/{rel}","templated":true}]}}