{"id":6208,"date":"2019-11-27T14:23:17","date_gmt":"2019-11-27T13:23:17","guid":{"rendered":"https:\/\/www.iskreni.net\/trgovina\/product\/popolna-ljubezen\/"},"modified":"2026-02-20T14:54:38","modified_gmt":"2026-02-20T13:54:38","slug":"popolna-ljubezen","status":"publish","type":"product","link":"https:\/\/www.iskreni.net\/trgovina\/product\/popolna-ljubezen\/","title":{"rendered":"Popolna ljubezen, glasbeni CD"},"content":{"rendered":"<h4>Pesmi na zgo\u0161\u010denki\u00a0<em>Vstanem in grem:<\/em><\/h4>\n<p>1. Velik si, Bog<br \/>\n2. Lev in jagnje<br \/>\n3. Vate verujemo<br \/>\n4. \u010cisto tvoji (Sveti Duh)<br \/>\n5. Ljubi O\u010de<br \/>\n6. Na goro<br \/>\n7. V tvojem imenu (Jezus)<br \/>\n8. Da ljubim te<br \/>\n9. Ljubezen popolna<br \/>\n10. \u010cudovito ime<br \/>\n11. Ozdravi me<br \/>\n12. Dotik usmiljenja<br \/>\n13. Hvala &#8211; Jezus<\/p>\n<p>&nbsp;<\/p>\n<p>14 let po izidu prvega albuma, ob 10. obletnici ustanovitve lastne zalo\u017ebe, 10 let po izidu prvega albuma s slavilno glasbo ter tik pred \u00bbpolnoletnostjo\u00ab skupine\u00a0<b>Svetnik z velikim veseljem napovedujemo izid novega albuma z naslovom POPOLNA LJUBEZEN.<\/b><br \/>\nVe\u010d kot ura sve\u017ee sodobne kr\u0161\u010danske glasbe: 10 avtorskih pesmi in 3 prevodi priljubljenih in nagrajenih slavilnih skladb \u2013 glasba, ki nas vodi k Bogu!<\/p>\n<p><i>\u00bbPo letu osebnih in dru\u017einskih preizku\u0161enj je bil projekt priprave novega albuma \u0161e poseben izziv. Hvale\u017een sem zanj, ampak \u0161e bolj se veselim tistih sadov, ki sledijo in ki jih morda niti ne bom videl. Zaupam, da ima Bog ve\u010dje na\u010drte s tem. Namen pesmi je, da za\u017eivijo med ljudmi. Da nagovorijo in spodbudijo bodisi preko zvo\u010dnikov bodisi v \u017eivo. Da bi jih posvojili in bi postale tudi va\u0161a molitev. Doma, na poti, v cerkvi&#8230; In kon\u010dno, da bi to slavljenje tudi \u017eiveli, ne le peli.\u00ab<\/i>\u00a0<b>Tadej Vindi\u0161<\/b><\/p>\n<p><i><b>Ljubi O\u010de, tvoja ljubezen je popolna&#8230;<\/b>\u00a0Ni\u010desar ne morem dodati&#8230;\u00a0<b>Tebi vse dolgujem<\/b>, naj slu\u017eim ti&#8230;\u00a0<b>Ho\u010de\u0161 me celega<\/b>, ne zado\u0161\u010da moja pesem&#8230;\u00a0<b>V tvojem imenu dvigam roke<\/b>, tebe slavim, ker si re\u0161il me.\u00a0<b>V tvojem imenu vse bom delal<\/b>, dokler mi bilo bo srce&#8230;\u00a0<b>Ljubil te bom in upal<\/b>, da k sebi me bo\u0161 vzel, da v ve\u010dnosti te bom slavil&#8230;\u00a0<b>Amen.<\/b><\/i><\/p>\n","protected":false},"excerpt":{"rendered":"<p>Ve\u010d kot ura sve\u017ee sodobne kr\u0161\u010danske glasbe: 10 avtorskih pesmi in 3 prevodi priljubljenih in nagrajenih slavilnih skladb \u2013 glasba, ki nas vodi k Bogu!<\/p>\n","protected":false},"featured_media":6209,"comment_status":"open","ping_status":"closed","template":"","meta":[],"product_brand":[709],"product_cat":[2321,428],"product_tag":[1896],"avtor":[],"zalozba":[],"vezava":[],"class_list":{"0":"post-6208","1":"product","2":"type-product","3":"status-publish","4":"has-post-thumbnail","6":"product_brand-prepih-media","7":"product_cat-glasba-in-filmi","8":"product_cat-glasba","9":"product_tag-molitev","11":"first","12":"instock","13":"taxable","14":"shipping-taxable","15":"purchasable","16":"product-type-simple"},"yoast_head":"<!-- This site is optimized with the Yoast SEO plugin v26.3 - https:\/\/yoast.com\/wordpress\/plugins\/seo\/ -->\n<title>Svetnik: Popolna Ljubezen, glasbeni CD - trgovina Iskreni<\/title>\n<meta name=\"description\" content=\"Ve\u010d kot ura sve\u017ee sodobne kr\u0161\u010danske glasbe: 10 avtorskih pesmi in 3 prevodi priljubljenih in nagrajenih slavilnih skladb \u2013 glasba, ki nas vodi k Bogu!\" \/>\n<meta name=\"robots\" content=\"index, follow, max-snippet:-1, max-image-preview:large, max-video-preview:-1\" \/>\n<link rel=\"canonical\" href=\"https:\/\/www.iskreni.net\/trgovina\/product\/popolna-ljubezen\/\" \/>\n<meta property=\"og:locale\" content=\"sl_SI\" \/>\n<meta property=\"og:type\" content=\"article\" \/>\n<meta property=\"og:title\" content=\"Svetnik: Popolna Ljubezen, glasbeni CD - trgovina Iskreni\" \/>\n<meta property=\"og:description\" content=\"Ve\u010d kot ura sve\u017ee sodobne kr\u0161\u010danske glasbe: 10 avtorskih pesmi in 3 prevodi priljubljenih in nagrajenih slavilnih skladb \u2013 glasba, ki nas vodi k Bogu!\" \/>\n<meta property=\"og:url\" content=\"https:\/\/www.iskreni.net\/trgovina\/product\/popolna-ljubezen\/\" \/>\n<meta property=\"og:site_name\" content=\"Zavod Iskreni\" \/>\n<meta property=\"article:modified_time\" content=\"2026-02-20T13:54:38+00:00\" \/>\n<meta property=\"og:image\" content=\"https:\/\/www.iskreni.net\/trgovina\/wp-content\/uploads\/2019\/11\/popolna_ljubezen.jpg\" \/>\n\t<meta property=\"og:image:width\" content=\"545\" \/>\n\t<meta property=\"og:image:height\" content=\"545\" \/>\n\t<meta property=\"og:image:type\" content=\"image\/jpeg\" \/>\n<meta name=\"twitter:card\" content=\"summary_large_image\" \/>\n<meta name=\"twitter:label1\" content=\"Est. reading time\" \/>\n\t<meta name=\"twitter:data1\" content=\"1 minuta\" \/>\n<script type=\"application\/ld+json\" class=\"yoast-schema-graph\">{\"@context\":\"https:\/\/schema.org\",\"@graph\":[{\"@type\":\"WebPage\",\"@id\":\"https:\/\/www.iskreni.net\/trgovina\/product\/popolna-ljubezen\/\",\"url\":\"https:\/\/www.iskreni.net\/trgovina\/product\/popolna-ljubezen\/\",\"name\":\"Svetnik: Popolna Ljubezen, glasbeni CD - trgovina Iskreni\",\"isPartOf\":{\"@id\":\"https:\/\/www.iskreni.net\/trgovina\/#website\"},\"primaryImageOfPage\":{\"@id\":\"https:\/\/www.iskreni.net\/trgovina\/product\/popolna-ljubezen\/#primaryimage\"},\"image\":{\"@id\":\"https:\/\/www.iskreni.net\/trgovina\/product\/popolna-ljubezen\/#primaryimage\"},\"thumbnailUrl\":\"https:\/\/www.iskreni.net\/trgovina\/wp-content\/uploads\/2019\/11\/popolna_ljubezen.jpg\",\"datePublished\":\"2019-11-27T13:23:17+00:00\",\"dateModified\":\"2026-02-20T13:54:38+00:00\",\"description\":\"Ve\u010d kot ura sve\u017ee sodobne kr\u0161\u010danske glasbe: 10 avtorskih pesmi in 3 prevodi priljubljenih in nagrajenih slavilnih skladb \u2013 glasba, ki nas vodi k Bogu!\",\"breadcrumb\":{\"@id\":\"https:\/\/www.iskreni.net\/trgovina\/product\/popolna-ljubezen\/#breadcrumb\"},\"inLanguage\":\"sl-SI\",\"potentialAction\":[{\"@type\":\"ReadAction\",\"target\":[\"https:\/\/www.iskreni.net\/trgovina\/product\/popolna-ljubezen\/\"]}]},{\"@type\":\"ImageObject\",\"inLanguage\":\"sl-SI\",\"@id\":\"https:\/\/www.iskreni.net\/trgovina\/product\/popolna-ljubezen\/#primaryimage\",\"url\":\"https:\/\/www.iskreni.net\/trgovina\/wp-content\/uploads\/2019\/11\/popolna_ljubezen.jpg\",\"contentUrl\":\"https:\/\/www.iskreni.net\/trgovina\/wp-content\/uploads\/2019\/11\/popolna_ljubezen.jpg\",\"width\":545,\"height\":545,\"caption\":\"Popolna ljubezen\"},{\"@type\":\"BreadcrumbList\",\"@id\":\"https:\/\/www.iskreni.net\/trgovina\/product\/popolna-ljubezen\/#breadcrumb\",\"itemListElement\":[{\"@type\":\"ListItem\",\"position\":1,\"name\":\"Home\",\"item\":\"https:\/\/www.iskreni.net\/trgovina\/\"},{\"@type\":\"ListItem\",\"position\":2,\"name\":\"Trgovina\",\"item\":\"https:\/\/www.iskreni.net\/trgovina\/trgovina\/\"},{\"@type\":\"ListItem\",\"position\":3,\"name\":\"Popolna ljubezen, glasbeni CD\"}]},{\"@type\":\"WebSite\",\"@id\":\"https:\/\/www.iskreni.net\/trgovina\/#website\",\"url\":\"https:\/\/www.iskreni.net\/trgovina\/\",\"name\":\"Zavod Iskreni\",\"description\":\"trgovina\",\"potentialAction\":[{\"@type\":\"SearchAction\",\"target\":{\"@type\":\"EntryPoint\",\"urlTemplate\":\"https:\/\/www.iskreni.net\/trgovina\/?s={search_term_string}\"},\"query-input\":{\"@type\":\"PropertyValueSpecification\",\"valueRequired\":true,\"valueName\":\"search_term_string\"}}],\"inLanguage\":\"sl-SI\"}]}<\/script>\n<!-- \/ Yoast SEO plugin. -->","yoast_head_json":{"title":"Svetnik: Popolna Ljubezen, glasbeni CD - trgovina Iskreni","description":"Ve\u010d kot ura sve\u017ee sodobne kr\u0161\u010danske glasbe: 10 avtorskih pesmi in 3 prevodi priljubljenih in nagrajenih slavilnih skladb \u2013 glasba, ki nas vodi k Bogu!","robots":{"index":"index","follow":"follow","max-snippet":"max-snippet:-1","max-image-preview":"max-image-preview:large","max-video-preview":"max-video-preview:-1"},"canonical":"https:\/\/www.iskreni.net\/trgovina\/product\/popolna-ljubezen\/","og_locale":"sl_SI","og_type":"article","og_title":"Svetnik: Popolna Ljubezen, glasbeni CD - trgovina Iskreni","og_description":"Ve\u010d kot ura sve\u017ee sodobne kr\u0161\u010danske glasbe: 10 avtorskih pesmi in 3 prevodi priljubljenih in nagrajenih slavilnih skladb \u2013 glasba, ki nas vodi k Bogu!","og_url":"https:\/\/www.iskreni.net\/trgovina\/product\/popolna-ljubezen\/","og_site_name":"Zavod Iskreni","article_modified_time":"2026-02-20T13:54:38+00:00","og_image":[{"width":545,"height":545,"url":"https:\/\/www.iskreni.net\/trgovina\/wp-content\/uploads\/2019\/11\/popolna_ljubezen.jpg","type":"image\/jpeg"}],"twitter_card":"summary_large_image","twitter_misc":{"Est. reading time":"1 minuta"},"schema":{"@context":"https:\/\/schema.org","@graph":[{"@type":"WebPage","@id":"https:\/\/www.iskreni.net\/trgovina\/product\/popolna-ljubezen\/","url":"https:\/\/www.iskreni.net\/trgovina\/product\/popolna-ljubezen\/","name":"Svetnik: Popolna Ljubezen, glasbeni CD - trgovina Iskreni","isPartOf":{"@id":"https:\/\/www.iskreni.net\/trgovina\/#website"},"primaryImageOfPage":{"@id":"https:\/\/www.iskreni.net\/trgovina\/product\/popolna-ljubezen\/#primaryimage"},"image":{"@id":"https:\/\/www.iskreni.net\/trgovina\/product\/popolna-ljubezen\/#primaryimage"},"thumbnailUrl":"https:\/\/www.iskreni.net\/trgovina\/wp-content\/uploads\/2019\/11\/popolna_ljubezen.jpg","datePublished":"2019-11-27T13:23:17+00:00","dateModified":"2026-02-20T13:54:38+00:00","description":"Ve\u010d kot ura sve\u017ee sodobne kr\u0161\u010danske glasbe: 10 avtorskih pesmi in 3 prevodi priljubljenih in nagrajenih slavilnih skladb \u2013 glasba, ki nas vodi k Bogu!","breadcrumb":{"@id":"https:\/\/www.iskreni.net\/trgovina\/product\/popolna-ljubezen\/#breadcrumb"},"inLanguage":"sl-SI","potentialAction":[{"@type":"ReadAction","target":["https:\/\/www.iskreni.net\/trgovina\/product\/popolna-ljubezen\/"]}]},{"@type":"ImageObject","inLanguage":"sl-SI","@id":"https:\/\/www.iskreni.net\/trgovina\/product\/popolna-ljubezen\/#primaryimage","url":"https:\/\/www.iskreni.net\/trgovina\/wp-content\/uploads\/2019\/11\/popolna_ljubezen.jpg","contentUrl":"https:\/\/www.iskreni.net\/trgovina\/wp-content\/uploads\/2019\/11\/popolna_ljubezen.jpg","width":545,"height":545,"caption":"Popolna ljubezen"},{"@type":"BreadcrumbList","@id":"https:\/\/www.iskreni.net\/trgovina\/product\/popolna-ljubezen\/#breadcrumb","itemListElement":[{"@type":"ListItem","position":1,"name":"Home","item":"https:\/\/www.iskreni.net\/trgovina\/"},{"@type":"ListItem","position":2,"name":"Trgovina","item":"https:\/\/www.iskreni.net\/trgovina\/trgovina\/"},{"@type":"ListItem","position":3,"name":"Popolna ljubezen, glasbeni CD"}]},{"@type":"WebSite","@id":"https:\/\/www.iskreni.net\/trgovina\/#website","url":"https:\/\/www.iskreni.net\/trgovina\/","name":"Zavod Iskreni","description":"trgovina","potentialAction":[{"@type":"SearchAction","target":{"@type":"EntryPoint","urlTemplate":"https:\/\/www.iskreni.net\/trgovina\/?s={search_term_string}"},"query-input":{"@type":"PropertyValueSpecification","valueRequired":true,"valueName":"search_term_string"}}],"inLanguage":"sl-SI"}]}},"_links":{"self":[{"href":"https:\/\/www.iskreni.net\/trgovina\/wp-json\/wp\/v2\/product\/6208","targetHints":{"allow":["GET"]}}],"collection":[{"href":"https:\/\/www.iskreni.net\/trgovina\/wp-json\/wp\/v2\/product"}],"about":[{"href":"https:\/\/www.iskreni.net\/trgovina\/wp-json\/wp\/v2\/types\/product"}],"replies":[{"embeddable":true,"href":"https:\/\/www.iskreni.net\/trgovina\/wp-json\/wp\/v2\/comments?post=6208"}],"version-history":[{"count":2,"href":"https:\/\/www.iskreni.net\/trgovina\/wp-json\/wp\/v2\/product\/6208\/revisions"}],"predecessor-version":[{"id":53417,"href":"https:\/\/www.iskreni.net\/trgovina\/wp-json\/wp\/v2\/product\/6208\/revisions\/53417"}],"wp:featuredmedia":[{"embeddable":true,"href":"https:\/\/www.iskreni.net\/trgovina\/wp-json\/wp\/v2\/media\/6209"}],"wp:attachment":[{"href":"https:\/\/www.iskreni.net\/trgovina\/wp-json\/wp\/v2\/media?parent=6208"}],"wp:term":[{"taxonomy":"product_brand","embeddable":true,"href":"https:\/\/www.iskreni.net\/trgovina\/wp-json\/wp\/v2\/product_brand?post=6208"},{"taxonomy":"product_cat","embeddable":true,"href":"https:\/\/www.iskreni.net\/trgovina\/wp-json\/wp\/v2\/product_cat?post=6208"},{"taxonomy":"product_tag","embeddable":true,"href":"https:\/\/www.iskreni.net\/trgovina\/wp-json\/wp\/v2\/product_tag?post=6208"},{"taxonomy":"avtor","embeddable":true,"href":"https:\/\/www.iskreni.net\/trgovina\/wp-json\/wp\/v2\/avtor?post=6208"},{"taxonomy":"zalozba","embeddable":true,"href":"https:\/\/www.iskreni.net\/trgovina\/wp-json\/wp\/v2\/zalozba?post=6208"},{"taxonomy":"vezava","embeddable":true,"href":"https:\/\/www.iskreni.net\/trgovina\/wp-json\/wp\/v2\/vezava?post=6208"}],"curies":[{"name":"wp","href":"https:\/\/api.w.org\/{rel}","templated":true}]}}