{"id":59856,"date":"2022-11-04T14:29:44","date_gmt":"2022-11-04T13:29:44","guid":{"rendered":"https:\/\/www.iskreni.net\/trgovina\/?post_type=product&#038;p=59856"},"modified":"2025-11-21T09:32:42","modified_gmt":"2025-11-21T08:32:42","slug":"miklavzevi-ceveljci","status":"publish","type":"product","link":"https:\/\/www.iskreni.net\/trgovina\/product\/miklavzevi-ceveljci\/","title":{"rendered":"Miklav\u017eevi \u010develjci"},"content":{"rendered":"<h4>O knjigi <em>Miklav\u017eevi \u010develjci<\/em><\/h4>\n<p>Miklav\u017e je \u017ee za\u010del s pripravami na svoje vsakoletno obdarovanje. Medtem ko so pi\u0161koti v pe\u010dici, poi\u0161\u010de svojo slavnostno opravo in ugotovi, da mora nujno zlo\u0161\u010diti \u0161e \u010develjce.<br \/>\nA glej ga zlomka, to ga tako zaposli, da pozabi na dobrote v pe\u010dici. Ne samo da je za\u017egal pi\u0161kote, izginili so tudi \u010develjci. Brez njih pa res ne more na pot. K sre\u010di ima osel genialno idejo.<\/p>\n","protected":false},"excerpt":{"rendered":"<p><strong>\u0160tevilo strani: <\/strong>26<br \/>\n<strong>Leto izdaje:<\/strong> 2022<br \/>\n<strong>Mere:<\/strong> 23 x 28 cm<\/p>\n<h5>Kaj bi Miklav\u017e brez osla, ki dobi genialno idejo?<\/h5>\n","protected":false},"featured_media":59872,"comment_status":"open","ping_status":"closed","template":"","meta":[],"product_brand":[],"product_cat":[63,135],"product_tag":[1344,3227,1776],"avtor":[2689,2688],"zalozba":[2361],"vezava":[2306],"class_list":{"0":"post-59856","1":"product","2":"type-product","3":"status-publish","4":"has-post-thumbnail","6":"product_cat-knjige","7":"product_cat-za-otroke","8":"product_tag-advent-in-bozic","9":"product_tag-miklavz-2025","10":"product_tag-sveti-miklavz","11":"avtor-annette-boisnard","12":"avtor-laurence-bourguignon","13":"zalozba-hisa-knjig","14":"vezava-trda","16":"first","17":"onbackorder","18":"taxable","19":"shipping-taxable","20":"purchasable","21":"product-type-simple"},"yoast_head":"<!-- This site is optimized with the Yoast SEO plugin v26.3 - https:\/\/yoast.com\/wordpress\/plugins\/seo\/ -->\n<title>Miklav\u017eevi \u010develjci - trgovina Iskreni<\/title>\n<meta name=\"description\" content=\"Miklav\u017eevi \u010develjci pripoveduje o prigodi svetega Miklav\u017ea, ki pred odhodom na obdarovanje lo\u0161\u010di \u010devlje in pozabi na pi\u0161kote v pe\u010dici ...\" \/>\n<meta name=\"robots\" content=\"index, follow, max-snippet:-1, max-image-preview:large, max-video-preview:-1\" \/>\n<link rel=\"canonical\" href=\"https:\/\/www.iskreni.net\/trgovina\/product\/miklavzevi-ceveljci\/\" \/>\n<meta property=\"og:locale\" content=\"sl_SI\" \/>\n<meta property=\"og:type\" content=\"article\" \/>\n<meta property=\"og:title\" content=\"Miklav\u017eevi \u010develjci\" \/>\n<meta property=\"og:description\" content=\"Miklav\u017eevi \u010develjci pripoveduje o prigodi svetega Miklav\u017ea, ki pred odhodom na obdarovanje lo\u0161\u010di \u010devlje in pozabi na pi\u0161kote v pe\u010dici ...\" \/>\n<meta property=\"og:url\" content=\"https:\/\/www.iskreni.net\/trgovina\/product\/miklavzevi-ceveljci\/\" \/>\n<meta property=\"og:site_name\" content=\"Zavod Iskreni\" \/>\n<meta property=\"article:modified_time\" content=\"2025-11-21T08:32:42+00:00\" \/>\n<meta property=\"og:image\" content=\"https:\/\/www.iskreni.net\/trgovina\/wp-content\/uploads\/2022\/11\/13-1.jpg\" \/>\n\t<meta property=\"og:image:width\" content=\"1200\" \/>\n\t<meta property=\"og:image:height\" content=\"674\" \/>\n\t<meta property=\"og:image:type\" content=\"image\/jpeg\" \/>\n<meta name=\"twitter:card\" content=\"summary_large_image\" \/>\n<meta name=\"twitter:label1\" content=\"Est. reading time\" \/>\n\t<meta name=\"twitter:data1\" content=\"1 minuta\" \/>\n<script type=\"application\/ld+json\" class=\"yoast-schema-graph\">{\"@context\":\"https:\/\/schema.org\",\"@graph\":[{\"@type\":\"WebPage\",\"@id\":\"https:\/\/www.iskreni.net\/trgovina\/product\/miklavzevi-ceveljci\/\",\"url\":\"https:\/\/www.iskreni.net\/trgovina\/product\/miklavzevi-ceveljci\/\",\"name\":\"Miklav\u017eevi \u010develjci - trgovina Iskreni\",\"isPartOf\":{\"@id\":\"https:\/\/www.iskreni.net\/trgovina\/#website\"},\"primaryImageOfPage\":{\"@id\":\"https:\/\/www.iskreni.net\/trgovina\/product\/miklavzevi-ceveljci\/#primaryimage\"},\"image\":{\"@id\":\"https:\/\/www.iskreni.net\/trgovina\/product\/miklavzevi-ceveljci\/#primaryimage\"},\"thumbnailUrl\":\"https:\/\/www.iskreni.net\/trgovina\/wp-content\/uploads\/2022\/11\/2.jpg\",\"datePublished\":\"2022-11-04T13:29:44+00:00\",\"dateModified\":\"2025-11-21T08:32:42+00:00\",\"description\":\"Miklav\u017eevi \u010develjci pripoveduje o prigodi svetega Miklav\u017ea, ki pred odhodom na obdarovanje lo\u0161\u010di \u010devlje in pozabi na pi\u0161kote v pe\u010dici ...\",\"breadcrumb\":{\"@id\":\"https:\/\/www.iskreni.net\/trgovina\/product\/miklavzevi-ceveljci\/#breadcrumb\"},\"inLanguage\":\"sl-SI\",\"potentialAction\":[{\"@type\":\"ReadAction\",\"target\":[\"https:\/\/www.iskreni.net\/trgovina\/product\/miklavzevi-ceveljci\/\"]}]},{\"@type\":\"ImageObject\",\"inLanguage\":\"sl-SI\",\"@id\":\"https:\/\/www.iskreni.net\/trgovina\/product\/miklavzevi-ceveljci\/#primaryimage\",\"url\":\"https:\/\/www.iskreni.net\/trgovina\/wp-content\/uploads\/2022\/11\/2.jpg\",\"contentUrl\":\"https:\/\/www.iskreni.net\/trgovina\/wp-content\/uploads\/2022\/11\/2.jpg\",\"width\":600,\"height\":600},{\"@type\":\"BreadcrumbList\",\"@id\":\"https:\/\/www.iskreni.net\/trgovina\/product\/miklavzevi-ceveljci\/#breadcrumb\",\"itemListElement\":[{\"@type\":\"ListItem\",\"position\":1,\"name\":\"Home\",\"item\":\"https:\/\/www.iskreni.net\/trgovina\/\"},{\"@type\":\"ListItem\",\"position\":2,\"name\":\"Trgovina\",\"item\":\"https:\/\/www.iskreni.net\/trgovina\/trgovina\/\"},{\"@type\":\"ListItem\",\"position\":3,\"name\":\"Miklav\u017eevi \u010develjci\"}]},{\"@type\":\"WebSite\",\"@id\":\"https:\/\/www.iskreni.net\/trgovina\/#website\",\"url\":\"https:\/\/www.iskreni.net\/trgovina\/\",\"name\":\"Zavod Iskreni\",\"description\":\"trgovina\",\"potentialAction\":[{\"@type\":\"SearchAction\",\"target\":{\"@type\":\"EntryPoint\",\"urlTemplate\":\"https:\/\/www.iskreni.net\/trgovina\/?s={search_term_string}\"},\"query-input\":{\"@type\":\"PropertyValueSpecification\",\"valueRequired\":true,\"valueName\":\"search_term_string\"}}],\"inLanguage\":\"sl-SI\"}]}<\/script>\n<!-- \/ Yoast SEO plugin. -->","yoast_head_json":{"title":"Miklav\u017eevi \u010develjci - trgovina Iskreni","description":"Miklav\u017eevi \u010develjci pripoveduje o prigodi svetega Miklav\u017ea, ki pred odhodom na obdarovanje lo\u0161\u010di \u010devlje in pozabi na pi\u0161kote v pe\u010dici ...","robots":{"index":"index","follow":"follow","max-snippet":"max-snippet:-1","max-image-preview":"max-image-preview:large","max-video-preview":"max-video-preview:-1"},"canonical":"https:\/\/www.iskreni.net\/trgovina\/product\/miklavzevi-ceveljci\/","og_locale":"sl_SI","og_type":"article","og_title":"Miklav\u017eevi \u010develjci","og_description":"Miklav\u017eevi \u010develjci pripoveduje o prigodi svetega Miklav\u017ea, ki pred odhodom na obdarovanje lo\u0161\u010di \u010devlje in pozabi na pi\u0161kote v pe\u010dici ...","og_url":"https:\/\/www.iskreni.net\/trgovina\/product\/miklavzevi-ceveljci\/","og_site_name":"Zavod Iskreni","article_modified_time":"2025-11-21T08:32:42+00:00","og_image":[{"width":1200,"height":674,"url":"https:\/\/www.iskreni.net\/trgovina\/wp-content\/uploads\/2022\/11\/13-1.jpg","type":"image\/jpeg"}],"twitter_card":"summary_large_image","twitter_misc":{"Est. reading time":"1 minuta"},"schema":{"@context":"https:\/\/schema.org","@graph":[{"@type":"WebPage","@id":"https:\/\/www.iskreni.net\/trgovina\/product\/miklavzevi-ceveljci\/","url":"https:\/\/www.iskreni.net\/trgovina\/product\/miklavzevi-ceveljci\/","name":"Miklav\u017eevi \u010develjci - trgovina Iskreni","isPartOf":{"@id":"https:\/\/www.iskreni.net\/trgovina\/#website"},"primaryImageOfPage":{"@id":"https:\/\/www.iskreni.net\/trgovina\/product\/miklavzevi-ceveljci\/#primaryimage"},"image":{"@id":"https:\/\/www.iskreni.net\/trgovina\/product\/miklavzevi-ceveljci\/#primaryimage"},"thumbnailUrl":"https:\/\/www.iskreni.net\/trgovina\/wp-content\/uploads\/2022\/11\/2.jpg","datePublished":"2022-11-04T13:29:44+00:00","dateModified":"2025-11-21T08:32:42+00:00","description":"Miklav\u017eevi \u010develjci pripoveduje o prigodi svetega Miklav\u017ea, ki pred odhodom na obdarovanje lo\u0161\u010di \u010devlje in pozabi na pi\u0161kote v pe\u010dici ...","breadcrumb":{"@id":"https:\/\/www.iskreni.net\/trgovina\/product\/miklavzevi-ceveljci\/#breadcrumb"},"inLanguage":"sl-SI","potentialAction":[{"@type":"ReadAction","target":["https:\/\/www.iskreni.net\/trgovina\/product\/miklavzevi-ceveljci\/"]}]},{"@type":"ImageObject","inLanguage":"sl-SI","@id":"https:\/\/www.iskreni.net\/trgovina\/product\/miklavzevi-ceveljci\/#primaryimage","url":"https:\/\/www.iskreni.net\/trgovina\/wp-content\/uploads\/2022\/11\/2.jpg","contentUrl":"https:\/\/www.iskreni.net\/trgovina\/wp-content\/uploads\/2022\/11\/2.jpg","width":600,"height":600},{"@type":"BreadcrumbList","@id":"https:\/\/www.iskreni.net\/trgovina\/product\/miklavzevi-ceveljci\/#breadcrumb","itemListElement":[{"@type":"ListItem","position":1,"name":"Home","item":"https:\/\/www.iskreni.net\/trgovina\/"},{"@type":"ListItem","position":2,"name":"Trgovina","item":"https:\/\/www.iskreni.net\/trgovina\/trgovina\/"},{"@type":"ListItem","position":3,"name":"Miklav\u017eevi \u010develjci"}]},{"@type":"WebSite","@id":"https:\/\/www.iskreni.net\/trgovina\/#website","url":"https:\/\/www.iskreni.net\/trgovina\/","name":"Zavod Iskreni","description":"trgovina","potentialAction":[{"@type":"SearchAction","target":{"@type":"EntryPoint","urlTemplate":"https:\/\/www.iskreni.net\/trgovina\/?s={search_term_string}"},"query-input":{"@type":"PropertyValueSpecification","valueRequired":true,"valueName":"search_term_string"}}],"inLanguage":"sl-SI"}]}},"_links":{"self":[{"href":"https:\/\/www.iskreni.net\/trgovina\/wp-json\/wp\/v2\/product\/59856","targetHints":{"allow":["GET"]}}],"collection":[{"href":"https:\/\/www.iskreni.net\/trgovina\/wp-json\/wp\/v2\/product"}],"about":[{"href":"https:\/\/www.iskreni.net\/trgovina\/wp-json\/wp\/v2\/types\/product"}],"replies":[{"embeddable":true,"href":"https:\/\/www.iskreni.net\/trgovina\/wp-json\/wp\/v2\/comments?post=59856"}],"version-history":[{"count":5,"href":"https:\/\/www.iskreni.net\/trgovina\/wp-json\/wp\/v2\/product\/59856\/revisions"}],"predecessor-version":[{"id":72679,"href":"https:\/\/www.iskreni.net\/trgovina\/wp-json\/wp\/v2\/product\/59856\/revisions\/72679"}],"wp:featuredmedia":[{"embeddable":true,"href":"https:\/\/www.iskreni.net\/trgovina\/wp-json\/wp\/v2\/media\/59872"}],"wp:attachment":[{"href":"https:\/\/www.iskreni.net\/trgovina\/wp-json\/wp\/v2\/media?parent=59856"}],"wp:term":[{"taxonomy":"product_brand","embeddable":true,"href":"https:\/\/www.iskreni.net\/trgovina\/wp-json\/wp\/v2\/product_brand?post=59856"},{"taxonomy":"product_cat","embeddable":true,"href":"https:\/\/www.iskreni.net\/trgovina\/wp-json\/wp\/v2\/product_cat?post=59856"},{"taxonomy":"product_tag","embeddable":true,"href":"https:\/\/www.iskreni.net\/trgovina\/wp-json\/wp\/v2\/product_tag?post=59856"},{"taxonomy":"avtor","embeddable":true,"href":"https:\/\/www.iskreni.net\/trgovina\/wp-json\/wp\/v2\/avtor?post=59856"},{"taxonomy":"zalozba","embeddable":true,"href":"https:\/\/www.iskreni.net\/trgovina\/wp-json\/wp\/v2\/zalozba?post=59856"},{"taxonomy":"vezava","embeddable":true,"href":"https:\/\/www.iskreni.net\/trgovina\/wp-json\/wp\/v2\/vezava?post=59856"}],"curies":[{"name":"wp","href":"https:\/\/api.w.org\/{rel}","templated":true}]}}