{"id":59755,"date":"2022-10-28T15:07:50","date_gmt":"2022-10-28T13:07:50","guid":{"rendered":"https:\/\/www.iskreni.net\/trgovina\/?post_type=product&#038;p=59755"},"modified":"2025-07-09T13:34:17","modified_gmt":"2025-07-09T11:34:17","slug":"calvin-in-hobbes-znanstveni-napredek-je-naredil-pok","status":"publish","type":"product","link":"https:\/\/www.iskreni.net\/trgovina\/product\/calvin-in-hobbes-znanstveni-napredek-je-naredil-pok\/","title":{"rendered":"Calvin in Hobbes: Znanstveni napredek je naredil pok"},"content":{"rendered":"<h4>O knjigi <em>Znanstveni napredek je naredil pok<\/em><\/h4>\n<p>Znanstveni napredek je naredil pok je knjiga zbranih stripov o dogodiv\u0161\u010dinah Calvina in Hobbesa. Calvin in Hobbes je zabaven strip o duhovitih dogodiv\u0161\u010dinah navihanega \u0161estletnika Calvina in njegovega pli\u0161astega tigra Hobbesa, ki je v njegovih o\u010deh pravi \u017eivi tiger in nepogre\u0161ljiv prijatelj. Bralci in kritiki Calvina in Hobbesa uvr\u0161\u010dajo med trojico najbolj\u0161ih stripov, ki so kadar koli izhajali. Na vrhuncu njune slave je Calvina in Hobbesa objavljalo 2400 \u010dasopisov po vsem svetu, v 50 dr\u017eavah. Prodali so tudi 45 milijonov izvodov knjig z zbranimi stripi. Vsi stripi Calvin in Hobbes so prejemniki znaka kakovosti Zlata hru\u0161ka.<\/p>\n<h4>O zbirki\u00a0<em>Calvin in Hobbes<\/em><\/h4>\n<p>Zgodbe potekajo v sodobnem \u010dasu, v predmestju, v ZDA. Strip obravnava Calvinove dogodiv\u0161\u010dine in njegove odnose s Hobbesom, star\u0161i, so\u0161olko, u\u010diteljico, njegov odnos do \u0161ole, njegov bogat domi\u0161ljijski svet in njegova razmi\u0161ljanja o \u017eivljenju, svetu, bivanjskih vpra\u0161anjih &#8230; Vklju\u010duje tudi kriti\u010dne poglede do dru\u017ebenih tem, kot so komercializem, prevladujo\u010d vpliv mno\u017ei\u010dnih medijev, uni\u010devanje narave &#8230; &#8220;\u010ce se na vsaki tretji strani stripa ne za\u010dnete glasno smejati, preverite svoj sr\u010dni utrip &#8211; morda ste mrtvi.&#8221; (Phil Musick, kolumnist \u010dasopisa Pittsburgh Press)<\/p>\n<p>&nbsp;<\/p>\n","protected":false},"excerpt":{"rendered":"<p><strong>\u0160tevilo strani:<\/strong> 127<br \/>\n<strong>Leto izdaje:<\/strong> 2018<\/p>\n","protected":false},"featured_media":59716,"comment_status":"open","ping_status":"closed","template":"","meta":[],"product_brand":[],"product_cat":[63,135],"product_tag":[1883,2666],"avtor":[2340],"zalozba":[2316],"vezava":[2307],"class_list":{"0":"post-59755","1":"product","2":"type-product","3":"status-publish","4":"has-post-thumbnail","6":"product_cat-knjige","7":"product_cat-za-otroke","8":"product_tag-calvin-in-hobbes","9":"product_tag-strip","10":"avtor-bill-watterson","11":"zalozba-didakta","12":"vezava-mehka","14":"first","15":"onbackorder","16":"taxable","17":"shipping-taxable","18":"purchasable","19":"product-type-simple"},"yoast_head":"<!-- This site is optimized with the Yoast SEO plugin v26.3 - https:\/\/yoast.com\/wordpress\/plugins\/seo\/ -->\n<title>Calvin in Hobbes: Znanstveni napredek je naredil pok - trgovina Iskreni<\/title>\n<meta name=\"description\" content=\"Znanstveni napredek je naredil pok je knjiga v seriji stripov o legendarnih junakih Calvinu in Hobbesu in prejemnik priznanja Zlata hru\u0161ka.\" \/>\n<meta name=\"robots\" content=\"index, follow, max-snippet:-1, max-image-preview:large, max-video-preview:-1\" \/>\n<link rel=\"canonical\" href=\"https:\/\/www.iskreni.net\/trgovina\/product\/calvin-in-hobbes-znanstveni-napredek-je-naredil-pok\/\" \/>\n<meta property=\"og:locale\" content=\"sl_SI\" \/>\n<meta property=\"og:type\" content=\"article\" \/>\n<meta property=\"og:title\" content=\"Calvin in Hobbes: Znanstveni napredek je naredil pok\" \/>\n<meta property=\"og:description\" content=\"Znanstveni napredek je naredil pok je knjiga v seriji stripov o legendarnih junakih Calvinu in Hobbesu in prejemnik priznanja Zlata hru\u0161ka.\" \/>\n<meta property=\"og:url\" content=\"https:\/\/www.iskreni.net\/trgovina\/product\/calvin-in-hobbes-znanstveni-napredek-je-naredil-pok\/\" \/>\n<meta property=\"og:site_name\" content=\"Zavod Iskreni\" \/>\n<meta property=\"article:modified_time\" content=\"2025-07-09T11:34:17+00:00\" \/>\n<meta property=\"og:image\" content=\"https:\/\/www.iskreni.net\/trgovina\/wp-content\/uploads\/2022\/10\/2-6.jpg\" \/>\n\t<meta property=\"og:image:width\" content=\"1200\" \/>\n\t<meta property=\"og:image:height\" content=\"674\" \/>\n\t<meta property=\"og:image:type\" content=\"image\/jpeg\" \/>\n<meta name=\"twitter:card\" content=\"summary_large_image\" \/>\n<meta name=\"twitter:label1\" content=\"Est. reading time\" \/>\n\t<meta name=\"twitter:data1\" content=\"2 minuti\" \/>\n<script type=\"application\/ld+json\" class=\"yoast-schema-graph\">{\"@context\":\"https:\/\/schema.org\",\"@graph\":[{\"@type\":\"WebPage\",\"@id\":\"https:\/\/www.iskreni.net\/trgovina\/product\/calvin-in-hobbes-znanstveni-napredek-je-naredil-pok\/\",\"url\":\"https:\/\/www.iskreni.net\/trgovina\/product\/calvin-in-hobbes-znanstveni-napredek-je-naredil-pok\/\",\"name\":\"Calvin in Hobbes: Znanstveni napredek je naredil pok - trgovina Iskreni\",\"isPartOf\":{\"@id\":\"https:\/\/www.iskreni.net\/trgovina\/#website\"},\"primaryImageOfPage\":{\"@id\":\"https:\/\/www.iskreni.net\/trgovina\/product\/calvin-in-hobbes-znanstveni-napredek-je-naredil-pok\/#primaryimage\"},\"image\":{\"@id\":\"https:\/\/www.iskreni.net\/trgovina\/product\/calvin-in-hobbes-znanstveni-napredek-je-naredil-pok\/#primaryimage\"},\"thumbnailUrl\":\"https:\/\/www.iskreni.net\/trgovina\/wp-content\/uploads\/2022\/10\/2-5.jpg\",\"datePublished\":\"2022-10-28T13:07:50+00:00\",\"dateModified\":\"2025-07-09T11:34:17+00:00\",\"description\":\"Znanstveni napredek je naredil pok je knjiga v seriji stripov o legendarnih junakih Calvinu in Hobbesu in prejemnik priznanja Zlata hru\u0161ka.\",\"breadcrumb\":{\"@id\":\"https:\/\/www.iskreni.net\/trgovina\/product\/calvin-in-hobbes-znanstveni-napredek-je-naredil-pok\/#breadcrumb\"},\"inLanguage\":\"sl-SI\",\"potentialAction\":[{\"@type\":\"ReadAction\",\"target\":[\"https:\/\/www.iskreni.net\/trgovina\/product\/calvin-in-hobbes-znanstveni-napredek-je-naredil-pok\/\"]}]},{\"@type\":\"ImageObject\",\"inLanguage\":\"sl-SI\",\"@id\":\"https:\/\/www.iskreni.net\/trgovina\/product\/calvin-in-hobbes-znanstveni-napredek-je-naredil-pok\/#primaryimage\",\"url\":\"https:\/\/www.iskreni.net\/trgovina\/wp-content\/uploads\/2022\/10\/2-5.jpg\",\"contentUrl\":\"https:\/\/www.iskreni.net\/trgovina\/wp-content\/uploads\/2022\/10\/2-5.jpg\",\"width\":600,\"height\":600},{\"@type\":\"BreadcrumbList\",\"@id\":\"https:\/\/www.iskreni.net\/trgovina\/product\/calvin-in-hobbes-znanstveni-napredek-je-naredil-pok\/#breadcrumb\",\"itemListElement\":[{\"@type\":\"ListItem\",\"position\":1,\"name\":\"Home\",\"item\":\"https:\/\/www.iskreni.net\/trgovina\/\"},{\"@type\":\"ListItem\",\"position\":2,\"name\":\"Trgovina\",\"item\":\"https:\/\/www.iskreni.net\/trgovina\/trgovina\/\"},{\"@type\":\"ListItem\",\"position\":3,\"name\":\"Calvin in Hobbes: Znanstveni napredek je naredil pok\"}]},{\"@type\":\"WebSite\",\"@id\":\"https:\/\/www.iskreni.net\/trgovina\/#website\",\"url\":\"https:\/\/www.iskreni.net\/trgovina\/\",\"name\":\"Zavod Iskreni\",\"description\":\"trgovina\",\"potentialAction\":[{\"@type\":\"SearchAction\",\"target\":{\"@type\":\"EntryPoint\",\"urlTemplate\":\"https:\/\/www.iskreni.net\/trgovina\/?s={search_term_string}\"},\"query-input\":{\"@type\":\"PropertyValueSpecification\",\"valueRequired\":true,\"valueName\":\"search_term_string\"}}],\"inLanguage\":\"sl-SI\"}]}<\/script>\n<!-- \/ Yoast SEO plugin. -->","yoast_head_json":{"title":"Calvin in Hobbes: Znanstveni napredek je naredil pok - trgovina Iskreni","description":"Znanstveni napredek je naredil pok je knjiga v seriji stripov o legendarnih junakih Calvinu in Hobbesu in prejemnik priznanja Zlata hru\u0161ka.","robots":{"index":"index","follow":"follow","max-snippet":"max-snippet:-1","max-image-preview":"max-image-preview:large","max-video-preview":"max-video-preview:-1"},"canonical":"https:\/\/www.iskreni.net\/trgovina\/product\/calvin-in-hobbes-znanstveni-napredek-je-naredil-pok\/","og_locale":"sl_SI","og_type":"article","og_title":"Calvin in Hobbes: Znanstveni napredek je naredil pok","og_description":"Znanstveni napredek je naredil pok je knjiga v seriji stripov o legendarnih junakih Calvinu in Hobbesu in prejemnik priznanja Zlata hru\u0161ka.","og_url":"https:\/\/www.iskreni.net\/trgovina\/product\/calvin-in-hobbes-znanstveni-napredek-je-naredil-pok\/","og_site_name":"Zavod Iskreni","article_modified_time":"2025-07-09T11:34:17+00:00","og_image":[{"width":1200,"height":674,"url":"https:\/\/www.iskreni.net\/trgovina\/wp-content\/uploads\/2022\/10\/2-6.jpg","type":"image\/jpeg"}],"twitter_card":"summary_large_image","twitter_misc":{"Est. reading time":"2 minuti"},"schema":{"@context":"https:\/\/schema.org","@graph":[{"@type":"WebPage","@id":"https:\/\/www.iskreni.net\/trgovina\/product\/calvin-in-hobbes-znanstveni-napredek-je-naredil-pok\/","url":"https:\/\/www.iskreni.net\/trgovina\/product\/calvin-in-hobbes-znanstveni-napredek-je-naredil-pok\/","name":"Calvin in Hobbes: Znanstveni napredek je naredil pok - trgovina Iskreni","isPartOf":{"@id":"https:\/\/www.iskreni.net\/trgovina\/#website"},"primaryImageOfPage":{"@id":"https:\/\/www.iskreni.net\/trgovina\/product\/calvin-in-hobbes-znanstveni-napredek-je-naredil-pok\/#primaryimage"},"image":{"@id":"https:\/\/www.iskreni.net\/trgovina\/product\/calvin-in-hobbes-znanstveni-napredek-je-naredil-pok\/#primaryimage"},"thumbnailUrl":"https:\/\/www.iskreni.net\/trgovina\/wp-content\/uploads\/2022\/10\/2-5.jpg","datePublished":"2022-10-28T13:07:50+00:00","dateModified":"2025-07-09T11:34:17+00:00","description":"Znanstveni napredek je naredil pok je knjiga v seriji stripov o legendarnih junakih Calvinu in Hobbesu in prejemnik priznanja Zlata hru\u0161ka.","breadcrumb":{"@id":"https:\/\/www.iskreni.net\/trgovina\/product\/calvin-in-hobbes-znanstveni-napredek-je-naredil-pok\/#breadcrumb"},"inLanguage":"sl-SI","potentialAction":[{"@type":"ReadAction","target":["https:\/\/www.iskreni.net\/trgovina\/product\/calvin-in-hobbes-znanstveni-napredek-je-naredil-pok\/"]}]},{"@type":"ImageObject","inLanguage":"sl-SI","@id":"https:\/\/www.iskreni.net\/trgovina\/product\/calvin-in-hobbes-znanstveni-napredek-je-naredil-pok\/#primaryimage","url":"https:\/\/www.iskreni.net\/trgovina\/wp-content\/uploads\/2022\/10\/2-5.jpg","contentUrl":"https:\/\/www.iskreni.net\/trgovina\/wp-content\/uploads\/2022\/10\/2-5.jpg","width":600,"height":600},{"@type":"BreadcrumbList","@id":"https:\/\/www.iskreni.net\/trgovina\/product\/calvin-in-hobbes-znanstveni-napredek-je-naredil-pok\/#breadcrumb","itemListElement":[{"@type":"ListItem","position":1,"name":"Home","item":"https:\/\/www.iskreni.net\/trgovina\/"},{"@type":"ListItem","position":2,"name":"Trgovina","item":"https:\/\/www.iskreni.net\/trgovina\/trgovina\/"},{"@type":"ListItem","position":3,"name":"Calvin in Hobbes: Znanstveni napredek je naredil pok"}]},{"@type":"WebSite","@id":"https:\/\/www.iskreni.net\/trgovina\/#website","url":"https:\/\/www.iskreni.net\/trgovina\/","name":"Zavod Iskreni","description":"trgovina","potentialAction":[{"@type":"SearchAction","target":{"@type":"EntryPoint","urlTemplate":"https:\/\/www.iskreni.net\/trgovina\/?s={search_term_string}"},"query-input":{"@type":"PropertyValueSpecification","valueRequired":true,"valueName":"search_term_string"}}],"inLanguage":"sl-SI"}]}},"_links":{"self":[{"href":"https:\/\/www.iskreni.net\/trgovina\/wp-json\/wp\/v2\/product\/59755","targetHints":{"allow":["GET"]}}],"collection":[{"href":"https:\/\/www.iskreni.net\/trgovina\/wp-json\/wp\/v2\/product"}],"about":[{"href":"https:\/\/www.iskreni.net\/trgovina\/wp-json\/wp\/v2\/types\/product"}],"replies":[{"embeddable":true,"href":"https:\/\/www.iskreni.net\/trgovina\/wp-json\/wp\/v2\/comments?post=59755"}],"version-history":[{"count":3,"href":"https:\/\/www.iskreni.net\/trgovina\/wp-json\/wp\/v2\/product\/59755\/revisions"}],"predecessor-version":[{"id":72656,"href":"https:\/\/www.iskreni.net\/trgovina\/wp-json\/wp\/v2\/product\/59755\/revisions\/72656"}],"wp:featuredmedia":[{"embeddable":true,"href":"https:\/\/www.iskreni.net\/trgovina\/wp-json\/wp\/v2\/media\/59716"}],"wp:attachment":[{"href":"https:\/\/www.iskreni.net\/trgovina\/wp-json\/wp\/v2\/media?parent=59755"}],"wp:term":[{"taxonomy":"product_brand","embeddable":true,"href":"https:\/\/www.iskreni.net\/trgovina\/wp-json\/wp\/v2\/product_brand?post=59755"},{"taxonomy":"product_cat","embeddable":true,"href":"https:\/\/www.iskreni.net\/trgovina\/wp-json\/wp\/v2\/product_cat?post=59755"},{"taxonomy":"product_tag","embeddable":true,"href":"https:\/\/www.iskreni.net\/trgovina\/wp-json\/wp\/v2\/product_tag?post=59755"},{"taxonomy":"avtor","embeddable":true,"href":"https:\/\/www.iskreni.net\/trgovina\/wp-json\/wp\/v2\/avtor?post=59755"},{"taxonomy":"zalozba","embeddable":true,"href":"https:\/\/www.iskreni.net\/trgovina\/wp-json\/wp\/v2\/zalozba?post=59755"},{"taxonomy":"vezava","embeddable":true,"href":"https:\/\/www.iskreni.net\/trgovina\/wp-json\/wp\/v2\/vezava?post=59755"}],"curies":[{"name":"wp","href":"https:\/\/api.w.org\/{rel}","templated":true}]}}