{"id":59373,"date":"2022-10-11T15:01:59","date_gmt":"2022-10-11T13:01:59","guid":{"rendered":"https:\/\/www.iskreni.net\/trgovina\/?post_type=product&#038;p=59373"},"modified":"2025-11-28T11:03:35","modified_gmt":"2025-11-28T10:03:35","slug":"adamovo-rebro","status":"publish","type":"product","link":"https:\/\/www.iskreni.net\/trgovina\/product\/adamovo-rebro\/","title":{"rendered":"Adamovo rebro"},"content":{"rendered":"<h3><strong>O knjigi:<\/strong><\/h3>\n<p>Ko se Adam po stvarjenju sprehaja po raju in raziskuje vse \u017eivo in ne\u017eivo, Bog opazi, da mu nekaj manjka. Ustvari Evo, ki se z Adamom odpravi na pustolov\u0161\u010dino skozi \u010dlove\u0161ko zgodovino. Skupaj opazujeta, raziskujeta in ustvarjata. V\u010dasih se veselita, v\u010dasih jezita, v\u010dasih ne razumeta, v\u010dasih pa razumeta \u0161e celo bolje kot tisti, ki mislijo, da razumejo.<\/p>\n<p>Le kaj bi si mislila, \u010de bi se danes zna\u0161la med nami?<\/p>\n<p>&nbsp;<\/p>\n<h3><strong>O avtorju:<\/strong><\/h3>\n<p>Gilbert Le Mou\u00ebl je duhovni pisatelj, ki s pomo\u010djo umetni\u0161ke besede aktualizira kr\u0161\u010danske, predvsem svetopisemske teme.<\/p>\n<p>&nbsp;<\/p>\n<h3><strong>Mnenje o knjigi:<\/strong><\/h3>\n<p><em>Zgodba o Adamu in Evi je stara kot svet, zato ni \u010dudno, da nam je \u017ee dolgo\u010dasna. In priznam, da sem se, ko mi je pri\u0161lo pod roke &#8216;Adamovo rebro&#8217;, pripravil na zehanje. In \u010de mi avtor ne bi bil poznan (in ljub) zaradi &#8216;Boga v metroju&#8217;, ne vem, \u010de bi se sploh lotil branja. Potem pa sem ostal odprtih ust. Ne zaradi zehanja, prav nasprotno! Mojstrsko, duhovito in ne\u017eno nas Gilbert le Mou\u00ebl \u2013 v prav tako mojstrskem, duhovitem in ne\u017enem prevodu Tadeje Petrov\u010di\u010d Jerina \u2013 popelje od Raja vse do dana\u0161njih dni. In moje &#8216;rebro&#8217;, ki se mi je pridru\u017eilo pri branju, me je od strani do strani suvalo pod rebra, \u010de\u0161: \u00bbTo\u010dno tako!\u00ab<\/em><\/p>\n<p>(Gregor \u010cu\u0161in, dramski igralec)<\/p>\n<p>&nbsp;<\/p>\n<h3><strong>Odlomek iz knjige:<\/strong><\/h3>\n<p><em>Moj Bog, kako je bilo l\u00e9po,<\/em><br \/>\n<em>to bitje!<\/em><br \/>\n<em>Adam se mu je pribli\u017eal,<\/em><br \/>\n<em>malo v zadregi,<\/em><br \/>\n<em>plaho,<\/em><br \/>\n<em>kakor najstnik<\/em><br \/>\n<em>ljubki deklici,<\/em><br \/>\n<em>ki jo sre\u010da prvi\u010d.<\/em><\/p>\n<p><em>Bitje se mu je nasmehnilo.<\/em><br \/>\n<em>In Adam je ob tem zavrisnil,<\/em><br \/>\n<em>veselo zavrisnil<\/em><br \/>\n<em>glasen \u00bbjuhu\u00ab,<\/em><br \/>\n<em>kakor kak kavboj<\/em><br \/>\n<em>iz ameri\u0161kega vesterna.<\/em><br \/>\n<em>V istem hipu je za\u010dutil,<\/em><br \/>\n<em>da mu srce v prsih<\/em><br \/>\n<em>utripa kot noro.<\/em><br \/>\n<em>Le kaj se dogaja z njim?<\/em><br \/>\n<em>Trsi, misle\u010di trsi,<\/em><br \/>\n<em>so dobro vedeli, kaj.<\/em><br \/>\n<em>Vendar niso niti \u010drhnili,<\/em><br \/>\n<em>ampak v jutranji vetri\u010d<\/em><br \/>\n<em>neprizadeto mrmrali svojo pesem.<\/em><\/p>\n","protected":false},"excerpt":{"rendered":"<p><span style=\"font-size: 14pt;\"><em><strong>Adamovo rebro: zgodba Adama in Eve v sodobni preobleki. <\/strong><\/em><\/span><\/p>\n<p><strong>Avtor:<\/strong> Gilbert Le Mou\u00ebl<br \/>\n<strong>Prevod:<\/strong> Tadeja Petrov\u010di\u010d Jerina<br \/>\n<strong>Ilustracije:<\/strong> Evgenija Jarc Zaletel<br \/>\n<strong>Leto izdaje:<\/strong> 2022<br \/>\n<strong>Zalo\u017eba:<\/strong> Zavod Iskreni<br \/>\n<strong>\u0160tevilo strani:<\/strong> 147<strong><br \/>\n<\/strong><strong>Mere: <\/strong>160 x 220 mm<br \/>\n<strong>Vezava:\u00a0<\/strong>trda<\/p>\n<p><strong><span style=\"font-size: 14pt;\"><a href=\"https:\/\/www.iskreni.net\/trgovina\/wp-content\/uploads\/2022\/03\/adamovo-rebro-okt-2022-predogled.pdf\" target=\"_blank\" rel=\"noopener\">Prelistaj knjigo<\/a><\/span><\/strong><\/p>\n","protected":false},"featured_media":59377,"comment_status":"open","ping_status":"closed","template":"","meta":[],"product_brand":[],"product_cat":[1430,63],"product_tag":[390,1429],"avtor":[],"zalozba":[],"vezava":[],"class_list":{"0":"post-59373","1":"product","2":"type-product","3":"status-publish","4":"has-post-thumbnail","6":"product_cat-iz-nase-zalozbe","7":"product_cat-knjige","8":"product_tag-sveto-pismo","9":"product_tag-zavod-iskreni","11":"first","12":"instock","13":"taxable","14":"shipping-taxable","15":"purchasable","16":"product-type-simple"},"yoast_head":"<!-- This site is optimized with the Yoast SEO plugin v26.3 - https:\/\/yoast.com\/wordpress\/plugins\/seo\/ -->\n<title>Adamovo rebro - Gilbert le Mou\u00ebl - Iskreni<\/title>\n<meta name=\"description\" content=\"Zgodba Adama in Eve v moderni preobleki. Le kaj bi si mislila, \u010de bi se danes zna\u0161la med nami? Noro, kako sta nam podobna!\" \/>\n<meta name=\"robots\" content=\"index, follow, max-snippet:-1, max-image-preview:large, max-video-preview:-1\" \/>\n<link rel=\"canonical\" href=\"https:\/\/www.iskreni.net\/trgovina\/product\/adamovo-rebro\/\" \/>\n<meta property=\"og:locale\" content=\"sl_SI\" \/>\n<meta property=\"og:type\" content=\"article\" \/>\n<meta property=\"og:title\" content=\"Adamovo rebro - Gilbert le Mou\u00ebl - Iskreni\" \/>\n<meta property=\"og:description\" content=\"Zgodba Adama in Eve v moderni preobleki. Le kaj bi si mislila, \u010de bi se danes zna\u0161la med nami? Noro, kako sta nam podobna!\" \/>\n<meta property=\"og:url\" content=\"https:\/\/www.iskreni.net\/trgovina\/product\/adamovo-rebro\/\" \/>\n<meta property=\"og:site_name\" content=\"Zavod Iskreni\" \/>\n<meta property=\"article:modified_time\" content=\"2025-11-28T10:03:35+00:00\" \/>\n<meta property=\"og:image\" content=\"https:\/\/www.iskreni.net\/trgovina\/wp-content\/uploads\/2022\/10\/Adamovo-rebro-3d-1-1024x1024.png\" \/>\n\t<meta property=\"og:image:width\" content=\"1024\" \/>\n\t<meta property=\"og:image:height\" content=\"1024\" \/>\n\t<meta property=\"og:image:type\" content=\"image\/png\" \/>\n<meta name=\"twitter:card\" content=\"summary_large_image\" \/>\n<meta name=\"twitter:label1\" content=\"Est. reading time\" \/>\n\t<meta name=\"twitter:data1\" content=\"2 minuti\" \/>\n<script type=\"application\/ld+json\" class=\"yoast-schema-graph\">{\"@context\":\"https:\/\/schema.org\",\"@graph\":[{\"@type\":\"WebPage\",\"@id\":\"https:\/\/www.iskreni.net\/trgovina\/product\/adamovo-rebro\/\",\"url\":\"https:\/\/www.iskreni.net\/trgovina\/product\/adamovo-rebro\/\",\"name\":\"Adamovo rebro - Gilbert le Mou\u00ebl - Iskreni\",\"isPartOf\":{\"@id\":\"https:\/\/www.iskreni.net\/trgovina\/#website\"},\"primaryImageOfPage\":{\"@id\":\"https:\/\/www.iskreni.net\/trgovina\/product\/adamovo-rebro\/#primaryimage\"},\"image\":{\"@id\":\"https:\/\/www.iskreni.net\/trgovina\/product\/adamovo-rebro\/#primaryimage\"},\"thumbnailUrl\":\"https:\/\/www.iskreni.net\/trgovina\/wp-content\/uploads\/2022\/10\/Adamovo-rebro-3d-1.png\",\"datePublished\":\"2022-10-11T13:01:59+00:00\",\"dateModified\":\"2025-11-28T10:03:35+00:00\",\"description\":\"Zgodba Adama in Eve v moderni preobleki. Le kaj bi si mislila, \u010de bi se danes zna\u0161la med nami? Noro, kako sta nam podobna!\",\"breadcrumb\":{\"@id\":\"https:\/\/www.iskreni.net\/trgovina\/product\/adamovo-rebro\/#breadcrumb\"},\"inLanguage\":\"sl-SI\",\"potentialAction\":[{\"@type\":\"ReadAction\",\"target\":[\"https:\/\/www.iskreni.net\/trgovina\/product\/adamovo-rebro\/\"]}]},{\"@type\":\"ImageObject\",\"inLanguage\":\"sl-SI\",\"@id\":\"https:\/\/www.iskreni.net\/trgovina\/product\/adamovo-rebro\/#primaryimage\",\"url\":\"https:\/\/www.iskreni.net\/trgovina\/wp-content\/uploads\/2022\/10\/Adamovo-rebro-3d-1.png\",\"contentUrl\":\"https:\/\/www.iskreni.net\/trgovina\/wp-content\/uploads\/2022\/10\/Adamovo-rebro-3d-1.png\",\"width\":1424,\"height\":1424,\"caption\":\"Adamovo rebro\"},{\"@type\":\"BreadcrumbList\",\"@id\":\"https:\/\/www.iskreni.net\/trgovina\/product\/adamovo-rebro\/#breadcrumb\",\"itemListElement\":[{\"@type\":\"ListItem\",\"position\":1,\"name\":\"Home\",\"item\":\"https:\/\/www.iskreni.net\/trgovina\/\"},{\"@type\":\"ListItem\",\"position\":2,\"name\":\"Trgovina\",\"item\":\"https:\/\/www.iskreni.net\/trgovina\/trgovina\/\"},{\"@type\":\"ListItem\",\"position\":3,\"name\":\"Adamovo rebro\"}]},{\"@type\":\"WebSite\",\"@id\":\"https:\/\/www.iskreni.net\/trgovina\/#website\",\"url\":\"https:\/\/www.iskreni.net\/trgovina\/\",\"name\":\"Zavod Iskreni\",\"description\":\"trgovina\",\"potentialAction\":[{\"@type\":\"SearchAction\",\"target\":{\"@type\":\"EntryPoint\",\"urlTemplate\":\"https:\/\/www.iskreni.net\/trgovina\/?s={search_term_string}\"},\"query-input\":{\"@type\":\"PropertyValueSpecification\",\"valueRequired\":true,\"valueName\":\"search_term_string\"}}],\"inLanguage\":\"sl-SI\"}]}<\/script>\n<!-- \/ Yoast SEO plugin. -->","yoast_head_json":{"title":"Adamovo rebro - Gilbert le Mou\u00ebl - Iskreni","description":"Zgodba Adama in Eve v moderni preobleki. Le kaj bi si mislila, \u010de bi se danes zna\u0161la med nami? Noro, kako sta nam podobna!","robots":{"index":"index","follow":"follow","max-snippet":"max-snippet:-1","max-image-preview":"max-image-preview:large","max-video-preview":"max-video-preview:-1"},"canonical":"https:\/\/www.iskreni.net\/trgovina\/product\/adamovo-rebro\/","og_locale":"sl_SI","og_type":"article","og_title":"Adamovo rebro - Gilbert le Mou\u00ebl - Iskreni","og_description":"Zgodba Adama in Eve v moderni preobleki. Le kaj bi si mislila, \u010de bi se danes zna\u0161la med nami? Noro, kako sta nam podobna!","og_url":"https:\/\/www.iskreni.net\/trgovina\/product\/adamovo-rebro\/","og_site_name":"Zavod Iskreni","article_modified_time":"2025-11-28T10:03:35+00:00","og_image":[{"width":1024,"height":1024,"url":"https:\/\/www.iskreni.net\/trgovina\/wp-content\/uploads\/2022\/10\/Adamovo-rebro-3d-1-1024x1024.png","type":"image\/png"}],"twitter_card":"summary_large_image","twitter_misc":{"Est. reading time":"2 minuti"},"schema":{"@context":"https:\/\/schema.org","@graph":[{"@type":"WebPage","@id":"https:\/\/www.iskreni.net\/trgovina\/product\/adamovo-rebro\/","url":"https:\/\/www.iskreni.net\/trgovina\/product\/adamovo-rebro\/","name":"Adamovo rebro - Gilbert le Mou\u00ebl - Iskreni","isPartOf":{"@id":"https:\/\/www.iskreni.net\/trgovina\/#website"},"primaryImageOfPage":{"@id":"https:\/\/www.iskreni.net\/trgovina\/product\/adamovo-rebro\/#primaryimage"},"image":{"@id":"https:\/\/www.iskreni.net\/trgovina\/product\/adamovo-rebro\/#primaryimage"},"thumbnailUrl":"https:\/\/www.iskreni.net\/trgovina\/wp-content\/uploads\/2022\/10\/Adamovo-rebro-3d-1.png","datePublished":"2022-10-11T13:01:59+00:00","dateModified":"2025-11-28T10:03:35+00:00","description":"Zgodba Adama in Eve v moderni preobleki. Le kaj bi si mislila, \u010de bi se danes zna\u0161la med nami? Noro, kako sta nam podobna!","breadcrumb":{"@id":"https:\/\/www.iskreni.net\/trgovina\/product\/adamovo-rebro\/#breadcrumb"},"inLanguage":"sl-SI","potentialAction":[{"@type":"ReadAction","target":["https:\/\/www.iskreni.net\/trgovina\/product\/adamovo-rebro\/"]}]},{"@type":"ImageObject","inLanguage":"sl-SI","@id":"https:\/\/www.iskreni.net\/trgovina\/product\/adamovo-rebro\/#primaryimage","url":"https:\/\/www.iskreni.net\/trgovina\/wp-content\/uploads\/2022\/10\/Adamovo-rebro-3d-1.png","contentUrl":"https:\/\/www.iskreni.net\/trgovina\/wp-content\/uploads\/2022\/10\/Adamovo-rebro-3d-1.png","width":1424,"height":1424,"caption":"Adamovo rebro"},{"@type":"BreadcrumbList","@id":"https:\/\/www.iskreni.net\/trgovina\/product\/adamovo-rebro\/#breadcrumb","itemListElement":[{"@type":"ListItem","position":1,"name":"Home","item":"https:\/\/www.iskreni.net\/trgovina\/"},{"@type":"ListItem","position":2,"name":"Trgovina","item":"https:\/\/www.iskreni.net\/trgovina\/trgovina\/"},{"@type":"ListItem","position":3,"name":"Adamovo rebro"}]},{"@type":"WebSite","@id":"https:\/\/www.iskreni.net\/trgovina\/#website","url":"https:\/\/www.iskreni.net\/trgovina\/","name":"Zavod Iskreni","description":"trgovina","potentialAction":[{"@type":"SearchAction","target":{"@type":"EntryPoint","urlTemplate":"https:\/\/www.iskreni.net\/trgovina\/?s={search_term_string}"},"query-input":{"@type":"PropertyValueSpecification","valueRequired":true,"valueName":"search_term_string"}}],"inLanguage":"sl-SI"}]}},"_links":{"self":[{"href":"https:\/\/www.iskreni.net\/trgovina\/wp-json\/wp\/v2\/product\/59373","targetHints":{"allow":["GET"]}}],"collection":[{"href":"https:\/\/www.iskreni.net\/trgovina\/wp-json\/wp\/v2\/product"}],"about":[{"href":"https:\/\/www.iskreni.net\/trgovina\/wp-json\/wp\/v2\/types\/product"}],"replies":[{"embeddable":true,"href":"https:\/\/www.iskreni.net\/trgovina\/wp-json\/wp\/v2\/comments?post=59373"}],"version-history":[{"count":24,"href":"https:\/\/www.iskreni.net\/trgovina\/wp-json\/wp\/v2\/product\/59373\/revisions"}],"predecessor-version":[{"id":60165,"href":"https:\/\/www.iskreni.net\/trgovina\/wp-json\/wp\/v2\/product\/59373\/revisions\/60165"}],"wp:featuredmedia":[{"embeddable":true,"href":"https:\/\/www.iskreni.net\/trgovina\/wp-json\/wp\/v2\/media\/59377"}],"wp:attachment":[{"href":"https:\/\/www.iskreni.net\/trgovina\/wp-json\/wp\/v2\/media?parent=59373"}],"wp:term":[{"taxonomy":"product_brand","embeddable":true,"href":"https:\/\/www.iskreni.net\/trgovina\/wp-json\/wp\/v2\/product_brand?post=59373"},{"taxonomy":"product_cat","embeddable":true,"href":"https:\/\/www.iskreni.net\/trgovina\/wp-json\/wp\/v2\/product_cat?post=59373"},{"taxonomy":"product_tag","embeddable":true,"href":"https:\/\/www.iskreni.net\/trgovina\/wp-json\/wp\/v2\/product_tag?post=59373"},{"taxonomy":"avtor","embeddable":true,"href":"https:\/\/www.iskreni.net\/trgovina\/wp-json\/wp\/v2\/avtor?post=59373"},{"taxonomy":"zalozba","embeddable":true,"href":"https:\/\/www.iskreni.net\/trgovina\/wp-json\/wp\/v2\/zalozba?post=59373"},{"taxonomy":"vezava","embeddable":true,"href":"https:\/\/www.iskreni.net\/trgovina\/wp-json\/wp\/v2\/vezava?post=59373"}],"curies":[{"name":"wp","href":"https:\/\/api.w.org\/{rel}","templated":true}]}}